{"id":5762,"date":"2020-02-23T13:46:30","date_gmt":"2020-02-23T12:46:30","guid":{"rendered":"https:\/\/www.salzburgerland.com\/pl\/?p=5762"},"modified":"2024-05-19T15:26:52","modified_gmt":"2024-05-19T13:26:52","slug":"gastein-lato","status":"publish","type":"entity","link":"https:\/\/www.salzburgerland.com\/pl\/gastein-lato\/","title":{"rendered":"Lato w Gastein"},"content":{"rendered":"","protected":false},"excerpt":{"rendered":"","protected":false},"author":4,"featured_media":16283,"comment_status":"closed","ping_status":"closed","template":"","meta":{"_acf_changed":false,"wl_entities_gutenberg":"","_relevanssi_hide_post":"","_relevanssi_hide_content":"","_relevanssi_pin_for_all":"","_relevanssi_pin_keywords":"","_relevanssi_unpin_keywords":"","_relevanssi_related_keywords":"","_relevanssi_related_include_ids":"","_relevanssi_related_exclude_ids":"","_relevanssi_related_no_append":"","_relevanssi_related_not_related":"","_relevanssi_related_posts":"","_relevanssi_noindex_reason":"","footnotes":""},"categories":[1],"tags":[218,236,102,88,317,216,149],"wl_entity_type":[2],"class_list":["post-5762","entity","type-entity","status-publish","has-post-thumbnail","hentry","category-uncategorized","tag-alpejskie-bacowki","tag-alpejskie-hale","tag-imprezy-kulturalne","tag-jazz","tag-joga-w-alpach","tag-szlaki-wedrowne","tag-wedrowki","wl_entity_type-thing","sitetype-theme"],"acf":[],"yoast_head":"<!-- This site is optimized with the Yoast SEO Premium plugin v27.4 (Yoast SEO v27.4) - https:\/\/yoast.com\/product\/yoast-seo-premium-wordpress\/ -->\n<title>Lato w Gastein \u00bb Spa i turystyka piesza<\/title>\n<meta name=\"description\" content=\"Gastein zaprasza latem na pi\u0119kne szlaki w\u0119drowne, do alpejskich bac\u00f3wek, na uprawianie jogi, na regionalne specja\u0142y oraz do term na SPA.\" \/>\n<meta name=\"robots\" content=\"index, follow, max-snippet:-1, max-image-preview:large, max-video-preview:-1\" \/>\n<link rel=\"canonical\" href=\"https:\/\/www.salzburgerland.com\/pl\/gastein-lato\/\" \/>\n<meta property=\"og:locale\" content=\"pl_PL\" \/>\n<meta property=\"og:type\" content=\"article\" \/>\n<meta property=\"og:title\" content=\"Lato w Gastein\" \/>\n<meta property=\"og:url\" content=\"https:\/\/www.salzburgerland.com\/pl\/gastein-lato\/\" \/>\n<meta property=\"og:site_name\" content=\"SalzburgerLand.com\" \/>\n<meta property=\"article:publisher\" content=\"https:\/\/www.facebook.com\/visitsalzburgerland\/\" \/>\n<meta property=\"article:modified_time\" content=\"2024-05-19T13:26:52+00:00\" \/>\n<meta property=\"og:image\" content=\"https:\/\/www.salzburgerland.com\/pl\/wp-content\/uploads\/2020\/02\/kurpark-bad-hofgastein-sommer-harfe-c-gasteinertal-tourismus-gmbh-11-web-1200x675.jpg\" \/>\n\t<meta property=\"og:image:width\" content=\"1200\" \/>\n\t<meta property=\"og:image:height\" content=\"675\" \/>\n\t<meta property=\"og:image:type\" content=\"image\/jpeg\" \/>\n<meta name=\"twitter:card\" content=\"summary_large_image\" \/>\n<meta name=\"twitter:site\" content=\"@salzburgerland\" \/>\n<meta name=\"twitter:label1\" content=\"Szacowany czas czytania\" \/>\n\t<meta name=\"twitter:data1\" content=\"1 minuta\" \/>\n<script type=\"application\/ld+json\" class=\"yoast-schema-graph\">{\"@context\":\"https:\\\/\\\/schema.org\",\"@graph\":[{\"@type\":\"WebPage\",\"@id\":\"https:\\\/\\\/www.salzburgerland.com\\\/pl\\\/gastein-lato\\\/\",\"url\":\"https:\\\/\\\/www.salzburgerland.com\\\/pl\\\/gastein-lato\\\/\",\"name\":\"Lato w Gastein \u00bb Spa i turystyka piesza\",\"isPartOf\":{\"@id\":\"https:\\\/\\\/www.salzburgerland.com\\\/pl\\\/#website\"},\"primaryImageOfPage\":{\"@id\":\"https:\\\/\\\/www.salzburgerland.com\\\/pl\\\/gastein-lato\\\/#primaryimage\"},\"image\":{\"@id\":\"https:\\\/\\\/www.salzburgerland.com\\\/pl\\\/gastein-lato\\\/#primaryimage\"},\"thumbnailUrl\":\"https:\\\/\\\/www.salzburgerland.com\\\/pl\\\/wp-content\\\/uploads\\\/2020\\\/02\\\/kurpark-bad-hofgastein-sommer-harfe-c-gasteinertal-tourismus-gmbh-11-web.jpg\",\"datePublished\":\"2020-02-23T12:46:30+00:00\",\"dateModified\":\"2024-05-19T13:26:52+00:00\",\"description\":\"Gastein zaprasza latem na pi\u0119kne szlaki w\u0119drowne, do alpejskich bac\u00f3wek, na uprawianie jogi, na regionalne specja\u0142y oraz do term na SPA.\",\"inLanguage\":\"pl-PL\",\"potentialAction\":[{\"@type\":\"ReadAction\",\"target\":[\"https:\\\/\\\/www.salzburgerland.com\\\/pl\\\/gastein-lato\\\/\"]}]},{\"@type\":\"ImageObject\",\"inLanguage\":\"pl-PL\",\"@id\":\"https:\\\/\\\/www.salzburgerland.com\\\/pl\\\/gastein-lato\\\/#primaryimage\",\"url\":\"https:\\\/\\\/www.salzburgerland.com\\\/pl\\\/wp-content\\\/uploads\\\/2020\\\/02\\\/kurpark-bad-hofgastein-sommer-harfe-c-gasteinertal-tourismus-gmbh-11-web.jpg\",\"contentUrl\":\"https:\\\/\\\/www.salzburgerland.com\\\/pl\\\/wp-content\\\/uploads\\\/2020\\\/02\\\/kurpark-bad-hofgastein-sommer-harfe-c-gasteinertal-tourismus-gmbh-11-web.jpg\",\"width\":1840,\"height\":1228,\"caption\":\"Park zdrojowy w kurorcie Bad Hofgastein, a w nim rze\u017aba harfistki \u00a9 Gasteinertal Tourismus GmbH Manuel Marktl\"},{\"@type\":\"WebSite\",\"@id\":\"https:\\\/\\\/www.salzburgerland.com\\\/pl\\\/#website\",\"url\":\"https:\\\/\\\/www.salzburgerland.com\\\/pl\\\/\",\"name\":\"SalzburgerLand.com\",\"description\":\"Urlop Salzburg : hotele : turystyka Ziemia Salzburska : kultura : rodzinny urlop Ziemia Salzburska : informacja turystyczna : noclegi Austria : aktywny wypoczynek\",\"potentialAction\":[{\"@type\":\"SearchAction\",\"target\":{\"@type\":\"EntryPoint\",\"urlTemplate\":\"https:\\\/\\\/www.salzburgerland.com\\\/pl\\\/?s={search_term_string}\"},\"query-input\":{\"@type\":\"PropertyValueSpecification\",\"valueRequired\":true,\"valueName\":\"search_term_string\"}}],\"inLanguage\":\"pl-PL\"}]}<\/script>\n<!-- \/ Yoast SEO Premium plugin. -->","yoast_head_json":{"title":"Lato w Gastein \u00bb Spa i turystyka piesza","description":"Gastein zaprasza latem na pi\u0119kne szlaki w\u0119drowne, do alpejskich bac\u00f3wek, na uprawianie jogi, na regionalne specja\u0142y oraz do term na SPA.","robots":{"index":"index","follow":"follow","max-snippet":"max-snippet:-1","max-image-preview":"max-image-preview:large","max-video-preview":"max-video-preview:-1"},"canonical":"https:\/\/www.salzburgerland.com\/pl\/gastein-lato\/","og_locale":"pl_PL","og_type":"article","og_title":"Lato w Gastein","og_url":"https:\/\/www.salzburgerland.com\/pl\/gastein-lato\/","og_site_name":"SalzburgerLand.com","article_publisher":"https:\/\/www.facebook.com\/visitsalzburgerland\/","article_modified_time":"2024-05-19T13:26:52+00:00","og_image":[{"width":1200,"height":675,"url":"https:\/\/www.salzburgerland.com\/pl\/wp-content\/uploads\/2020\/02\/kurpark-bad-hofgastein-sommer-harfe-c-gasteinertal-tourismus-gmbh-11-web-1200x675.jpg","type":"image\/jpeg"}],"twitter_card":"summary_large_image","twitter_site":"@salzburgerland","twitter_misc":{"Szacowany czas czytania":"1 minuta"},"schema":{"@context":"https:\/\/schema.org","@graph":[{"@type":"WebPage","@id":"https:\/\/www.salzburgerland.com\/pl\/gastein-lato\/","url":"https:\/\/www.salzburgerland.com\/pl\/gastein-lato\/","name":"Lato w Gastein \u00bb Spa i turystyka piesza","isPartOf":{"@id":"https:\/\/www.salzburgerland.com\/pl\/#website"},"primaryImageOfPage":{"@id":"https:\/\/www.salzburgerland.com\/pl\/gastein-lato\/#primaryimage"},"image":{"@id":"https:\/\/www.salzburgerland.com\/pl\/gastein-lato\/#primaryimage"},"thumbnailUrl":"https:\/\/www.salzburgerland.com\/pl\/wp-content\/uploads\/2020\/02\/kurpark-bad-hofgastein-sommer-harfe-c-gasteinertal-tourismus-gmbh-11-web.jpg","datePublished":"2020-02-23T12:46:30+00:00","dateModified":"2024-05-19T13:26:52+00:00","description":"Gastein zaprasza latem na pi\u0119kne szlaki w\u0119drowne, do alpejskich bac\u00f3wek, na uprawianie jogi, na regionalne specja\u0142y oraz do term na SPA.","inLanguage":"pl-PL","potentialAction":[{"@type":"ReadAction","target":["https:\/\/www.salzburgerland.com\/pl\/gastein-lato\/"]}]},{"@type":"ImageObject","inLanguage":"pl-PL","@id":"https:\/\/www.salzburgerland.com\/pl\/gastein-lato\/#primaryimage","url":"https:\/\/www.salzburgerland.com\/pl\/wp-content\/uploads\/2020\/02\/kurpark-bad-hofgastein-sommer-harfe-c-gasteinertal-tourismus-gmbh-11-web.jpg","contentUrl":"https:\/\/www.salzburgerland.com\/pl\/wp-content\/uploads\/2020\/02\/kurpark-bad-hofgastein-sommer-harfe-c-gasteinertal-tourismus-gmbh-11-web.jpg","width":1840,"height":1228,"caption":"Park zdrojowy w kurorcie Bad Hofgastein, a w nim rze\u017aba harfistki \u00a9 Gasteinertal Tourismus GmbH Manuel Marktl"},{"@type":"WebSite","@id":"https:\/\/www.salzburgerland.com\/pl\/#website","url":"https:\/\/www.salzburgerland.com\/pl\/","name":"SalzburgerLand.com","description":"Urlop Salzburg : hotele : turystyka Ziemia Salzburska : kultura : rodzinny urlop Ziemia Salzburska : informacja turystyczna : noclegi Austria : aktywny wypoczynek","potentialAction":[{"@type":"SearchAction","target":{"@type":"EntryPoint","urlTemplate":"https:\/\/www.salzburgerland.com\/pl\/?s={search_term_string}"},"query-input":{"@type":"PropertyValueSpecification","valueRequired":true,"valueName":"search_term_string"}}],"inLanguage":"pl-PL"}]}},"_wl_alt_label":[],"wl:entity_url":"http:\/\/open.salzburgerland.com\/pl\/post\/lato_w_gastein","_links":{"self":[{"href":"https:\/\/www.salzburgerland.com\/pl\/wp-json\/wp\/v2\/entities\/5762","targetHints":{"allow":["GET"]}}],"collection":[{"href":"https:\/\/www.salzburgerland.com\/pl\/wp-json\/wp\/v2\/entities"}],"about":[{"href":"https:\/\/www.salzburgerland.com\/pl\/wp-json\/wp\/v2\/types\/entity"}],"author":[{"embeddable":true,"href":"https:\/\/www.salzburgerland.com\/pl\/wp-json\/wp\/v2\/users\/4"}],"replies":[{"embeddable":true,"href":"https:\/\/www.salzburgerland.com\/pl\/wp-json\/wp\/v2\/comments?post=5762"}],"version-history":[{"count":5,"href":"https:\/\/www.salzburgerland.com\/pl\/wp-json\/wp\/v2\/entities\/5762\/revisions"}],"predecessor-version":[{"id":23562,"href":"https:\/\/www.salzburgerland.com\/pl\/wp-json\/wp\/v2\/entities\/5762\/revisions\/23562"}],"wp:featuredmedia":[{"embeddable":true,"href":"https:\/\/www.salzburgerland.com\/pl\/wp-json\/wp\/v2\/media\/16283"}],"wp:attachment":[{"href":"https:\/\/www.salzburgerland.com\/pl\/wp-json\/wp\/v2\/media?parent=5762"}],"wp:term":[{"taxonomy":"category","embeddable":true,"href":"https:\/\/www.salzburgerland.com\/pl\/wp-json\/wp\/v2\/categories?post=5762"},{"taxonomy":"post_tag","embeddable":true,"href":"https:\/\/www.salzburgerland.com\/pl\/wp-json\/wp\/v2\/tags?post=5762"},{"taxonomy":"wl_entity_type","embeddable":true,"href":"https:\/\/www.salzburgerland.com\/pl\/wp-json\/wp\/v2\/wl_entity_type?post=5762"}],"curies":[{"name":"wp","href":"https:\/\/api.w.org\/{rel}","templated":true}]}}

<!-- This site is optimized with the Yoast SEO Premium plugin v27.4 (Yoast SEO v27.4) - https://yoast.com/product/yoast-seo-premium-wordpress/ -->
<title>Lato w Gastein » Spa i turystyka piesza</title>
<meta name="description" content="Gastein zaprasza latem na piękne szlaki wędrowne, do alpejskich bacówek, na uprawianie jogi, na regionalne specjały oraz do term na SPA." />
<meta name="robots" content="index, follow, max-snippet:-1, max-image-preview:large, max-video-preview:-1" />
<link rel="canonical" href="https://www.salzburgerland.com/pl/gastein-lato/" />
<meta property="og:locale" content="pl_PL" />
<meta property="og:type" content="article" />
<meta property="og:title" content="Lato w Gastein" />
<meta property="og:url" content="https://www.salzburgerland.com/pl/gastein-lato/" />
<meta property="og:site_name" content="SalzburgerLand.com" />
<meta property="article:publisher" content="https://www.facebook.com/visitsalzburgerland/" />
<meta property="article:modified_time" content="2024-05-19T13:26:52+00:00" />
<meta property="og:image" content="https://www.salzburgerland.com/pl/wp-content/uploads/2020/02/kurpark-bad-hofgastein-sommer-harfe-c-gasteinertal-tourismus-gmbh-11-web-1200x675.jpg" />
	<meta property="og:image:width" content="1200" />
	<meta property="og:image:height" content="675" />
	<meta property="og:image:type" content="image/jpeg" />
<meta name="twitter:card" content="summary_large_image" />
<meta name="twitter:site" content="@salzburgerland" />
<meta name="twitter:label1" content="Szacowany czas czytania" />
	<meta name="twitter:data1" content="1 minuta" />
<script type="application/ld+json" class="yoast-schema-graph">{"@context":"https:\/\/schema.org","@graph":[{"@type":"WebPage","@id":"https:\/\/www.salzburgerland.com\/pl\/gastein-lato\/","url":"https:\/\/www.salzburgerland.com\/pl\/gastein-lato\/","name":"Lato w Gastein » Spa i turystyka piesza","isPartOf":{"@id":"https:\/\/www.salzburgerland.com\/pl\/#website"},"primaryImageOfPage":{"@id":"https:\/\/www.salzburgerland.com\/pl\/gastein-lato\/#primaryimage"},"image":{"@id":"https:\/\/www.salzburgerland.com\/pl\/gastein-lato\/#primaryimage"},"thumbnailUrl":"https:\/\/www.salzburgerland.com\/pl\/wp-content\/uploads\/2020\/02\/kurpark-bad-hofgastein-sommer-harfe-c-gasteinertal-tourismus-gmbh-11-web.jpg","datePublished":"2020-02-23T12:46:30+00:00","dateModified":"2024-05-19T13:26:52+00:00","description":"Gastein zaprasza latem na piękne szlaki wędrowne, do alpejskich bacówek, na uprawianie jogi, na regionalne specjały oraz do term na SPA.","inLanguage":"pl-PL","potentialAction":[{"@type":"ReadAction","target":["https:\/\/www.salzburgerland.com\/pl\/gastein-lato\/"]}]},{"@type":"ImageObject","inLanguage":"pl-PL","@id":"https:\/\/www.salzburgerland.com\/pl\/gastein-lato\/#primaryimage","url":"https:\/\/www.salzburgerland.com\/pl\/wp-content\/uploads\/2020\/02\/kurpark-bad-hofgastein-sommer-harfe-c-gasteinertal-tourismus-gmbh-11-web.jpg","contentUrl":"https:\/\/www.salzburgerland.com\/pl\/wp-content\/uploads\/2020\/02\/kurpark-bad-hofgastein-sommer-harfe-c-gasteinertal-tourismus-gmbh-11-web.jpg","width":1840,"height":1228,"caption":"Park zdrojowy w kurorcie Bad Hofgastein, a w nim rzeźba harfistki © Gasteinertal Tourismus GmbH Manuel Marktl"},{"@type":"WebSite","@id":"https:\/\/www.salzburgerland.com\/pl\/#website","url":"https:\/\/www.salzburgerland.com\/pl\/","name":"SalzburgerLand.com","description":"Urlop Salzburg : hotele : turystyka Ziemia Salzburska : kultura : rodzinny urlop Ziemia Salzburska : informacja turystyczna : noclegi Austria : aktywny wypoczynek","potentialAction":[{"@type":"SearchAction","target":{"@type":"EntryPoint","urlTemplate":"https:\/\/www.salzburgerland.com\/pl\/?s={search_term_string}"},"query-input":{"@type":"PropertyValueSpecification","valueRequired":true,"valueName":"search_term_string"}}],"inLanguage":"pl-PL"}]}</script>
<!-- / Yoast SEO Premium plugin. -->

Gastein zaprasza latem na piękne szlaki wędrowne, do alpejskich bacówek, na uprawianie jogi, na regionalne specjały oraz do term na SPA.

Park zdrojowy w kurorcie Bad Hofgastein, a w nim rzeźba harfistki © Gasteinertal Tourismus GmbH Manuel Marktl
