{"id":2739,"date":"2019-04-26T21:12:40","date_gmt":"2019-04-26T19:12:40","guid":{"rendered":"https:\/\/www.salzburgerland.com\/pl\/?p=2739"},"modified":"2024-09-21T22:12:14","modified_gmt":"2024-09-21T20:12:14","slug":"salzburski-saalachtal-lato","status":"publish","type":"entity","link":"https:\/\/www.salzburgerland.com\/pl\/salzburski-saalachtal-lato\/","title":{"rendered":"Lato w Salzburskim Saalachtalu"},"content":{"rendered":"<p><span>Kt\u00f3\u017c nie marzy o tym, by mie\u0107 wreszcie czas dla siebie i sp\u0119dzi\u0107 go bez stresu i po\u015bpiechu z rodzin\u0105? Ws\u0142ucha\u0107 si\u0119 w rytm natury, cieszy\u0107 ka\u017cdym dniem i z przyjmeno\u015bci\u0105 obserowowa\u0107, jak z rado\u015bci \u015bwiec\u0105 si\u0119 oczy naszych dzieci. Takie wakacje mo\u017cesz sp\u0119dzie\u0107 w <strong><a href=\"https:\/\/www.lofer.com\/en\/salzburger-saalachtal\/\" target=\"_blank\" rel=\"noopener noreferrer\">Salzburskim Saalachtalu<\/a><\/strong>! Region ten le\u017cy w okr\u0119gu Pinzgau, w miejscu gdzie spotykaj\u0105 si\u0119 granice trzech kraj\u00f3w zwi\u0105zkowych : Ziemi Salzburskiej, Tyrolu i Bawarii, a w jego sercu \u201eprzycupn\u0119\u0142y\u201d cztery malownicze kurorty wypoczynkowe: <a href=\"https:\/\/www.lofer.com\/en\/salzburger-saalachtal\/lofer\/\" target=\"_blank\" rel=\"noopener noreferrer\"><strong>Lofer<\/strong><\/a>,\u00a0<a href=\"https:\/\/www.lofer.com\/en\/salzburger-saalachtal\/unken\/\" target=\"_blank\" rel=\"noopener noreferrer\"><strong>Unken<\/strong><\/a>,\u00a0<a href=\"https:\/\/www.lofer.com\/en\/salzburger-saalachtal\/st.-martin\" target=\"_blank\" rel=\"noopener noreferrer\"><strong>St. Martin<\/strong><\/a> i\u00a0<a href=\"https:\/\/www.lofer.com\/en\/salzburger-saalachtal\/weissbach\/\" target=\"_blank\" rel=\"noopener noreferrer\"><strong>Wei\u00dfbach<\/strong><\/a><\/span><span>.<\/span><\/p>\n","protected":false},"excerpt":{"rendered":"<p>Kt\u00f3\u017c nie marzy o tym, by mie\u0107 wreszcie czas dla siebie i sp\u0119dzi\u0107 go bez stresu i po\u015bpiechu z rodzin\u0105? Ws\u0142ucha\u0107 si\u0119 w rytm natury, cieszy\u0107 ka\u017cdym dniem i z przyjmeno\u015bci\u0105 obserowowa\u0107, jak z rado\u015bci \u015bwiec\u0105 si\u0119 oczy naszych dzieci. Takie wakacje mo\u017cesz sp\u0119dzie\u0107 w Salzburskim Saalachtalu! Region ten le\u017cy w okr\u0119gu Pinzgau, w miejscu [&hellip;]<\/p>\n","protected":false},"author":4,"featured_media":23947,"comment_status":"closed","ping_status":"closed","template":"","meta":{"_acf_changed":false,"wl_entities_gutenberg":"","_relevanssi_hide_post":"","_relevanssi_hide_content":"","_relevanssi_pin_for_all":"","_relevanssi_pin_keywords":"","_relevanssi_unpin_keywords":"","_relevanssi_related_keywords":"","_relevanssi_related_include_ids":"","_relevanssi_related_exclude_ids":"","_relevanssi_related_no_append":"","_relevanssi_related_not_related":"","_relevanssi_related_posts":"","_relevanssi_noindex_reason":"","footnotes":""},"categories":[1],"tags":[],"wl_entity_type":[2],"class_list":["post-2739","entity","type-entity","status-publish","has-post-thumbnail","hentry","category-uncategorized","wl_entity_type-thing","sitetype-theme"],"acf":[],"yoast_head":"<!-- This site is optimized with the Yoast SEO Premium plugin v27.4 (Yoast SEO v27.4) - https:\/\/yoast.com\/product\/yoast-seo-premium-wordpress\/ -->\n<title>Lato w Salzburskim Saalachtalu \u00bb SalzburgerLand.com<\/title>\n<meta name=\"robots\" content=\"index, follow, max-snippet:-1, max-image-preview:large, max-video-preview:-1\" \/>\n<link rel=\"canonical\" href=\"https:\/\/www.salzburgerland.com\/pl\/salzburski-saalachtal-lato\/\" \/>\n<meta property=\"og:locale\" content=\"pl_PL\" \/>\n<meta property=\"og:type\" content=\"article\" \/>\n<meta property=\"og:title\" content=\"Lato w Salzburskim Saalachtalu\" \/>\n<meta property=\"og:description\" content=\"Kt\u00f3\u017c nie marzy o tym, by mie\u0107 wreszcie czas dla siebie i sp\u0119dzi\u0107 go bez stresu i po\u015bpiechu z rodzin\u0105? Ws\u0142ucha\u0107 si\u0119 w rytm natury, cieszy\u0107 ka\u017cdym dniem i z\" \/>\n<meta property=\"og:url\" content=\"https:\/\/www.salzburgerland.com\/pl\/salzburski-saalachtal-lato\/\" \/>\n<meta property=\"og:site_name\" content=\"SalzburgerLand.com\" \/>\n<meta property=\"article:publisher\" content=\"https:\/\/www.facebook.com\/visitsalzburgerland\/\" \/>\n<meta property=\"article:modified_time\" content=\"2024-09-21T20:12:14+00:00\" \/>\n<meta property=\"og:image\" content=\"https:\/\/www.salzburgerland.com\/pl\/wp-content\/uploads\/2019\/04\/familie-rafting-c-base-camp-urheber-auer-caro-1200x675.jpg\" \/>\n\t<meta property=\"og:image:width\" content=\"1200\" \/>\n\t<meta property=\"og:image:height\" content=\"675\" \/>\n\t<meta property=\"og:image:type\" content=\"image\/jpeg\" \/>\n<meta name=\"twitter:card\" content=\"summary_large_image\" \/>\n<meta name=\"twitter:site\" content=\"@salzburgerland\" \/>\n<meta name=\"twitter:label1\" content=\"Szacowany czas czytania\" \/>\n\t<meta name=\"twitter:data1\" content=\"2 minuty\" \/>\n<script type=\"application\/ld+json\" class=\"yoast-schema-graph\">{\"@context\":\"https:\\\/\\\/schema.org\",\"@graph\":[{\"@type\":\"WebPage\",\"@id\":\"https:\\\/\\\/www.salzburgerland.com\\\/pl\\\/salzburski-saalachtal-lato\\\/\",\"url\":\"https:\\\/\\\/www.salzburgerland.com\\\/pl\\\/salzburski-saalachtal-lato\\\/\",\"name\":\"Lato w Salzburskim Saalachtalu \u00bb SalzburgerLand.com\",\"isPartOf\":{\"@id\":\"https:\\\/\\\/www.salzburgerland.com\\\/pl\\\/#website\"},\"primaryImageOfPage\":{\"@id\":\"https:\\\/\\\/www.salzburgerland.com\\\/pl\\\/salzburski-saalachtal-lato\\\/#primaryimage\"},\"image\":{\"@id\":\"https:\\\/\\\/www.salzburgerland.com\\\/pl\\\/salzburski-saalachtal-lato\\\/#primaryimage\"},\"thumbnailUrl\":\"https:\\\/\\\/www.salzburgerland.com\\\/pl\\\/wp-content\\\/uploads\\\/2019\\\/04\\\/familie-rafting-c-base-camp-urheber-auer-caro.jpg\",\"datePublished\":\"2019-04-26T19:12:40+00:00\",\"dateModified\":\"2024-09-21T20:12:14+00:00\",\"description\":\"Wakacyjny raj dla rodzin z dze\u0107mi, sympatyk\u00f3w turystyki pieszej, jazdy na e-rowerach, os\u00f3b spragnionych kontaktu z przyrod\u0105 i mi\u0142o\u015bnik\u00f3w wody.\",\"inLanguage\":\"pl-PL\",\"potentialAction\":[{\"@type\":\"ReadAction\",\"target\":[\"https:\\\/\\\/www.salzburgerland.com\\\/pl\\\/salzburski-saalachtal-lato\\\/\"]}]},{\"@type\":\"ImageObject\",\"inLanguage\":\"pl-PL\",\"@id\":\"https:\\\/\\\/www.salzburgerland.com\\\/pl\\\/salzburski-saalachtal-lato\\\/#primaryimage\",\"url\":\"https:\\\/\\\/www.salzburgerland.com\\\/pl\\\/wp-content\\\/uploads\\\/2019\\\/04\\\/familie-rafting-c-base-camp-urheber-auer-caro.jpg\",\"contentUrl\":\"https:\\\/\\\/www.salzburgerland.com\\\/pl\\\/wp-content\\\/uploads\\\/2019\\\/04\\\/familie-rafting-c-base-camp-urheber-auer-caro.jpg\",\"width\":2560,\"height\":1707,\"caption\":\"Rodzinny rafting na rw\u0105cych przekach w Salzburskim Saalachtalu \u00a9 Base Camp, Auer Caro\"},{\"@type\":\"WebSite\",\"@id\":\"https:\\\/\\\/www.salzburgerland.com\\\/pl\\\/#website\",\"url\":\"https:\\\/\\\/www.salzburgerland.com\\\/pl\\\/\",\"name\":\"SalzburgerLand.com\",\"description\":\"Urlop Salzburg : hotele : turystyka Ziemia Salzburska : kultura : rodzinny urlop Ziemia Salzburska : informacja turystyczna : noclegi Austria : aktywny wypoczynek\",\"potentialAction\":[{\"@type\":\"SearchAction\",\"target\":{\"@type\":\"EntryPoint\",\"urlTemplate\":\"https:\\\/\\\/www.salzburgerland.com\\\/pl\\\/?s={search_term_string}\"},\"query-input\":{\"@type\":\"PropertyValueSpecification\",\"valueRequired\":true,\"valueName\":\"search_term_string\"}}],\"inLanguage\":\"pl-PL\"}]}<\/script>\n<meta property=\"og:video\" content=\"https:\/\/www.youtube.com\/embed\/5IOsxAafOww\" \/>\n<meta property=\"og:video:type\" content=\"text\/html\" \/>\n<meta property=\"og:video:duration\" content=\"33\" \/>\n<meta property=\"og:video:width\" content=\"480\" \/>\n<meta property=\"og:video:height\" content=\"270\" \/>\n<meta property=\"ya:ovs:adult\" content=\"false\" \/>\n<meta property=\"ya:ovs:upload_date\" content=\"2019-04-26T19:12:40+00:00\" \/>\n<meta property=\"ya:ovs:allow_embed\" content=\"true\" \/>\n<!-- \/ Yoast SEO Premium plugin. -->","yoast_head_json":{"title":"Lato w Salzburskim Saalachtalu \u00bb SalzburgerLand.com","robots":{"index":"index","follow":"follow","max-snippet":"max-snippet:-1","max-image-preview":"max-image-preview:large","max-video-preview":"max-video-preview:-1"},"canonical":"https:\/\/www.salzburgerland.com\/pl\/salzburski-saalachtal-lato\/","og_locale":"pl_PL","og_type":"article","og_title":"Lato w Salzburskim Saalachtalu","og_description":"Kt\u00f3\u017c nie marzy o tym, by mie\u0107 wreszcie czas dla siebie i sp\u0119dzi\u0107 go bez stresu i po\u015bpiechu z rodzin\u0105? Ws\u0142ucha\u0107 si\u0119 w rytm natury, cieszy\u0107 ka\u017cdym dniem i z","og_url":"https:\/\/www.salzburgerland.com\/pl\/salzburski-saalachtal-lato\/","og_site_name":"SalzburgerLand.com","article_publisher":"https:\/\/www.facebook.com\/visitsalzburgerland\/","article_modified_time":"2024-09-21T20:12:14+00:00","og_image":[{"width":1200,"height":675,"url":"https:\/\/www.salzburgerland.com\/pl\/wp-content\/uploads\/2019\/04\/familie-rafting-c-base-camp-urheber-auer-caro-1200x675.jpg","type":"image\/jpeg"}],"twitter_card":"summary_large_image","twitter_site":"@salzburgerland","twitter_misc":{"Szacowany czas czytania":"2 minuty"},"schema":{"@context":"https:\/\/schema.org","@graph":[{"@type":"WebPage","@id":"https:\/\/www.salzburgerland.com\/pl\/salzburski-saalachtal-lato\/","url":"https:\/\/www.salzburgerland.com\/pl\/salzburski-saalachtal-lato\/","name":"Lato w Salzburskim Saalachtalu \u00bb SalzburgerLand.com","isPartOf":{"@id":"https:\/\/www.salzburgerland.com\/pl\/#website"},"primaryImageOfPage":{"@id":"https:\/\/www.salzburgerland.com\/pl\/salzburski-saalachtal-lato\/#primaryimage"},"image":{"@id":"https:\/\/www.salzburgerland.com\/pl\/salzburski-saalachtal-lato\/#primaryimage"},"thumbnailUrl":"https:\/\/www.salzburgerland.com\/pl\/wp-content\/uploads\/2019\/04\/familie-rafting-c-base-camp-urheber-auer-caro.jpg","datePublished":"2019-04-26T19:12:40+00:00","dateModified":"2024-09-21T20:12:14+00:00","description":"Wakacyjny raj dla rodzin z dze\u0107mi, sympatyk\u00f3w turystyki pieszej, jazdy na e-rowerach, os\u00f3b spragnionych kontaktu z przyrod\u0105 i mi\u0142o\u015bnik\u00f3w wody.","inLanguage":"pl-PL","potentialAction":[{"@type":"ReadAction","target":["https:\/\/www.salzburgerland.com\/pl\/salzburski-saalachtal-lato\/"]}]},{"@type":"ImageObject","inLanguage":"pl-PL","@id":"https:\/\/www.salzburgerland.com\/pl\/salzburski-saalachtal-lato\/#primaryimage","url":"https:\/\/www.salzburgerland.com\/pl\/wp-content\/uploads\/2019\/04\/familie-rafting-c-base-camp-urheber-auer-caro.jpg","contentUrl":"https:\/\/www.salzburgerland.com\/pl\/wp-content\/uploads\/2019\/04\/familie-rafting-c-base-camp-urheber-auer-caro.jpg","width":2560,"height":1707,"caption":"Rodzinny rafting na rw\u0105cych przekach w Salzburskim Saalachtalu \u00a9 Base Camp, Auer Caro"},{"@type":"WebSite","@id":"https:\/\/www.salzburgerland.com\/pl\/#website","url":"https:\/\/www.salzburgerland.com\/pl\/","name":"SalzburgerLand.com","description":"Urlop Salzburg : hotele : turystyka Ziemia Salzburska : kultura : rodzinny urlop Ziemia Salzburska : informacja turystyczna : noclegi Austria : aktywny wypoczynek","potentialAction":[{"@type":"SearchAction","target":{"@type":"EntryPoint","urlTemplate":"https:\/\/www.salzburgerland.com\/pl\/?s={search_term_string}"},"query-input":{"@type":"PropertyValueSpecification","valueRequired":true,"valueName":"search_term_string"}}],"inLanguage":"pl-PL"}]},"og_video":"https:\/\/www.youtube.com\/embed\/5IOsxAafOww","og_video_type":"text\/html","og_video_duration":"33","og_video_width":"480","og_video_height":"270","ya_ovs_adult":"false","ya_ovs_upload_date":"2019-04-26T19:12:40+00:00","ya_ovs_allow_embed":"true"},"_wl_alt_label":[],"wl:entity_url":"http:\/\/open.salzburgerland.com\/pl\/post\/lato_w_salzburskim_saalachtalu","_links":{"self":[{"href":"https:\/\/www.salzburgerland.com\/pl\/wp-json\/wp\/v2\/entities\/2739","targetHints":{"allow":["GET"]}}],"collection":[{"href":"https:\/\/www.salzburgerland.com\/pl\/wp-json\/wp\/v2\/entities"}],"about":[{"href":"https:\/\/www.salzburgerland.com\/pl\/wp-json\/wp\/v2\/types\/entity"}],"author":[{"embeddable":true,"href":"https:\/\/www.salzburgerland.com\/pl\/wp-json\/wp\/v2\/users\/4"}],"replies":[{"embeddable":true,"href":"https:\/\/www.salzburgerland.com\/pl\/wp-json\/wp\/v2\/comments?post=2739"}],"version-history":[{"count":6,"href":"https:\/\/www.salzburgerland.com\/pl\/wp-json\/wp\/v2\/entities\/2739\/revisions"}],"predecessor-version":[{"id":17592,"href":"https:\/\/www.salzburgerland.com\/pl\/wp-json\/wp\/v2\/entities\/2739\/revisions\/17592"}],"wp:featuredmedia":[{"embeddable":true,"href":"https:\/\/www.salzburgerland.com\/pl\/wp-json\/wp\/v2\/media\/23947"}],"wp:attachment":[{"href":"https:\/\/www.salzburgerland.com\/pl\/wp-json\/wp\/v2\/media?parent=2739"}],"wp:term":[{"taxonomy":"category","embeddable":true,"href":"https:\/\/www.salzburgerland.com\/pl\/wp-json\/wp\/v2\/categories?post=2739"},{"taxonomy":"post_tag","embeddable":true,"href":"https:\/\/www.salzburgerland.com\/pl\/wp-json\/wp\/v2\/tags?post=2739"},{"taxonomy":"wl_entity_type","embeddable":true,"href":"https:\/\/www.salzburgerland.com\/pl\/wp-json\/wp\/v2\/wl_entity_type?post=2739"}],"curies":[{"name":"wp","href":"https:\/\/api.w.org\/{rel}","templated":true}]}}

<p><span>Któż nie marzy o tym, by mieć wreszcie czas dla siebie i spędzić go bez stresu i pośpiechu z rodziną? Wsłuchać się w rytm natury, cieszyć każdym dniem i z przyjmenością obserowować, jak z radości świecą się oczy naszych dzieci. Takie wakacje możesz spędzieć w <strong><a href="https://www.lofer.com/en/salzburger-saalachtal/" target="_blank" rel="noopener noreferrer">Salzburskim Saalachtalu</a></strong>! Region ten leży w okręgu Pinzgau, w miejscu gdzie spotykają się granice trzech krajów związkowych : Ziemi Salzburskiej, Tyrolu i Bawarii, a w jego sercu „przycupnęły” cztery malownicze kurorty wypoczynkowe: <a href="https://www.lofer.com/en/salzburger-saalachtal/lofer/" target="_blank" rel="noopener noreferrer"><strong>Lofer</strong></a>, <a href="https://www.lofer.com/en/salzburger-saalachtal/unken/" target="_blank" rel="noopener noreferrer"><strong>Unken</strong></a>, <a href="https://www.lofer.com/en/salzburger-saalachtal/st.-martin" target="_blank" rel="noopener noreferrer"><strong>St. Martin</strong></a> i <a href="https://www.lofer.com/en/salzburger-saalachtal/weissbach/" target="_blank" rel="noopener noreferrer"><strong>Weißbach</strong></a></span><span>.</span></p>

<p>Któż nie marzy o tym, by mieć wreszcie czas dla siebie i spędzić go bez stresu i pośpiechu z rodziną? Wsłuchać się w rytm natury, cieszyć każdym dniem i z przyjmenością obserowować, jak z radości świecą się oczy naszych dzieci. Takie wakacje możesz spędzieć w Salzburskim Saalachtalu! Region ten leży w okręgu Pinzgau, w miejscu [&hellip;]</p>

<!-- This site is optimized with the Yoast SEO Premium plugin v27.4 (Yoast SEO v27.4) - https://yoast.com/product/yoast-seo-premium-wordpress/ -->
<title>Lato w Salzburskim Saalachtalu » SalzburgerLand.com</title>
<meta name="robots" content="index, follow, max-snippet:-1, max-image-preview:large, max-video-preview:-1" />
<link rel="canonical" href="https://www.salzburgerland.com/pl/salzburski-saalachtal-lato/" />
<meta property="og:locale" content="pl_PL" />
<meta property="og:type" content="article" />
<meta property="og:title" content="Lato w Salzburskim Saalachtalu" />
<meta property="og:description" content="Któż nie marzy o tym, by mieć wreszcie czas dla siebie i spędzić go bez stresu i pośpiechu z rodziną? Wsłuchać się w rytm natury, cieszyć każdym dniem i z" />
<meta property="og:url" content="https://www.salzburgerland.com/pl/salzburski-saalachtal-lato/" />
<meta property="og:site_name" content="SalzburgerLand.com" />
<meta property="article:publisher" content="https://www.facebook.com/visitsalzburgerland/" />
<meta property="article:modified_time" content="2024-09-21T20:12:14+00:00" />
<meta property="og:image" content="https://www.salzburgerland.com/pl/wp-content/uploads/2019/04/familie-rafting-c-base-camp-urheber-auer-caro-1200x675.jpg" />
	<meta property="og:image:width" content="1200" />
	<meta property="og:image:height" content="675" />
	<meta property="og:image:type" content="image/jpeg" />
<meta name="twitter:card" content="summary_large_image" />
<meta name="twitter:site" content="@salzburgerland" />
<meta name="twitter:label1" content="Szacowany czas czytania" />
	<meta name="twitter:data1" content="2 minuty" />
<script type="application/ld+json" class="yoast-schema-graph">{"@context":"https:\/\/schema.org","@graph":[{"@type":"WebPage","@id":"https:\/\/www.salzburgerland.com\/pl\/salzburski-saalachtal-lato\/","url":"https:\/\/www.salzburgerland.com\/pl\/salzburski-saalachtal-lato\/","name":"Lato w Salzburskim Saalachtalu » SalzburgerLand.com","isPartOf":{"@id":"https:\/\/www.salzburgerland.com\/pl\/#website"},"primaryImageOfPage":{"@id":"https:\/\/www.salzburgerland.com\/pl\/salzburski-saalachtal-lato\/#primaryimage"},"image":{"@id":"https:\/\/www.salzburgerland.com\/pl\/salzburski-saalachtal-lato\/#primaryimage"},"thumbnailUrl":"https:\/\/www.salzburgerland.com\/pl\/wp-content\/uploads\/2019\/04\/familie-rafting-c-base-camp-urheber-auer-caro.jpg","datePublished":"2019-04-26T19:12:40+00:00","dateModified":"2024-09-21T20:12:14+00:00","description":"Wakacyjny raj dla rodzin z dzećmi, sympatyków turystyki pieszej, jazdy na e-rowerach, osób spragnionych kontaktu z przyrodą i miłośników wody.","inLanguage":"pl-PL","potentialAction":[{"@type":"ReadAction","target":["https:\/\/www.salzburgerland.com\/pl\/salzburski-saalachtal-lato\/"]}]},{"@type":"ImageObject","inLanguage":"pl-PL","@id":"https:\/\/www.salzburgerland.com\/pl\/salzburski-saalachtal-lato\/#primaryimage","url":"https:\/\/www.salzburgerland.com\/pl\/wp-content\/uploads\/2019\/04\/familie-rafting-c-base-camp-urheber-auer-caro.jpg","contentUrl":"https:\/\/www.salzburgerland.com\/pl\/wp-content\/uploads\/2019\/04\/familie-rafting-c-base-camp-urheber-auer-caro.jpg","width":2560,"height":1707,"caption":"Rodzinny rafting na rwących przekach w Salzburskim Saalachtalu © Base Camp, Auer Caro"},{"@type":"WebSite","@id":"https:\/\/www.salzburgerland.com\/pl\/#website","url":"https:\/\/www.salzburgerland.com\/pl\/","name":"SalzburgerLand.com","description":"Urlop Salzburg : hotele : turystyka Ziemia Salzburska : kultura : rodzinny urlop Ziemia Salzburska : informacja turystyczna : noclegi Austria : aktywny wypoczynek","potentialAction":[{"@type":"SearchAction","target":{"@type":"EntryPoint","urlTemplate":"https:\/\/www.salzburgerland.com\/pl\/?s={search_term_string}"},"query-input":{"@type":"PropertyValueSpecification","valueRequired":true,"valueName":"search_term_string"}}],"inLanguage":"pl-PL"}]}</script>
<meta property="og:video" content="https://www.youtube.com/embed/5IOsxAafOww" />
<meta property="og:video:type" content="text/html" />
<meta property="og:video:duration" content="33" />
<meta property="og:video:width" content="480" />
<meta property="og:video:height" content="270" />
<meta property="ya:ovs:adult" content="false" />
<meta property="ya:ovs:upload_date" content="2019-04-26T19:12:40+00:00" />
<meta property="ya:ovs:allow_embed" content="true" />
<!-- / Yoast SEO Premium plugin. -->

Któż nie marzy o tym, by mieć wreszcie czas dla siebie i spędzić go bez stresu i pośpiechu z rodziną? Wsłuchać się w rytm natury, cieszyć każdym dniem i z

Wakacyjny raj dla rodzin z dzećmi, sympatyków turystyki pieszej, jazdy na e-rowerach, osób spragnionych kontaktu z przyrodą i miłośników wody.

Rodzinny rafting na rwących przekach w Salzburskim Saalachtalu © Base Camp, Auer Caro
