{"id":16452,"date":"2022-11-05T08:56:05","date_gmt":"2022-11-05T07:56:05","guid":{"rendered":"https:\/\/www.salzburgerland.com\/pl\/?post_type=entity&#038;p=16452"},"modified":"2023-11-28T16:05:41","modified_gmt":"2023-11-28T15:05:41","slug":"pokolenie-zima","status":"publish","type":"entity","link":"https:\/\/www.salzburgerland.com\/pl\/pokolenie-zima\/","title":{"rendered":"Pokolenie Zima"},"content":{"rendered":"","protected":false},"excerpt":{"rendered":"","protected":false},"author":4,"featured_media":21585,"comment_status":"closed","ping_status":"closed","template":"","meta":{"_acf_changed":false,"wl_entities_gutenberg":"","_relevanssi_hide_post":"","_relevanssi_hide_content":"","_relevanssi_pin_for_all":"","_relevanssi_pin_keywords":"","_relevanssi_unpin_keywords":"","_relevanssi_related_keywords":"","_relevanssi_related_include_ids":"","_relevanssi_related_exclude_ids":"","_relevanssi_related_no_append":"","_relevanssi_related_not_related":"","_relevanssi_related_posts":"","_relevanssi_noindex_reason":"","footnotes":""},"categories":[],"tags":[],"wl_entity_type":[2],"class_list":["post-16452","entity","type-entity","status-publish","has-post-thumbnail","hentry","wl_entity_type-thing","sitetype-theme"],"acf":[],"yoast_head":"<!-- This site is optimized with the Yoast SEO Premium plugin v27.4 (Yoast SEO v27.4) - https:\/\/yoast.com\/product\/yoast-seo-premium-wordpress\/ -->\n<title>Pokolenie Zima<\/title>\n<meta name=\"description\" content=\"Jeste\u015bmy Pokoleniem Zima. Ta pora roku jest w naszym DNA. \u0141\u0105czy nas zami\u0142owanie do zabawy na \u015bniegu i sport\u00f3w zimowych.\" \/>\n<meta name=\"robots\" content=\"index, follow, max-snippet:-1, max-image-preview:large, max-video-preview:-1\" \/>\n<link rel=\"canonical\" href=\"https:\/\/www.salzburgerland.com\/pl\/pokolenie-zima\/\" \/>\n<meta property=\"og:locale\" content=\"pl_PL\" \/>\n<meta property=\"og:type\" content=\"article\" \/>\n<meta property=\"og:title\" content=\"Pokolenie Zima\" \/>\n<meta property=\"og:url\" content=\"https:\/\/www.salzburgerland.com\/pl\/pokolenie-zima\/\" \/>\n<meta property=\"og:site_name\" content=\"SalzburgerLand.com\" \/>\n<meta property=\"article:publisher\" content=\"https:\/\/www.facebook.com\/visitsalzburgerland\/\" \/>\n<meta property=\"article:modified_time\" content=\"2023-11-28T15:05:41+00:00\" \/>\n<meta property=\"og:image\" content=\"https:\/\/www.salzburgerland.com\/pl\/wp-content\/uploads\/2016\/11\/print-slt-jugendshooting-2023-17ckarinpasterer-studio_bearb-1200x675.jpg\" \/>\n\t<meta property=\"og:image:width\" content=\"1200\" \/>\n\t<meta property=\"og:image:height\" content=\"675\" \/>\n\t<meta property=\"og:image:type\" content=\"image\/jpeg\" \/>\n<meta name=\"twitter:card\" content=\"summary_large_image\" \/>\n<meta name=\"twitter:site\" content=\"@salzburgerland\" \/>\n<script type=\"application\/ld+json\" class=\"yoast-schema-graph\">{\"@context\":\"https:\\\/\\\/schema.org\",\"@graph\":[{\"@type\":\"WebPage\",\"@id\":\"https:\\\/\\\/www.salzburgerland.com\\\/pl\\\/pokolenie-zima\\\/\",\"url\":\"https:\\\/\\\/www.salzburgerland.com\\\/pl\\\/pokolenie-zima\\\/\",\"name\":\"Pokolenie Zima\",\"isPartOf\":{\"@id\":\"https:\\\/\\\/www.salzburgerland.com\\\/pl\\\/#website\"},\"primaryImageOfPage\":{\"@id\":\"https:\\\/\\\/www.salzburgerland.com\\\/pl\\\/pokolenie-zima\\\/#primaryimage\"},\"image\":{\"@id\":\"https:\\\/\\\/www.salzburgerland.com\\\/pl\\\/pokolenie-zima\\\/#primaryimage\"},\"thumbnailUrl\":\"https:\\\/\\\/www.salzburgerland.com\\\/pl\\\/wp-content\\\/uploads\\\/2016\\\/11\\\/print-slt-jugendshooting-2023-17ckarinpasterer-studio_bearb.jpg\",\"datePublished\":\"2022-11-05T07:56:05+00:00\",\"dateModified\":\"2023-11-28T15:05:41+00:00\",\"description\":\"Jeste\u015bmy Pokoleniem Zima. Ta pora roku jest w naszym DNA. \u0141\u0105czy nas zami\u0142owanie do zabawy na \u015bniegu i sport\u00f3w zimowych.\",\"inLanguage\":\"pl-PL\",\"potentialAction\":[{\"@type\":\"ReadAction\",\"target\":[\"https:\\\/\\\/www.salzburgerland.com\\\/pl\\\/pokolenie-zima\\\/\"]}]},{\"@type\":\"ImageObject\",\"inLanguage\":\"pl-PL\",\"@id\":\"https:\\\/\\\/www.salzburgerland.com\\\/pl\\\/pokolenie-zima\\\/#primaryimage\",\"url\":\"https:\\\/\\\/www.salzburgerland.com\\\/pl\\\/wp-content\\\/uploads\\\/2016\\\/11\\\/print-slt-jugendshooting-2023-17ckarinpasterer-studio_bearb.jpg\",\"contentUrl\":\"https:\\\/\\\/www.salzburgerland.com\\\/pl\\\/wp-content\\\/uploads\\\/2016\\\/11\\\/print-slt-jugendshooting-2023-17ckarinpasterer-studio_bearb.jpg\",\"width\":1920,\"height\":1280,\"caption\":\"Zima m\u0142odego pokolenia snowboardzist\u00f3w \u00a9 SalzburgerLand Tourismus, Karin Pasterer\"},{\"@type\":\"WebSite\",\"@id\":\"https:\\\/\\\/www.salzburgerland.com\\\/pl\\\/#website\",\"url\":\"https:\\\/\\\/www.salzburgerland.com\\\/pl\\\/\",\"name\":\"SalzburgerLand.com\",\"description\":\"Urlop Salzburg : hotele : turystyka Ziemia Salzburska : kultura : rodzinny urlop Ziemia Salzburska : informacja turystyczna : noclegi Austria : aktywny wypoczynek\",\"potentialAction\":[{\"@type\":\"SearchAction\",\"target\":{\"@type\":\"EntryPoint\",\"urlTemplate\":\"https:\\\/\\\/www.salzburgerland.com\\\/pl\\\/?s={search_term_string}\"},\"query-input\":{\"@type\":\"PropertyValueSpecification\",\"valueRequired\":true,\"valueName\":\"search_term_string\"}}],\"inLanguage\":\"pl-PL\"}]}<\/script>\n<meta property=\"og:video\" content=\"https:\/\/www.youtube.com\/embed\/0MK4Zlhmc_0\" \/>\n<meta property=\"og:video:type\" content=\"text\/html\" \/>\n<meta property=\"og:video:duration\" content=\"20\" \/>\n<meta property=\"og:video:width\" content=\"480\" \/>\n<meta property=\"og:video:height\" content=\"270\" \/>\n<meta property=\"ya:ovs:adult\" content=\"false\" \/>\n<meta property=\"ya:ovs:upload_date\" content=\"2022-11-05T07:56:05+00:00\" \/>\n<meta property=\"ya:ovs:allow_embed\" content=\"true\" \/>\n<!-- \/ Yoast SEO Premium plugin. -->","yoast_head_json":{"title":"Pokolenie Zima","description":"Jeste\u015bmy Pokoleniem Zima. Ta pora roku jest w naszym DNA. \u0141\u0105czy nas zami\u0142owanie do zabawy na \u015bniegu i sport\u00f3w zimowych.","robots":{"index":"index","follow":"follow","max-snippet":"max-snippet:-1","max-image-preview":"max-image-preview:large","max-video-preview":"max-video-preview:-1"},"canonical":"https:\/\/www.salzburgerland.com\/pl\/pokolenie-zima\/","og_locale":"pl_PL","og_type":"article","og_title":"Pokolenie Zima","og_url":"https:\/\/www.salzburgerland.com\/pl\/pokolenie-zima\/","og_site_name":"SalzburgerLand.com","article_publisher":"https:\/\/www.facebook.com\/visitsalzburgerland\/","article_modified_time":"2023-11-28T15:05:41+00:00","og_image":[{"width":1200,"height":675,"url":"https:\/\/www.salzburgerland.com\/pl\/wp-content\/uploads\/2016\/11\/print-slt-jugendshooting-2023-17ckarinpasterer-studio_bearb-1200x675.jpg","type":"image\/jpeg"}],"twitter_card":"summary_large_image","twitter_site":"@salzburgerland","schema":{"@context":"https:\/\/schema.org","@graph":[{"@type":"WebPage","@id":"https:\/\/www.salzburgerland.com\/pl\/pokolenie-zima\/","url":"https:\/\/www.salzburgerland.com\/pl\/pokolenie-zima\/","name":"Pokolenie Zima","isPartOf":{"@id":"https:\/\/www.salzburgerland.com\/pl\/#website"},"primaryImageOfPage":{"@id":"https:\/\/www.salzburgerland.com\/pl\/pokolenie-zima\/#primaryimage"},"image":{"@id":"https:\/\/www.salzburgerland.com\/pl\/pokolenie-zima\/#primaryimage"},"thumbnailUrl":"https:\/\/www.salzburgerland.com\/pl\/wp-content\/uploads\/2016\/11\/print-slt-jugendshooting-2023-17ckarinpasterer-studio_bearb.jpg","datePublished":"2022-11-05T07:56:05+00:00","dateModified":"2023-11-28T15:05:41+00:00","description":"Jeste\u015bmy Pokoleniem Zima. Ta pora roku jest w naszym DNA. \u0141\u0105czy nas zami\u0142owanie do zabawy na \u015bniegu i sport\u00f3w zimowych.","inLanguage":"pl-PL","potentialAction":[{"@type":"ReadAction","target":["https:\/\/www.salzburgerland.com\/pl\/pokolenie-zima\/"]}]},{"@type":"ImageObject","inLanguage":"pl-PL","@id":"https:\/\/www.salzburgerland.com\/pl\/pokolenie-zima\/#primaryimage","url":"https:\/\/www.salzburgerland.com\/pl\/wp-content\/uploads\/2016\/11\/print-slt-jugendshooting-2023-17ckarinpasterer-studio_bearb.jpg","contentUrl":"https:\/\/www.salzburgerland.com\/pl\/wp-content\/uploads\/2016\/11\/print-slt-jugendshooting-2023-17ckarinpasterer-studio_bearb.jpg","width":1920,"height":1280,"caption":"Zima m\u0142odego pokolenia snowboardzist\u00f3w \u00a9 SalzburgerLand Tourismus, Karin Pasterer"},{"@type":"WebSite","@id":"https:\/\/www.salzburgerland.com\/pl\/#website","url":"https:\/\/www.salzburgerland.com\/pl\/","name":"SalzburgerLand.com","description":"Urlop Salzburg : hotele : turystyka Ziemia Salzburska : kultura : rodzinny urlop Ziemia Salzburska : informacja turystyczna : noclegi Austria : aktywny wypoczynek","potentialAction":[{"@type":"SearchAction","target":{"@type":"EntryPoint","urlTemplate":"https:\/\/www.salzburgerland.com\/pl\/?s={search_term_string}"},"query-input":{"@type":"PropertyValueSpecification","valueRequired":true,"valueName":"search_term_string"}}],"inLanguage":"pl-PL"}]},"og_video":"https:\/\/www.youtube.com\/embed\/0MK4Zlhmc_0","og_video_type":"text\/html","og_video_duration":"20","og_video_width":"480","og_video_height":"270","ya_ovs_adult":"false","ya_ovs_upload_date":"2022-11-05T07:56:05+00:00","ya_ovs_allow_embed":"true"},"_wl_alt_label":[],"wl:entity_url":"http:\/\/open.salzburgerland.com\/pl\/entity\/pokolenie-zima-16452","_links":{"self":[{"href":"https:\/\/www.salzburgerland.com\/pl\/wp-json\/wp\/v2\/entities\/16452","targetHints":{"allow":["GET"]}}],"collection":[{"href":"https:\/\/www.salzburgerland.com\/pl\/wp-json\/wp\/v2\/entities"}],"about":[{"href":"https:\/\/www.salzburgerland.com\/pl\/wp-json\/wp\/v2\/types\/entity"}],"author":[{"embeddable":true,"href":"https:\/\/www.salzburgerland.com\/pl\/wp-json\/wp\/v2\/users\/4"}],"replies":[{"embeddable":true,"href":"https:\/\/www.salzburgerland.com\/pl\/wp-json\/wp\/v2\/comments?post=16452"}],"version-history":[{"count":5,"href":"https:\/\/www.salzburgerland.com\/pl\/wp-json\/wp\/v2\/entities\/16452\/revisions"}],"predecessor-version":[{"id":21980,"href":"https:\/\/www.salzburgerland.com\/pl\/wp-json\/wp\/v2\/entities\/16452\/revisions\/21980"}],"wp:featuredmedia":[{"embeddable":true,"href":"https:\/\/www.salzburgerland.com\/pl\/wp-json\/wp\/v2\/media\/21585"}],"wp:attachment":[{"href":"https:\/\/www.salzburgerland.com\/pl\/wp-json\/wp\/v2\/media?parent=16452"}],"wp:term":[{"taxonomy":"category","embeddable":true,"href":"https:\/\/www.salzburgerland.com\/pl\/wp-json\/wp\/v2\/categories?post=16452"},{"taxonomy":"post_tag","embeddable":true,"href":"https:\/\/www.salzburgerland.com\/pl\/wp-json\/wp\/v2\/tags?post=16452"},{"taxonomy":"wl_entity_type","embeddable":true,"href":"https:\/\/www.salzburgerland.com\/pl\/wp-json\/wp\/v2\/wl_entity_type?post=16452"}],"curies":[{"name":"wp","href":"https:\/\/api.w.org\/{rel}","templated":true}]}}

<!-- This site is optimized with the Yoast SEO Premium plugin v27.4 (Yoast SEO v27.4) - https://yoast.com/product/yoast-seo-premium-wordpress/ -->
<title>Pokolenie Zima</title>
<meta name="description" content="Jesteśmy Pokoleniem Zima. Ta pora roku jest w naszym DNA. Łączy nas zamiłowanie do zabawy na śniegu i sportów zimowych." />
<meta name="robots" content="index, follow, max-snippet:-1, max-image-preview:large, max-video-preview:-1" />
<link rel="canonical" href="https://www.salzburgerland.com/pl/pokolenie-zima/" />
<meta property="og:locale" content="pl_PL" />
<meta property="og:type" content="article" />
<meta property="og:title" content="Pokolenie Zima" />
<meta property="og:url" content="https://www.salzburgerland.com/pl/pokolenie-zima/" />
<meta property="og:site_name" content="SalzburgerLand.com" />
<meta property="article:publisher" content="https://www.facebook.com/visitsalzburgerland/" />
<meta property="article:modified_time" content="2023-11-28T15:05:41+00:00" />
<meta property="og:image" content="https://www.salzburgerland.com/pl/wp-content/uploads/2016/11/print-slt-jugendshooting-2023-17ckarinpasterer-studio_bearb-1200x675.jpg" />
	<meta property="og:image:width" content="1200" />
	<meta property="og:image:height" content="675" />
	<meta property="og:image:type" content="image/jpeg" />
<meta name="twitter:card" content="summary_large_image" />
<meta name="twitter:site" content="@salzburgerland" />
<script type="application/ld+json" class="yoast-schema-graph">{"@context":"https:\/\/schema.org","@graph":[{"@type":"WebPage","@id":"https:\/\/www.salzburgerland.com\/pl\/pokolenie-zima\/","url":"https:\/\/www.salzburgerland.com\/pl\/pokolenie-zima\/","name":"Pokolenie Zima","isPartOf":{"@id":"https:\/\/www.salzburgerland.com\/pl\/#website"},"primaryImageOfPage":{"@id":"https:\/\/www.salzburgerland.com\/pl\/pokolenie-zima\/#primaryimage"},"image":{"@id":"https:\/\/www.salzburgerland.com\/pl\/pokolenie-zima\/#primaryimage"},"thumbnailUrl":"https:\/\/www.salzburgerland.com\/pl\/wp-content\/uploads\/2016\/11\/print-slt-jugendshooting-2023-17ckarinpasterer-studio_bearb.jpg","datePublished":"2022-11-05T07:56:05+00:00","dateModified":"2023-11-28T15:05:41+00:00","description":"Jesteśmy Pokoleniem Zima. Ta pora roku jest w naszym DNA. Łączy nas zamiłowanie do zabawy na śniegu i sportów zimowych.","inLanguage":"pl-PL","potentialAction":[{"@type":"ReadAction","target":["https:\/\/www.salzburgerland.com\/pl\/pokolenie-zima\/"]}]},{"@type":"ImageObject","inLanguage":"pl-PL","@id":"https:\/\/www.salzburgerland.com\/pl\/pokolenie-zima\/#primaryimage","url":"https:\/\/www.salzburgerland.com\/pl\/wp-content\/uploads\/2016\/11\/print-slt-jugendshooting-2023-17ckarinpasterer-studio_bearb.jpg","contentUrl":"https:\/\/www.salzburgerland.com\/pl\/wp-content\/uploads\/2016\/11\/print-slt-jugendshooting-2023-17ckarinpasterer-studio_bearb.jpg","width":1920,"height":1280,"caption":"Zima młodego pokolenia snowboardzistów © SalzburgerLand Tourismus, Karin Pasterer"},{"@type":"WebSite","@id":"https:\/\/www.salzburgerland.com\/pl\/#website","url":"https:\/\/www.salzburgerland.com\/pl\/","name":"SalzburgerLand.com","description":"Urlop Salzburg : hotele : turystyka Ziemia Salzburska : kultura : rodzinny urlop Ziemia Salzburska : informacja turystyczna : noclegi Austria : aktywny wypoczynek","potentialAction":[{"@type":"SearchAction","target":{"@type":"EntryPoint","urlTemplate":"https:\/\/www.salzburgerland.com\/pl\/?s={search_term_string}"},"query-input":{"@type":"PropertyValueSpecification","valueRequired":true,"valueName":"search_term_string"}}],"inLanguage":"pl-PL"}]}</script>
<meta property="og:video" content="https://www.youtube.com/embed/0MK4Zlhmc_0" />
<meta property="og:video:type" content="text/html" />
<meta property="og:video:duration" content="20" />
<meta property="og:video:width" content="480" />
<meta property="og:video:height" content="270" />
<meta property="ya:ovs:adult" content="false" />
<meta property="ya:ovs:upload_date" content="2022-11-05T07:56:05+00:00" />
<meta property="ya:ovs:allow_embed" content="true" />
<!-- / Yoast SEO Premium plugin. -->

Jesteśmy Pokoleniem Zima. Ta pora roku jest w naszym DNA. Łączy nas zamiłowanie do zabawy na śniegu i sportów zimowych.

Zima młodego pokolenia snowboardzistów © SalzburgerLand Tourismus, Karin Pasterer
