{"id":18291,"date":"2023-02-17T08:40:45","date_gmt":"2023-02-17T07:40:45","guid":{"rendered":"https:\/\/www.salzburgerland.com\/hu\/?post_type=entity&#038;p=18291"},"modified":"2023-02-17T08:44:29","modified_gmt":"2023-02-17T07:44:29","slug":"eperszezon-salzburg-tartomanyban","status":"publish","type":"entity","link":"https:\/\/www.salzburgerland.com\/hu\/eperszezon-salzburg-tartomanyban\/","title":{"rendered":"Eperszezon Salzburg tartom\u00e1nyban"},"content":{"rendered":"","protected":false},"excerpt":{"rendered":"","protected":false},"author":21,"featured_media":16031,"comment_status":"closed","ping_status":"closed","template":"","meta":{"_acf_changed":false,"wl_entities_gutenberg":"","_relevanssi_hide_post":"","_relevanssi_hide_content":"","_relevanssi_pin_for_all":"","_relevanssi_pin_keywords":"","_relevanssi_unpin_keywords":"","_relevanssi_related_keywords":"","_relevanssi_related_include_ids":"","_relevanssi_related_exclude_ids":"","_relevanssi_related_no_append":"","_relevanssi_related_not_related":"","_relevanssi_related_posts":"","_relevanssi_noindex_reason":"","footnotes":""},"categories":[],"tags":[],"wl_entity_type":[2],"class_list":["post-18291","entity","type-entity","status-publish","has-post-thumbnail","hentry","wl_entity_type-thing","sitetype-theme"],"acf":[],"yoast_head":"<!-- This site is optimized with the Yoast SEO Premium plugin v27.4 (Yoast SEO v27.4) - https:\/\/yoast.com\/product\/yoast-seo-premium-wordpress\/ -->\n<title>Eperszezon Salzburg tartom\u00e1nyban \u00bb SalzburgerLand.com<\/title>\n<meta name=\"description\" content=\"%%cf_teasertext%% Az eper igaz\u00e1n finom, \u00e9s nem csak \u00e9dess\u00e9gk\u00e9nt haszn\u00e1lhatjuk fel, hanem f\u0151fog\u00e1sok mell\u00e9 \u00e9s sal\u00e1t\u00e1k \u00f6sszetev\u0151jek\u00e9nt is remek.\" \/>\n<meta name=\"robots\" content=\"index, follow, max-snippet:-1, max-image-preview:large, max-video-preview:-1\" \/>\n<link rel=\"canonical\" href=\"https:\/\/www.salzburgerland.com\/hu\/eperszezon-salzburg-tartomanyban\/\" \/>\n<meta property=\"og:locale\" content=\"hu_HU\" \/>\n<meta property=\"og:type\" content=\"article\" \/>\n<meta property=\"og:title\" content=\"Eperszezon Salzburg tartom\u00e1nyban\" \/>\n<meta property=\"og:url\" content=\"https:\/\/www.salzburgerland.com\/hu\/eperszezon-salzburg-tartomanyban\/\" \/>\n<meta property=\"og:site_name\" content=\"SalzburgerLand.com\" \/>\n<meta property=\"article:publisher\" content=\"https:\/\/www.facebook.com\/visitsalzburgerland\/\" \/>\n<meta property=\"article:modified_time\" content=\"2023-02-17T07:44:29+00:00\" \/>\n<meta property=\"og:image\" content=\"https:\/\/www.salzburgerland.com\/hu\/wp-content\/uploads\/2022\/06\/gebratenes-hendlfilet-auf-spargel-mit-erdbeeren-1200x675.jpg\" \/>\n\t<meta property=\"og:image:width\" content=\"1200\" \/>\n\t<meta property=\"og:image:height\" content=\"675\" \/>\n\t<meta property=\"og:image:type\" content=\"image\/jpeg\" \/>\n<meta name=\"twitter:card\" content=\"summary_large_image\" \/>\n<meta name=\"twitter:site\" content=\"@salzburgerland\" \/>\n<script type=\"application\/ld+json\" class=\"yoast-schema-graph\">{\"@context\":\"https:\\\/\\\/schema.org\",\"@graph\":[{\"@type\":\"WebPage\",\"@id\":\"https:\\\/\\\/www.salzburgerland.com\\\/hu\\\/eperszezon-salzburg-tartomanyban\\\/\",\"url\":\"https:\\\/\\\/www.salzburgerland.com\\\/hu\\\/eperszezon-salzburg-tartomanyban\\\/\",\"name\":\"Eperszezon Salzburg tartom\u00e1nyban \u00bb SalzburgerLand.com\",\"isPartOf\":{\"@id\":\"https:\\\/\\\/www.salzburgerland.com\\\/hu\\\/#website\"},\"primaryImageOfPage\":{\"@id\":\"https:\\\/\\\/www.salzburgerland.com\\\/hu\\\/eperszezon-salzburg-tartomanyban\\\/#primaryimage\"},\"image\":{\"@id\":\"https:\\\/\\\/www.salzburgerland.com\\\/hu\\\/eperszezon-salzburg-tartomanyban\\\/#primaryimage\"},\"thumbnailUrl\":\"https:\\\/\\\/www.salzburgerland.com\\\/hu\\\/wp-content\\\/uploads\\\/2022\\\/06\\\/gebratenes-hendlfilet-auf-spargel-mit-erdbeeren.jpg\",\"datePublished\":\"2023-02-17T07:40:45+00:00\",\"dateModified\":\"2023-02-17T07:44:29+00:00\",\"description\":\"Az eper igaz\u00e1n finom, \u00e9s nem csak \u00e9dess\u00e9gk\u00e9nt haszn\u00e1lhatjuk fel, hanem f\u0151fog\u00e1sok mell\u00e9 \u00e9s sal\u00e1t\u00e1k \u00f6sszetev\u0151jek\u00e9nt is remek. Az eper igaz\u00e1n finom, \u00e9s nem csak \u00e9dess\u00e9gk\u00e9nt haszn\u00e1lhatjuk fel, hanem f\u0151fog\u00e1sok mell\u00e9 \u00e9s sal\u00e1t\u00e1k \u00f6sszetev\u0151jek\u00e9nt is remek.\",\"inLanguage\":\"hu\",\"potentialAction\":[{\"@type\":\"ReadAction\",\"target\":[\"https:\\\/\\\/www.salzburgerland.com\\\/hu\\\/eperszezon-salzburg-tartomanyban\\\/\"]}]},{\"@type\":\"ImageObject\",\"inLanguage\":\"hu\",\"@id\":\"https:\\\/\\\/www.salzburgerland.com\\\/hu\\\/eperszezon-salzburg-tartomanyban\\\/#primaryimage\",\"url\":\"https:\\\/\\\/www.salzburgerland.com\\\/hu\\\/wp-content\\\/uploads\\\/2022\\\/06\\\/gebratenes-hendlfilet-auf-spargel-mit-erdbeeren.jpg\",\"contentUrl\":\"https:\\\/\\\/www.salzburgerland.com\\\/hu\\\/wp-content\\\/uploads\\\/2022\\\/06\\\/gebratenes-hendlfilet-auf-spargel-mit-erdbeeren.jpg\",\"width\":1353,\"height\":900,\"caption\":\"R\u00e1ntott csirkefil\u00e9 sp\u00e1rg\u00e1val \u00e9s eperrel \u00a9 salzburgschmeckt.at\"},{\"@type\":\"WebSite\",\"@id\":\"https:\\\/\\\/www.salzburgerland.com\\\/hu\\\/#website\",\"url\":\"https:\\\/\\\/www.salzburgerland.com\\\/hu\\\/\",\"name\":\"SalzburgerLand.com\",\"description\":\"\u00dcd\u00fcl\u00e9s Ausztri\u00e1ban, Salzburg tartom\u00e1nyban\",\"potentialAction\":[{\"@type\":\"SearchAction\",\"target\":{\"@type\":\"EntryPoint\",\"urlTemplate\":\"https:\\\/\\\/www.salzburgerland.com\\\/hu\\\/?s={search_term_string}\"},\"query-input\":{\"@type\":\"PropertyValueSpecification\",\"valueRequired\":true,\"valueName\":\"search_term_string\"}}],\"inLanguage\":\"hu\"}]}<\/script>\n<!-- \/ Yoast SEO Premium plugin. -->","yoast_head_json":{"title":"Eperszezon Salzburg tartom\u00e1nyban \u00bb SalzburgerLand.com","description":"%%cf_teasertext%% Az eper igaz\u00e1n finom, \u00e9s nem csak \u00e9dess\u00e9gk\u00e9nt haszn\u00e1lhatjuk fel, hanem f\u0151fog\u00e1sok mell\u00e9 \u00e9s sal\u00e1t\u00e1k \u00f6sszetev\u0151jek\u00e9nt is remek.","robots":{"index":"index","follow":"follow","max-snippet":"max-snippet:-1","max-image-preview":"max-image-preview:large","max-video-preview":"max-video-preview:-1"},"canonical":"https:\/\/www.salzburgerland.com\/hu\/eperszezon-salzburg-tartomanyban\/","og_locale":"hu_HU","og_type":"article","og_title":"Eperszezon Salzburg tartom\u00e1nyban","og_url":"https:\/\/www.salzburgerland.com\/hu\/eperszezon-salzburg-tartomanyban\/","og_site_name":"SalzburgerLand.com","article_publisher":"https:\/\/www.facebook.com\/visitsalzburgerland\/","article_modified_time":"2023-02-17T07:44:29+00:00","og_image":[{"width":1200,"height":675,"url":"https:\/\/www.salzburgerland.com\/hu\/wp-content\/uploads\/2022\/06\/gebratenes-hendlfilet-auf-spargel-mit-erdbeeren-1200x675.jpg","type":"image\/jpeg"}],"twitter_card":"summary_large_image","twitter_site":"@salzburgerland","schema":{"@context":"https:\/\/schema.org","@graph":[{"@type":"WebPage","@id":"https:\/\/www.salzburgerland.com\/hu\/eperszezon-salzburg-tartomanyban\/","url":"https:\/\/www.salzburgerland.com\/hu\/eperszezon-salzburg-tartomanyban\/","name":"Eperszezon Salzburg tartom\u00e1nyban \u00bb SalzburgerLand.com","isPartOf":{"@id":"https:\/\/www.salzburgerland.com\/hu\/#website"},"primaryImageOfPage":{"@id":"https:\/\/www.salzburgerland.com\/hu\/eperszezon-salzburg-tartomanyban\/#primaryimage"},"image":{"@id":"https:\/\/www.salzburgerland.com\/hu\/eperszezon-salzburg-tartomanyban\/#primaryimage"},"thumbnailUrl":"https:\/\/www.salzburgerland.com\/hu\/wp-content\/uploads\/2022\/06\/gebratenes-hendlfilet-auf-spargel-mit-erdbeeren.jpg","datePublished":"2023-02-17T07:40:45+00:00","dateModified":"2023-02-17T07:44:29+00:00","description":"Az eper igaz\u00e1n finom, \u00e9s nem csak \u00e9dess\u00e9gk\u00e9nt haszn\u00e1lhatjuk fel, hanem f\u0151fog\u00e1sok mell\u00e9 \u00e9s sal\u00e1t\u00e1k \u00f6sszetev\u0151jek\u00e9nt is remek. Az eper igaz\u00e1n finom, \u00e9s nem csak \u00e9dess\u00e9gk\u00e9nt haszn\u00e1lhatjuk fel, hanem f\u0151fog\u00e1sok mell\u00e9 \u00e9s sal\u00e1t\u00e1k \u00f6sszetev\u0151jek\u00e9nt is remek.","inLanguage":"hu","potentialAction":[{"@type":"ReadAction","target":["https:\/\/www.salzburgerland.com\/hu\/eperszezon-salzburg-tartomanyban\/"]}]},{"@type":"ImageObject","inLanguage":"hu","@id":"https:\/\/www.salzburgerland.com\/hu\/eperszezon-salzburg-tartomanyban\/#primaryimage","url":"https:\/\/www.salzburgerland.com\/hu\/wp-content\/uploads\/2022\/06\/gebratenes-hendlfilet-auf-spargel-mit-erdbeeren.jpg","contentUrl":"https:\/\/www.salzburgerland.com\/hu\/wp-content\/uploads\/2022\/06\/gebratenes-hendlfilet-auf-spargel-mit-erdbeeren.jpg","width":1353,"height":900,"caption":"R\u00e1ntott csirkefil\u00e9 sp\u00e1rg\u00e1val \u00e9s eperrel \u00a9 salzburgschmeckt.at"},{"@type":"WebSite","@id":"https:\/\/www.salzburgerland.com\/hu\/#website","url":"https:\/\/www.salzburgerland.com\/hu\/","name":"SalzburgerLand.com","description":"\u00dcd\u00fcl\u00e9s Ausztri\u00e1ban, Salzburg tartom\u00e1nyban","potentialAction":[{"@type":"SearchAction","target":{"@type":"EntryPoint","urlTemplate":"https:\/\/www.salzburgerland.com\/hu\/?s={search_term_string}"},"query-input":{"@type":"PropertyValueSpecification","valueRequired":true,"valueName":"search_term_string"}}],"inLanguage":"hu"}]}},"_wl_alt_label":[],"wl:entity_url":"http:\/\/open.salzburgerland.com\/hu\/entity\/eperszezon-salzburg-tartomanyban-18291","_links":{"self":[{"href":"https:\/\/www.salzburgerland.com\/hu\/wp-json\/wp\/v2\/entities\/18291","targetHints":{"allow":["GET"]}}],"collection":[{"href":"https:\/\/www.salzburgerland.com\/hu\/wp-json\/wp\/v2\/entities"}],"about":[{"href":"https:\/\/www.salzburgerland.com\/hu\/wp-json\/wp\/v2\/types\/entity"}],"author":[{"embeddable":true,"href":"https:\/\/www.salzburgerland.com\/hu\/wp-json\/wp\/v2\/users\/21"}],"replies":[{"embeddable":true,"href":"https:\/\/www.salzburgerland.com\/hu\/wp-json\/wp\/v2\/comments?post=18291"}],"version-history":[{"count":3,"href":"https:\/\/www.salzburgerland.com\/hu\/wp-json\/wp\/v2\/entities\/18291\/revisions"}],"predecessor-version":[{"id":18294,"href":"https:\/\/www.salzburgerland.com\/hu\/wp-json\/wp\/v2\/entities\/18291\/revisions\/18294"}],"wp:featuredmedia":[{"embeddable":true,"href":"https:\/\/www.salzburgerland.com\/hu\/wp-json\/wp\/v2\/media\/16031"}],"wp:attachment":[{"href":"https:\/\/www.salzburgerland.com\/hu\/wp-json\/wp\/v2\/media?parent=18291"}],"wp:term":[{"taxonomy":"category","embeddable":true,"href":"https:\/\/www.salzburgerland.com\/hu\/wp-json\/wp\/v2\/categories?post=18291"},{"taxonomy":"post_tag","embeddable":true,"href":"https:\/\/www.salzburgerland.com\/hu\/wp-json\/wp\/v2\/tags?post=18291"},{"taxonomy":"wl_entity_type","embeddable":true,"href":"https:\/\/www.salzburgerland.com\/hu\/wp-json\/wp\/v2\/wl_entity_type?post=18291"}],"curies":[{"name":"wp","href":"https:\/\/api.w.org\/{rel}","templated":true}]}}

Eperszezon Salzburg tartományban

<!-- This site is optimized with the Yoast SEO Premium plugin v27.4 (Yoast SEO v27.4) - https://yoast.com/product/yoast-seo-premium-wordpress/ -->
<title>Eperszezon Salzburg tartományban » SalzburgerLand.com</title>
<meta name="description" content="%%cf_teasertext%% Az eper igazán finom, és nem csak édességként használhatjuk fel, hanem főfogások mellé és saláták összetevőjeként is remek." />
<meta name="robots" content="index, follow, max-snippet:-1, max-image-preview:large, max-video-preview:-1" />
<link rel="canonical" href="https://www.salzburgerland.com/hu/eperszezon-salzburg-tartomanyban/" />
<meta property="og:locale" content="hu_HU" />
<meta property="og:type" content="article" />
<meta property="og:title" content="Eperszezon Salzburg tartományban" />
<meta property="og:url" content="https://www.salzburgerland.com/hu/eperszezon-salzburg-tartomanyban/" />
<meta property="og:site_name" content="SalzburgerLand.com" />
<meta property="article:publisher" content="https://www.facebook.com/visitsalzburgerland/" />
<meta property="article:modified_time" content="2023-02-17T07:44:29+00:00" />
<meta property="og:image" content="https://www.salzburgerland.com/hu/wp-content/uploads/2022/06/gebratenes-hendlfilet-auf-spargel-mit-erdbeeren-1200x675.jpg" />
	<meta property="og:image:width" content="1200" />
	<meta property="og:image:height" content="675" />
	<meta property="og:image:type" content="image/jpeg" />
<meta name="twitter:card" content="summary_large_image" />
<meta name="twitter:site" content="@salzburgerland" />
<script type="application/ld+json" class="yoast-schema-graph">{"@context":"https:\/\/schema.org","@graph":[{"@type":"WebPage","@id":"https:\/\/www.salzburgerland.com\/hu\/eperszezon-salzburg-tartomanyban\/","url":"https:\/\/www.salzburgerland.com\/hu\/eperszezon-salzburg-tartomanyban\/","name":"Eperszezon Salzburg tartományban » SalzburgerLand.com","isPartOf":{"@id":"https:\/\/www.salzburgerland.com\/hu\/#website"},"primaryImageOfPage":{"@id":"https:\/\/www.salzburgerland.com\/hu\/eperszezon-salzburg-tartomanyban\/#primaryimage"},"image":{"@id":"https:\/\/www.salzburgerland.com\/hu\/eperszezon-salzburg-tartomanyban\/#primaryimage"},"thumbnailUrl":"https:\/\/www.salzburgerland.com\/hu\/wp-content\/uploads\/2022\/06\/gebratenes-hendlfilet-auf-spargel-mit-erdbeeren.jpg","datePublished":"2023-02-17T07:40:45+00:00","dateModified":"2023-02-17T07:44:29+00:00","description":"Az eper igazán finom, és nem csak édességként használhatjuk fel, hanem főfogások mellé és saláták összetevőjeként is remek. Az eper igazán finom, és nem csak édességként használhatjuk fel, hanem főfogások mellé és saláták összetevőjeként is remek.","inLanguage":"hu","potentialAction":[{"@type":"ReadAction","target":["https:\/\/www.salzburgerland.com\/hu\/eperszezon-salzburg-tartomanyban\/"]}]},{"@type":"ImageObject","inLanguage":"hu","@id":"https:\/\/www.salzburgerland.com\/hu\/eperszezon-salzburg-tartomanyban\/#primaryimage","url":"https:\/\/www.salzburgerland.com\/hu\/wp-content\/uploads\/2022\/06\/gebratenes-hendlfilet-auf-spargel-mit-erdbeeren.jpg","contentUrl":"https:\/\/www.salzburgerland.com\/hu\/wp-content\/uploads\/2022\/06\/gebratenes-hendlfilet-auf-spargel-mit-erdbeeren.jpg","width":1353,"height":900,"caption":"Rántott csirkefilé spárgával és eperrel © salzburgschmeckt.at"},{"@type":"WebSite","@id":"https:\/\/www.salzburgerland.com\/hu\/#website","url":"https:\/\/www.salzburgerland.com\/hu\/","name":"SalzburgerLand.com","description":"Üdülés Ausztriában, Salzburg tartományban","potentialAction":[{"@type":"SearchAction","target":{"@type":"EntryPoint","urlTemplate":"https:\/\/www.salzburgerland.com\/hu\/?s={search_term_string}"},"query-input":{"@type":"PropertyValueSpecification","valueRequired":true,"valueName":"search_term_string"}}],"inLanguage":"hu"}]}</script>
<!-- / Yoast SEO Premium plugin. -->

Eperszezon Salzburg tartományban » SalzburgerLand.com

%%cf_teasertext%% Az eper igazán finom, és nem csak édességként használhatjuk fel, hanem főfogások mellé és saláták összetevőjeként is remek.

Az eper igazán finom, és nem csak édességként használhatjuk fel, hanem főfogások mellé és saláták összetevőjeként is remek. Az eper igazán finom, és nem csak édességként használhatjuk fel, hanem főfogások mellé és saláták összetevőjeként is remek.

Rántott csirkefilé spárgával és eperrel © salzburgschmeckt.at

Üdülés Ausztriában, Salzburg tartományban
