{"id":59759,"date":"2016-08-24T17:17:44","date_gmt":"2016-08-24T15:17:44","guid":{"rendered":"https:\/\/www.onebigpark.at\/de\/?post_type=entity&#038;p=59759"},"modified":"2026-04-20T15:04:01","modified_gmt":"2026-04-20T13:04:01","slug":"events-veranstaltungen","status":"publish","type":"entity","link":"https:\/\/www.salzburgerland.com\/de\/events-veranstaltungen\/","title":{"rendered":"Events und Veranstaltungen"},"content":{"rendered":"<p>So vielf\u00e4ltig wie die Landschaft und die Angebote sind auch die Veranstaltungen im SalzburgerLand.<br>\nNicht umsonst hei\u00dft es, dass das SalzburgerLand die gr\u00f6\u00dfte Erlebnisdichte aufweist. Das bezieht sich auch auf die vielen gro\u00dfe und kleinen Events, die das ganze Jahr \u00fcber in allen Regionen geboten werden.<\/p>\n","protected":false},"excerpt":{"rendered":"<p>So vielf\u00e4ltig wie die Landschaft und die Angebote sind auch die Veranstaltungen im SalzburgerLand. Nicht umsonst hei\u00dft es, dass das SalzburgerLand die gr\u00f6\u00dfte Erlebnisdichte aufweist. Das bezieht sich auch auf die vielen gro\u00dfe und kleinen Events, die das ganze Jahr \u00fcber in allen Regionen geboten werden.<\/p>\n","protected":false},"author":50,"featured_media":79282,"comment_status":"closed","ping_status":"closed","template":"","meta":{"_acf_changed":false,"wl_entities_gutenberg":"","_relevanssi_hide_post":"","_relevanssi_hide_content":"","_relevanssi_pin_for_all":"","_relevanssi_pin_keywords":"","_relevanssi_unpin_keywords":"","_relevanssi_related_keywords":"","_relevanssi_related_include_ids":"","_relevanssi_related_exclude_ids":"","_relevanssi_related_no_append":"","_relevanssi_related_not_related":"","_relevanssi_related_posts":"","_relevanssi_noindex_reason":"","footnotes":""},"categories":[],"tags":[],"wl_entity_type":[2],"ski_resorts":[],"class_list":["post-59759","entity","type-entity","status-publish","has-post-thumbnail","hentry","wl_entity_type-thing","sitetype-theme"],"acf":[],"yoast_head":"<!-- This site is optimized with the Yoast SEO Premium plugin v26.9 (Yoast SEO v26.9) - https:\/\/yoast.com\/product\/yoast-seo-premium-wordpress\/ -->\n<title>Events und Veranstaltungen in Salzburg und dem SalzburgerLand<\/title>\n<meta name=\"description\" content=\"Konzerte, Ausstellungen, Feste, Sportevents und viele weitere Veranstaltungen f\u00fcr Ihr Wochenende oder Ihren Urlaub im SalzburgerLand.\" \/>\n<meta name=\"robots\" content=\"index, follow, max-snippet:-1, max-image-preview:large, max-video-preview:-1\" \/>\n<link rel=\"canonical\" href=\"https:\/\/www.salzburgerland.com\/de\/wp-json\/wp\/v2\/entities\/59759\" \/>\n<meta property=\"og:locale\" content=\"de_DE\" \/>\n<meta property=\"og:type\" content=\"article\" \/>\n<meta property=\"og:title\" content=\"Events und Veranstaltungen\" \/>\n<meta property=\"og:description\" content=\"Konzerte, Ausstellungen, Feste, Sportevents und viele weitere Veranstaltungen f\u00fcr Ihr Wochenende oder Ihren Urlaub im SalzburgerLand.\" \/>\n<meta property=\"og:url\" content=\"https:\/\/www.salzburgerland.com\/de\/wp-json\/wp\/v2\/entities\/59759\" \/>\n<meta property=\"og:site_name\" content=\"SalzburgerLand.com\" \/>\n<meta property=\"article:publisher\" content=\"https:\/\/www.facebook.com\/salzburgerland\/\" \/>\n<meta property=\"article:modified_time\" content=\"2026-04-20T13:04:01+00:00\" \/>\n<meta property=\"og:image\" content=\"https:\/\/www.salzburgerland.com\/de\/wp-content\/uploads\/2016\/11\/almsommer-eroffnung-1200x675.jpg\" \/>\n\t<meta property=\"og:image:width\" content=\"1200\" \/>\n\t<meta property=\"og:image:height\" content=\"675\" \/>\n\t<meta property=\"og:image:type\" content=\"image\/jpeg\" \/>\n<meta name=\"twitter:card\" content=\"summary_large_image\" \/>\n<meta name=\"twitter:site\" content=\"@Salzburgerland\" \/>\n<meta name=\"twitter:label1\" content=\"Gesch\u00e4tzte Lesezeit\" \/>\n\t<meta name=\"twitter:data1\" content=\"1\u00a0Minute\" \/>\n<script type=\"application\/ld+json\" class=\"yoast-schema-graph\">{\"@context\":\"https:\/\/schema.org\",\"@graph\":[{\"@type\":\"WebPage\",\"@id\":\"https:\/\/www.salzburgerland.com\/de\/events-veranstaltungen\/\",\"url\":\"https:\/\/www.salzburgerland.com\/de\/events-veranstaltungen\/\",\"name\":\"Events und Veranstaltungen in Salzburg und dem SalzburgerLand\",\"isPartOf\":{\"@id\":\"https:\/\/www.salzburgerland.com\/de\/#website\"},\"primaryImageOfPage\":{\"@id\":\"https:\/\/www.salzburgerland.com\/de\/events-veranstaltungen\/#primaryimage\"},\"image\":{\"@id\":\"https:\/\/www.salzburgerland.com\/de\/events-veranstaltungen\/#primaryimage\"},\"thumbnailUrl\":\"https:\/\/www.salzburgerland.com\/de\/wp-content\/uploads\/2016\/11\/almsommer-eroffnung.jpg\",\"datePublished\":\"2016-08-24T15:17:44+00:00\",\"dateModified\":\"2026-04-20T13:04:01+00:00\",\"description\":\"Konzerte, Ausstellungen, Feste, Sportevents und viele weitere Veranstaltungen f\u00fcr Ihr Wochenende oder Ihren Urlaub im SalzburgerLand.\",\"inLanguage\":\"de\",\"potentialAction\":[{\"@type\":\"ReadAction\",\"target\":[\"https:\/\/www.salzburgerland.com\/de\/events-veranstaltungen\/\"]}]},{\"@type\":\"ImageObject\",\"inLanguage\":\"de\",\"@id\":\"https:\/\/www.salzburgerland.com\/de\/events-veranstaltungen\/#primaryimage\",\"url\":\"https:\/\/www.salzburgerland.com\/de\/wp-content\/uploads\/2016\/11\/almsommer-eroffnung.jpg\",\"contentUrl\":\"https:\/\/www.salzburgerland.com\/de\/wp-content\/uploads\/2016\/11\/almsommer-eroffnung.jpg\",\"width\":1920,\"height\":1406,\"caption\":\"Almsommer Fest mit Kindern \u00a9 SLTG\"},{\"@type\":\"WebSite\",\"@id\":\"https:\/\/www.salzburgerland.com\/de\/#website\",\"url\":\"https:\/\/www.salzburgerland.com\/de\/\",\"name\":\"SalzburgerLand.com\",\"description\":\"Ihr Urlaub in Salzburg, \u00d6sterreich\",\"publisher\":{\"@id\":\"https:\/\/www.salzburgerland.com\/de\/#organization\"},\"potentialAction\":[{\"@type\":\"SearchAction\",\"target\":{\"@type\":\"EntryPoint\",\"urlTemplate\":\"https:\/\/www.salzburgerland.com\/de\/?s={search_term_string}\"},\"query-input\":{\"@type\":\"PropertyValueSpecification\",\"valueRequired\":true,\"valueName\":\"search_term_string\"}}],\"inLanguage\":\"de\"},{\"@type\":\"Organization\",\"@id\":\"https:\/\/www.salzburgerland.com\/de\/#organization\",\"name\":\"SalzburgerLand Tourismus GmbH\",\"url\":\"https:\/\/www.salzburgerland.com\/de\/\",\"logo\":{\"@type\":\"ImageObject\",\"inLanguage\":\"de\",\"@id\":\"https:\/\/www.salzburgerland.com\/de\/#\/schema\/logo\/image\/\",\"url\":\"https:\/\/www.salzburgerland.com\/de\/wp-content\/uploads\/2017\/01\/salzburgerland-logo.jpg\",\"contentUrl\":\"https:\/\/www.salzburgerland.com\/de\/wp-content\/uploads\/2017\/01\/salzburgerland-logo.jpg\",\"width\":1920,\"height\":827,\"caption\":\"SalzburgerLand Tourismus GmbH\"},\"image\":{\"@id\":\"https:\/\/www.salzburgerland.com\/de\/#\/schema\/logo\/image\/\"},\"sameAs\":[\"https:\/\/www.facebook.com\/salzburgerland\/\",\"https:\/\/x.com\/Salzburgerland\",\"https:\/\/www.instagram.com\/salzburgerland\/\",\"http:\/\/dbpedia.org\/resource\/Salzburg_(state)\",\"http:\/\/wikidata.dbpedia.org\/resource\/Q43325\",\"http:\/\/open.salzburgerland.com\/de\/entity\/salzburgerland\",\"https:\/\/www.youtube.com\/user\/salzburgerland\"]}]}<\/script>\n<!-- \/ Yoast SEO Premium plugin. -->","yoast_head_json":{"title":"Events und Veranstaltungen in Salzburg und dem SalzburgerLand","description":"Konzerte, Ausstellungen, Feste, Sportevents und viele weitere Veranstaltungen f\u00fcr Ihr Wochenende oder Ihren Urlaub im SalzburgerLand.","robots":{"index":"index","follow":"follow","max-snippet":"max-snippet:-1","max-image-preview":"max-image-preview:large","max-video-preview":"max-video-preview:-1"},"canonical":"https:\/\/www.salzburgerland.com\/de\/wp-json\/wp\/v2\/entities\/59759","og_locale":"de_DE","og_type":"article","og_title":"Events und Veranstaltungen","og_description":"Konzerte, Ausstellungen, Feste, Sportevents und viele weitere Veranstaltungen f\u00fcr Ihr Wochenende oder Ihren Urlaub im SalzburgerLand.","og_url":"https:\/\/www.salzburgerland.com\/de\/wp-json\/wp\/v2\/entities\/59759","og_site_name":"SalzburgerLand.com","article_publisher":"https:\/\/www.facebook.com\/salzburgerland\/","article_modified_time":"2026-04-20T13:04:01+00:00","og_image":[{"width":1200,"height":675,"url":"https:\/\/www.salzburgerland.com\/de\/wp-content\/uploads\/2016\/11\/almsommer-eroffnung-1200x675.jpg","type":"image\/jpeg"}],"twitter_card":"summary_large_image","twitter_site":"@Salzburgerland","twitter_misc":{"Gesch\u00e4tzte Lesezeit":"1\u00a0Minute"},"schema":{"@context":"https:\/\/schema.org","@graph":[{"@type":"WebPage","@id":"https:\/\/www.salzburgerland.com\/de\/events-veranstaltungen\/","url":"https:\/\/www.salzburgerland.com\/de\/events-veranstaltungen\/","name":"Events und Veranstaltungen in Salzburg und dem SalzburgerLand","isPartOf":{"@id":"https:\/\/www.salzburgerland.com\/de\/#website"},"primaryImageOfPage":{"@id":"https:\/\/www.salzburgerland.com\/de\/events-veranstaltungen\/#primaryimage"},"image":{"@id":"https:\/\/www.salzburgerland.com\/de\/events-veranstaltungen\/#primaryimage"},"thumbnailUrl":"https:\/\/www.salzburgerland.com\/de\/wp-content\/uploads\/2016\/11\/almsommer-eroffnung.jpg","datePublished":"2016-08-24T15:17:44+00:00","dateModified":"2026-04-20T13:04:01+00:00","description":"Konzerte, Ausstellungen, Feste, Sportevents und viele weitere Veranstaltungen f\u00fcr Ihr Wochenende oder Ihren Urlaub im SalzburgerLand.","inLanguage":"de","potentialAction":[{"@type":"ReadAction","target":["https:\/\/www.salzburgerland.com\/de\/events-veranstaltungen\/"]}]},{"@type":"ImageObject","inLanguage":"de","@id":"https:\/\/www.salzburgerland.com\/de\/events-veranstaltungen\/#primaryimage","url":"https:\/\/www.salzburgerland.com\/de\/wp-content\/uploads\/2016\/11\/almsommer-eroffnung.jpg","contentUrl":"https:\/\/www.salzburgerland.com\/de\/wp-content\/uploads\/2016\/11\/almsommer-eroffnung.jpg","width":1920,"height":1406,"caption":"Almsommer Fest mit Kindern \u00a9 SLTG"},{"@type":"WebSite","@id":"https:\/\/www.salzburgerland.com\/de\/#website","url":"https:\/\/www.salzburgerland.com\/de\/","name":"SalzburgerLand.com","description":"Ihr Urlaub in Salzburg, \u00d6sterreich","publisher":{"@id":"https:\/\/www.salzburgerland.com\/de\/#organization"},"potentialAction":[{"@type":"SearchAction","target":{"@type":"EntryPoint","urlTemplate":"https:\/\/www.salzburgerland.com\/de\/?s={search_term_string}"},"query-input":{"@type":"PropertyValueSpecification","valueRequired":true,"valueName":"search_term_string"}}],"inLanguage":"de"},{"@type":"Organization","@id":"https:\/\/www.salzburgerland.com\/de\/#organization","name":"SalzburgerLand Tourismus GmbH","url":"https:\/\/www.salzburgerland.com\/de\/","logo":{"@type":"ImageObject","inLanguage":"de","@id":"https:\/\/www.salzburgerland.com\/de\/#\/schema\/logo\/image\/","url":"https:\/\/www.salzburgerland.com\/de\/wp-content\/uploads\/2017\/01\/salzburgerland-logo.jpg","contentUrl":"https:\/\/www.salzburgerland.com\/de\/wp-content\/uploads\/2017\/01\/salzburgerland-logo.jpg","width":1920,"height":827,"caption":"SalzburgerLand Tourismus GmbH"},"image":{"@id":"https:\/\/www.salzburgerland.com\/de\/#\/schema\/logo\/image\/"},"sameAs":["https:\/\/www.facebook.com\/salzburgerland\/","https:\/\/x.com\/Salzburgerland","https:\/\/www.instagram.com\/salzburgerland\/","http:\/\/dbpedia.org\/resource\/Salzburg_(state)","http:\/\/wikidata.dbpedia.org\/resource\/Q43325","http:\/\/open.salzburgerland.com\/de\/entity\/salzburgerland","https:\/\/www.youtube.com\/user\/salzburgerland"]}]}},"_wl_alt_label":["Events","Veranstaltungen","Event","Veranstaltung"],"wl:entity_url":"http:\/\/open.salzburgerland.com\/de\/entity\/events_und_veranstaltungen","_links":{"self":[{"href":"https:\/\/www.salzburgerland.com\/de\/wp-json\/wp\/v2\/entities\/59759","targetHints":{"allow":["GET"]}}],"collection":[{"href":"https:\/\/www.salzburgerland.com\/de\/wp-json\/wp\/v2\/entities"}],"about":[{"href":"https:\/\/www.salzburgerland.com\/de\/wp-json\/wp\/v2\/types\/entity"}],"author":[{"embeddable":true,"href":"https:\/\/www.salzburgerland.com\/de\/wp-json\/wp\/v2\/users\/50"}],"replies":[{"embeddable":true,"href":"https:\/\/www.salzburgerland.com\/de\/wp-json\/wp\/v2\/comments?post=59759"}],"version-history":[{"count":10,"href":"https:\/\/www.salzburgerland.com\/de\/wp-json\/wp\/v2\/entities\/59759\/revisions"}],"predecessor-version":[{"id":682258,"href":"https:\/\/www.salzburgerland.com\/de\/wp-json\/wp\/v2\/entities\/59759\/revisions\/682258"}],"wp:featuredmedia":[{"embeddable":true,"href":"https:\/\/www.salzburgerland.com\/de\/wp-json\/wp\/v2\/media\/79282"}],"wp:attachment":[{"href":"https:\/\/www.salzburgerland.com\/de\/wp-json\/wp\/v2\/media?parent=59759"}],"wp:term":[{"taxonomy":"category","embeddable":true,"href":"https:\/\/www.salzburgerland.com\/de\/wp-json\/wp\/v2\/categories?post=59759"},{"taxonomy":"post_tag","embeddable":true,"href":"https:\/\/www.salzburgerland.com\/de\/wp-json\/wp\/v2\/tags?post=59759"},{"taxonomy":"wl_entity_type","embeddable":true,"href":"https:\/\/www.salzburgerland.com\/de\/wp-json\/wp\/v2\/wl_entity_type?post=59759"},{"taxonomy":"ski_resorts","embeddable":true,"href":"https:\/\/www.salzburgerland.com\/de\/wp-json\/wp\/v2\/ski_resorts?post=59759"}],"curies":[{"name":"wp","href":"https:\/\/api.w.org\/{rel}","templated":true}]}}

<p>So vielfältig wie die Landschaft und die Angebote sind auch die Veranstaltungen im SalzburgerLand.<br>
Nicht umsonst heißt es, dass das SalzburgerLand die größte Erlebnisdichte aufweist. Das bezieht sich auch auf die vielen große und kleinen Events, die das ganze Jahr über in allen Regionen geboten werden.</p>

<p>So vielfältig wie die Landschaft und die Angebote sind auch die Veranstaltungen im SalzburgerLand. Nicht umsonst heißt es, dass das SalzburgerLand die größte Erlebnisdichte aufweist. Das bezieht sich auch auf die vielen große und kleinen Events, die das ganze Jahr über in allen Regionen geboten werden.</p>

<!-- This site is optimized with the Yoast SEO Premium plugin v26.9 (Yoast SEO v26.9) - https://yoast.com/product/yoast-seo-premium-wordpress/ -->
<title>Events und Veranstaltungen in Salzburg und dem SalzburgerLand</title>
<meta name="description" content="Konzerte, Ausstellungen, Feste, Sportevents und viele weitere Veranstaltungen für Ihr Wochenende oder Ihren Urlaub im SalzburgerLand." />
<meta name="robots" content="index, follow, max-snippet:-1, max-image-preview:large, max-video-preview:-1" />
<link rel="canonical" href="https://www.salzburgerland.com/de/wp-json/wp/v2/entities/59759" />
<meta property="og:locale" content="de_DE" />
<meta property="og:type" content="article" />
<meta property="og:title" content="Events und Veranstaltungen" />
<meta property="og:description" content="Konzerte, Ausstellungen, Feste, Sportevents und viele weitere Veranstaltungen für Ihr Wochenende oder Ihren Urlaub im SalzburgerLand." />
<meta property="og:url" content="https://www.salzburgerland.com/de/wp-json/wp/v2/entities/59759" />
<meta property="og:site_name" content="SalzburgerLand.com" />
<meta property="article:publisher" content="https://www.facebook.com/salzburgerland/" />
<meta property="article:modified_time" content="2026-04-20T13:04:01+00:00" />
<meta property="og:image" content="https://www.salzburgerland.com/de/wp-content/uploads/2016/11/almsommer-eroffnung-1200x675.jpg" />
	<meta property="og:image:width" content="1200" />
	<meta property="og:image:height" content="675" />
	<meta property="og:image:type" content="image/jpeg" />
<meta name="twitter:card" content="summary_large_image" />
<meta name="twitter:site" content="@Salzburgerland" />
<meta name="twitter:label1" content="Geschätzte Lesezeit" />
	<meta name="twitter:data1" content="1 Minute" />
<script type="application/ld+json" class="yoast-schema-graph">{"@context":"https://schema.org","@graph":[{"@type":"WebPage","@id":"https://www.salzburgerland.com/de/events-veranstaltungen/","url":"https://www.salzburgerland.com/de/events-veranstaltungen/","name":"Events und Veranstaltungen in Salzburg und dem SalzburgerLand","isPartOf":{"@id":"https://www.salzburgerland.com/de/#website"},"primaryImageOfPage":{"@id":"https://www.salzburgerland.com/de/events-veranstaltungen/#primaryimage"},"image":{"@id":"https://www.salzburgerland.com/de/events-veranstaltungen/#primaryimage"},"thumbnailUrl":"https://www.salzburgerland.com/de/wp-content/uploads/2016/11/almsommer-eroffnung.jpg","datePublished":"2016-08-24T15:17:44+00:00","dateModified":"2026-04-20T13:04:01+00:00","description":"Konzerte, Ausstellungen, Feste, Sportevents und viele weitere Veranstaltungen für Ihr Wochenende oder Ihren Urlaub im SalzburgerLand.","inLanguage":"de","potentialAction":[{"@type":"ReadAction","target":["https://www.salzburgerland.com/de/events-veranstaltungen/"]}]},{"@type":"ImageObject","inLanguage":"de","@id":"https://www.salzburgerland.com/de/events-veranstaltungen/#primaryimage","url":"https://www.salzburgerland.com/de/wp-content/uploads/2016/11/almsommer-eroffnung.jpg","contentUrl":"https://www.salzburgerland.com/de/wp-content/uploads/2016/11/almsommer-eroffnung.jpg","width":1920,"height":1406,"caption":"Almsommer Fest mit Kindern © SLTG"},{"@type":"WebSite","@id":"https://www.salzburgerland.com/de/#website","url":"https://www.salzburgerland.com/de/","name":"SalzburgerLand.com","description":"Ihr Urlaub in Salzburg, Österreich","publisher":{"@id":"https://www.salzburgerland.com/de/#organization"},"potentialAction":[{"@type":"SearchAction","target":{"@type":"EntryPoint","urlTemplate":"https://www.salzburgerland.com/de/?s={search_term_string}"},"query-input":{"@type":"PropertyValueSpecification","valueRequired":true,"valueName":"search_term_string"}}],"inLanguage":"de"},{"@type":"Organization","@id":"https://www.salzburgerland.com/de/#organization","name":"SalzburgerLand Tourismus GmbH","url":"https://www.salzburgerland.com/de/","logo":{"@type":"ImageObject","inLanguage":"de","@id":"https://www.salzburgerland.com/de/#/schema/logo/image/","url":"https://www.salzburgerland.com/de/wp-content/uploads/2017/01/salzburgerland-logo.jpg","contentUrl":"https://www.salzburgerland.com/de/wp-content/uploads/2017/01/salzburgerland-logo.jpg","width":1920,"height":827,"caption":"SalzburgerLand Tourismus GmbH"},"image":{"@id":"https://www.salzburgerland.com/de/#/schema/logo/image/"},"sameAs":["https://www.facebook.com/salzburgerland/","https://x.com/Salzburgerland","https://www.instagram.com/salzburgerland/","http://dbpedia.org/resource/Salzburg_(state)","http://wikidata.dbpedia.org/resource/Q43325","http://open.salzburgerland.com/de/entity/salzburgerland","https://www.youtube.com/user/salzburgerland"]}]}</script>
<!-- / Yoast SEO Premium plugin. -->

Konzerte, Ausstellungen, Feste, Sportevents und viele weitere Veranstaltungen für Ihr Wochenende oder Ihren Urlaub im SalzburgerLand.

Ihr Urlaub in Salzburg, Österreich
