{"id":477356,"date":"2020-07-16T12:07:10","date_gmt":"2020-07-16T10:07:10","guid":{"rendered":"https:\/\/www.salzburgerland.com\/de\/?post_type=entity&#038;p=477356"},"modified":"2023-10-05T15:46:36","modified_gmt":"2023-10-05T13:46:36","slug":"herbstzeit","status":"publish","type":"entity","link":"https:\/\/www.salzburgerland.com\/de\/herbstzeit\/","title":{"rendered":"Herbstzeit"},"content":{"rendered":"<p>Der Bauernherbst wird auch die f\u00fcnfte Jahreszeit genannt: die Zeit der Ernte und der Feste. Gr\u00fcnde zum Feiern gibt es viele im SalzburgerLand. So urspr\u00fcnglich wie hier erlebt man Tradition nur selten. Und kulinarisch wird nur das Feinste aus der Region aufgetischt.<\/p>\n<p>Wer nach Ruhe und Ausgleich sucht, kommt in der Alpinen Gesundheitsregion auf seine Kosten. Sechs Thermen laden zur Entspannung ein. Eine andere Quelle der Gesundheit ist Bewegung an der frischen Luft. Ob Wandern oder Radfahren: die Natur tut K\u00f6rper und Seele gut.<\/p>\n<p>Kurzum, im Herbst ist f\u00fcr jeden das Passende dabei!<\/p>\n","protected":false},"excerpt":{"rendered":"<p>Der Bauernherbst wird auch die f\u00fcnfte Jahreszeit genannt: die Zeit der Ernte und der Feste. Gr\u00fcnde zum Feiern gibt es viele im SalzburgerLand. So urspr\u00fcnglich wie hier erlebt man Tradition nur selten. Und kulinarisch wird nur das Feinste aus der Region aufgetischt. Wer nach Ruhe und Ausgleich sucht, kommt in der Alpinen Gesundheitsregion auf seine [&hellip;]<\/p>\n","protected":false},"author":77,"featured_media":477406,"comment_status":"closed","ping_status":"closed","template":"","meta":{"_acf_changed":false,"wl_entities_gutenberg":"","_relevanssi_hide_post":"","_relevanssi_hide_content":"","_relevanssi_pin_for_all":"","_relevanssi_pin_keywords":"","_relevanssi_unpin_keywords":"","_relevanssi_related_keywords":"","_relevanssi_related_include_ids":"","_relevanssi_related_exclude_ids":"","_relevanssi_related_no_append":"","_relevanssi_related_not_related":"","_relevanssi_related_posts":"","_relevanssi_noindex_reason":"","footnotes":""},"categories":[],"tags":[],"wl_entity_type":[2],"ski_resorts":[],"class_list":["post-477356","entity","type-entity","status-publish","has-post-thumbnail","hentry","wl_entity_type-thing","sitetype-theme"],"acf":[],"yoast_head":"<!-- This site is optimized with the Yoast SEO Premium plugin v26.9 (Yoast SEO v26.9) - https:\/\/yoast.com\/product\/yoast-seo-premium-wordpress\/ -->\n<title>Herbstzeit \u00bb SalzburgerLand.com<\/title>\n<meta name=\"robots\" content=\"index, follow, max-snippet:-1, max-image-preview:large, max-video-preview:-1\" \/>\n<link rel=\"canonical\" href=\"https:\/\/www.salzburgerland.com\/de\/wp-json\/wp\/v2\/entities\/477356\" \/>\n<meta property=\"og:locale\" content=\"de_DE\" \/>\n<meta property=\"og:type\" content=\"article\" \/>\n<meta property=\"og:title\" content=\"Herbstzeit\" \/>\n<meta property=\"og:description\" content=\"Wenn die Natur in den sch\u00f6nsten Farben strahlt und die Ortseinfahrten mit handgemachten Strohfiguren geschm\u00fcckt sind, dann ist der Herbst im SalzburgerLand eingekehrt.\" \/>\n<meta property=\"og:url\" content=\"https:\/\/www.salzburgerland.com\/de\/wp-json\/wp\/v2\/entities\/477356\" \/>\n<meta property=\"og:site_name\" content=\"SalzburgerLand.com\" \/>\n<meta property=\"article:publisher\" content=\"https:\/\/www.facebook.com\/salzburgerland\/\" \/>\n<meta property=\"article:modified_time\" content=\"2023-10-05T13:46:36+00:00\" \/>\n<meta property=\"og:image\" content=\"https:\/\/www.salzburgerland.com\/de\/wp-content\/uploads\/2020\/07\/schober_salzkammergut_0716-4642-scaled-e1594910869701-1200x675.jpg\" \/>\n\t<meta property=\"og:image:width\" content=\"1200\" \/>\n\t<meta property=\"og:image:height\" content=\"675\" \/>\n\t<meta property=\"og:image:type\" content=\"image\/jpeg\" \/>\n<meta name=\"twitter:card\" content=\"summary_large_image\" \/>\n<meta name=\"twitter:site\" content=\"@Salzburgerland\" \/>\n<meta name=\"twitter:label1\" content=\"Gesch\u00e4tzte Lesezeit\" \/>\n\t<meta name=\"twitter:data1\" content=\"1\u00a0Minute\" \/>\n<script type=\"application\/ld+json\" class=\"yoast-schema-graph\">{\"@context\":\"https:\/\/schema.org\",\"@graph\":[{\"@type\":\"WebPage\",\"@id\":\"https:\/\/www.salzburgerland.com\/de\/herbstzeit\/\",\"url\":\"https:\/\/www.salzburgerland.com\/de\/herbstzeit\/\",\"name\":\"Herbstzeit \u00bb SalzburgerLand.com\",\"isPartOf\":{\"@id\":\"https:\/\/www.salzburgerland.com\/de\/#website\"},\"primaryImageOfPage\":{\"@id\":\"https:\/\/www.salzburgerland.com\/de\/herbstzeit\/#primaryimage\"},\"image\":{\"@id\":\"https:\/\/www.salzburgerland.com\/de\/herbstzeit\/#primaryimage\"},\"thumbnailUrl\":\"https:\/\/www.salzburgerland.com\/de\/wp-content\/uploads\/2020\/07\/schober_salzkammergut_0716-4642-scaled-e1594910869701.jpg\",\"datePublished\":\"2020-07-16T10:07:10+00:00\",\"dateModified\":\"2023-10-05T13:46:36+00:00\",\"description\":\"Wenn die Natur in den sch\u00f6nsten Farben strahlt und die Ortseinfahrten mit handgemachten Strohfiguren geschm\u00fcckt sind, dann ist der Herbst im SalzburgerLand eingekehrt.\",\"inLanguage\":\"de\",\"potentialAction\":[{\"@type\":\"ReadAction\",\"target\":[\"https:\/\/www.salzburgerland.com\/de\/herbstzeit\/\"]}]},{\"@type\":\"ImageObject\",\"inLanguage\":\"de\",\"@id\":\"https:\/\/www.salzburgerland.com\/de\/herbstzeit\/#primaryimage\",\"url\":\"https:\/\/www.salzburgerland.com\/de\/wp-content\/uploads\/2020\/07\/schober_salzkammergut_0716-4642-scaled-e1594910869701.jpg\",\"contentUrl\":\"https:\/\/www.salzburgerland.com\/de\/wp-content\/uploads\/2020\/07\/schober_salzkammergut_0716-4642-scaled-e1594910869701.jpg\",\"width\":1920,\"height\":878,\"caption\":\"Copyright \u00a9 2016 F. Pritz, Franz Pritz, Sonnenaufgang im Salzkammergut\"},{\"@type\":\"WebSite\",\"@id\":\"https:\/\/www.salzburgerland.com\/de\/#website\",\"url\":\"https:\/\/www.salzburgerland.com\/de\/\",\"name\":\"SalzburgerLand.com\",\"description\":\"Ihr Urlaub in Salzburg, \u00d6sterreich\",\"publisher\":{\"@id\":\"https:\/\/www.salzburgerland.com\/de\/#organization\"},\"potentialAction\":[{\"@type\":\"SearchAction\",\"target\":{\"@type\":\"EntryPoint\",\"urlTemplate\":\"https:\/\/www.salzburgerland.com\/de\/?s={search_term_string}\"},\"query-input\":{\"@type\":\"PropertyValueSpecification\",\"valueRequired\":true,\"valueName\":\"search_term_string\"}}],\"inLanguage\":\"de\"},{\"@type\":\"Organization\",\"@id\":\"https:\/\/www.salzburgerland.com\/de\/#organization\",\"name\":\"SalzburgerLand Tourismus GmbH\",\"url\":\"https:\/\/www.salzburgerland.com\/de\/\",\"logo\":{\"@type\":\"ImageObject\",\"inLanguage\":\"de\",\"@id\":\"https:\/\/www.salzburgerland.com\/de\/#\/schema\/logo\/image\/\",\"url\":\"https:\/\/www.salzburgerland.com\/de\/wp-content\/uploads\/2017\/01\/salzburgerland-logo.jpg\",\"contentUrl\":\"https:\/\/www.salzburgerland.com\/de\/wp-content\/uploads\/2017\/01\/salzburgerland-logo.jpg\",\"width\":1920,\"height\":827,\"caption\":\"SalzburgerLand Tourismus GmbH\"},\"image\":{\"@id\":\"https:\/\/www.salzburgerland.com\/de\/#\/schema\/logo\/image\/\"},\"sameAs\":[\"https:\/\/www.facebook.com\/salzburgerland\/\",\"https:\/\/x.com\/Salzburgerland\",\"https:\/\/www.instagram.com\/salzburgerland\/\",\"http:\/\/dbpedia.org\/resource\/Salzburg_(state)\",\"http:\/\/wikidata.dbpedia.org\/resource\/Q43325\",\"http:\/\/open.salzburgerland.com\/de\/entity\/salzburgerland\",\"https:\/\/www.youtube.com\/user\/salzburgerland\"]}]}<\/script>\n<!-- \/ Yoast SEO Premium plugin. -->","yoast_head_json":{"title":"Herbstzeit \u00bb SalzburgerLand.com","robots":{"index":"index","follow":"follow","max-snippet":"max-snippet:-1","max-image-preview":"max-image-preview:large","max-video-preview":"max-video-preview:-1"},"canonical":"https:\/\/www.salzburgerland.com\/de\/wp-json\/wp\/v2\/entities\/477356","og_locale":"de_DE","og_type":"article","og_title":"Herbstzeit","og_description":"Wenn die Natur in den sch\u00f6nsten Farben strahlt und die Ortseinfahrten mit handgemachten Strohfiguren geschm\u00fcckt sind, dann ist der Herbst im SalzburgerLand eingekehrt.","og_url":"https:\/\/www.salzburgerland.com\/de\/wp-json\/wp\/v2\/entities\/477356","og_site_name":"SalzburgerLand.com","article_publisher":"https:\/\/www.facebook.com\/salzburgerland\/","article_modified_time":"2023-10-05T13:46:36+00:00","og_image":[{"width":1200,"height":675,"url":"https:\/\/www.salzburgerland.com\/de\/wp-content\/uploads\/2020\/07\/schober_salzkammergut_0716-4642-scaled-e1594910869701-1200x675.jpg","type":"image\/jpeg"}],"twitter_card":"summary_large_image","twitter_site":"@Salzburgerland","twitter_misc":{"Gesch\u00e4tzte Lesezeit":"1\u00a0Minute"},"schema":{"@context":"https:\/\/schema.org","@graph":[{"@type":"WebPage","@id":"https:\/\/www.salzburgerland.com\/de\/herbstzeit\/","url":"https:\/\/www.salzburgerland.com\/de\/herbstzeit\/","name":"Herbstzeit \u00bb SalzburgerLand.com","isPartOf":{"@id":"https:\/\/www.salzburgerland.com\/de\/#website"},"primaryImageOfPage":{"@id":"https:\/\/www.salzburgerland.com\/de\/herbstzeit\/#primaryimage"},"image":{"@id":"https:\/\/www.salzburgerland.com\/de\/herbstzeit\/#primaryimage"},"thumbnailUrl":"https:\/\/www.salzburgerland.com\/de\/wp-content\/uploads\/2020\/07\/schober_salzkammergut_0716-4642-scaled-e1594910869701.jpg","datePublished":"2020-07-16T10:07:10+00:00","dateModified":"2023-10-05T13:46:36+00:00","description":"Wenn die Natur in den sch\u00f6nsten Farben strahlt und die Ortseinfahrten mit handgemachten Strohfiguren geschm\u00fcckt sind, dann ist der Herbst im SalzburgerLand eingekehrt.","inLanguage":"de","potentialAction":[{"@type":"ReadAction","target":["https:\/\/www.salzburgerland.com\/de\/herbstzeit\/"]}]},{"@type":"ImageObject","inLanguage":"de","@id":"https:\/\/www.salzburgerland.com\/de\/herbstzeit\/#primaryimage","url":"https:\/\/www.salzburgerland.com\/de\/wp-content\/uploads\/2020\/07\/schober_salzkammergut_0716-4642-scaled-e1594910869701.jpg","contentUrl":"https:\/\/www.salzburgerland.com\/de\/wp-content\/uploads\/2020\/07\/schober_salzkammergut_0716-4642-scaled-e1594910869701.jpg","width":1920,"height":878,"caption":"Copyright \u00a9 2016 F. Pritz, Franz Pritz, Sonnenaufgang im Salzkammergut"},{"@type":"WebSite","@id":"https:\/\/www.salzburgerland.com\/de\/#website","url":"https:\/\/www.salzburgerland.com\/de\/","name":"SalzburgerLand.com","description":"Ihr Urlaub in Salzburg, \u00d6sterreich","publisher":{"@id":"https:\/\/www.salzburgerland.com\/de\/#organization"},"potentialAction":[{"@type":"SearchAction","target":{"@type":"EntryPoint","urlTemplate":"https:\/\/www.salzburgerland.com\/de\/?s={search_term_string}"},"query-input":{"@type":"PropertyValueSpecification","valueRequired":true,"valueName":"search_term_string"}}],"inLanguage":"de"},{"@type":"Organization","@id":"https:\/\/www.salzburgerland.com\/de\/#organization","name":"SalzburgerLand Tourismus GmbH","url":"https:\/\/www.salzburgerland.com\/de\/","logo":{"@type":"ImageObject","inLanguage":"de","@id":"https:\/\/www.salzburgerland.com\/de\/#\/schema\/logo\/image\/","url":"https:\/\/www.salzburgerland.com\/de\/wp-content\/uploads\/2017\/01\/salzburgerland-logo.jpg","contentUrl":"https:\/\/www.salzburgerland.com\/de\/wp-content\/uploads\/2017\/01\/salzburgerland-logo.jpg","width":1920,"height":827,"caption":"SalzburgerLand Tourismus GmbH"},"image":{"@id":"https:\/\/www.salzburgerland.com\/de\/#\/schema\/logo\/image\/"},"sameAs":["https:\/\/www.facebook.com\/salzburgerland\/","https:\/\/x.com\/Salzburgerland","https:\/\/www.instagram.com\/salzburgerland\/","http:\/\/dbpedia.org\/resource\/Salzburg_(state)","http:\/\/wikidata.dbpedia.org\/resource\/Q43325","http:\/\/open.salzburgerland.com\/de\/entity\/salzburgerland","https:\/\/www.youtube.com\/user\/salzburgerland"]}]}},"_wl_alt_label":[],"wl:entity_url":"http:\/\/open.salzburgerland.com\/de\/entity\/herbstzeit","_links":{"self":[{"href":"https:\/\/www.salzburgerland.com\/de\/wp-json\/wp\/v2\/entities\/477356","targetHints":{"allow":["GET"]}}],"collection":[{"href":"https:\/\/www.salzburgerland.com\/de\/wp-json\/wp\/v2\/entities"}],"about":[{"href":"https:\/\/www.salzburgerland.com\/de\/wp-json\/wp\/v2\/types\/entity"}],"author":[{"embeddable":true,"href":"https:\/\/www.salzburgerland.com\/de\/wp-json\/wp\/v2\/users\/77"}],"replies":[{"embeddable":true,"href":"https:\/\/www.salzburgerland.com\/de\/wp-json\/wp\/v2\/comments?post=477356"}],"version-history":[{"count":5,"href":"https:\/\/www.salzburgerland.com\/de\/wp-json\/wp\/v2\/entities\/477356\/revisions"}],"predecessor-version":[{"id":665727,"href":"https:\/\/www.salzburgerland.com\/de\/wp-json\/wp\/v2\/entities\/477356\/revisions\/665727"}],"wp:featuredmedia":[{"embeddable":true,"href":"https:\/\/www.salzburgerland.com\/de\/wp-json\/wp\/v2\/media\/477406"}],"wp:attachment":[{"href":"https:\/\/www.salzburgerland.com\/de\/wp-json\/wp\/v2\/media?parent=477356"}],"wp:term":[{"taxonomy":"category","embeddable":true,"href":"https:\/\/www.salzburgerland.com\/de\/wp-json\/wp\/v2\/categories?post=477356"},{"taxonomy":"post_tag","embeddable":true,"href":"https:\/\/www.salzburgerland.com\/de\/wp-json\/wp\/v2\/tags?post=477356"},{"taxonomy":"wl_entity_type","embeddable":true,"href":"https:\/\/www.salzburgerland.com\/de\/wp-json\/wp\/v2\/wl_entity_type?post=477356"},{"taxonomy":"ski_resorts","embeddable":true,"href":"https:\/\/www.salzburgerland.com\/de\/wp-json\/wp\/v2\/ski_resorts?post=477356"}],"curies":[{"name":"wp","href":"https:\/\/api.w.org\/{rel}","templated":true}]}}

<p>Der Bauernherbst wird auch die fünfte Jahreszeit genannt: die Zeit der Ernte und der Feste. Gründe zum Feiern gibt es viele im SalzburgerLand. So ursprünglich wie hier erlebt man Tradition nur selten. Und kulinarisch wird nur das Feinste aus der Region aufgetischt.</p>
<p>Wer nach Ruhe und Ausgleich sucht, kommt in der Alpinen Gesundheitsregion auf seine Kosten. Sechs Thermen laden zur Entspannung ein. Eine andere Quelle der Gesundheit ist Bewegung an der frischen Luft. Ob Wandern oder Radfahren: die Natur tut Körper und Seele gut.</p>
<p>Kurzum, im Herbst ist für jeden das Passende dabei!</p>

<p>Der Bauernherbst wird auch die fünfte Jahreszeit genannt: die Zeit der Ernte und der Feste. Gründe zum Feiern gibt es viele im SalzburgerLand. So ursprünglich wie hier erlebt man Tradition nur selten. Und kulinarisch wird nur das Feinste aus der Region aufgetischt. Wer nach Ruhe und Ausgleich sucht, kommt in der Alpinen Gesundheitsregion auf seine [&hellip;]</p>

<!-- This site is optimized with the Yoast SEO Premium plugin v26.9 (Yoast SEO v26.9) - https://yoast.com/product/yoast-seo-premium-wordpress/ -->
<title>Herbstzeit » SalzburgerLand.com</title>
<meta name="robots" content="index, follow, max-snippet:-1, max-image-preview:large, max-video-preview:-1" />
<link rel="canonical" href="https://www.salzburgerland.com/de/wp-json/wp/v2/entities/477356" />
<meta property="og:locale" content="de_DE" />
<meta property="og:type" content="article" />
<meta property="og:title" content="Herbstzeit" />
<meta property="og:description" content="Wenn die Natur in den schönsten Farben strahlt und die Ortseinfahrten mit handgemachten Strohfiguren geschmückt sind, dann ist der Herbst im SalzburgerLand eingekehrt." />
<meta property="og:url" content="https://www.salzburgerland.com/de/wp-json/wp/v2/entities/477356" />
<meta property="og:site_name" content="SalzburgerLand.com" />
<meta property="article:publisher" content="https://www.facebook.com/salzburgerland/" />
<meta property="article:modified_time" content="2023-10-05T13:46:36+00:00" />
<meta property="og:image" content="https://www.salzburgerland.com/de/wp-content/uploads/2020/07/schober_salzkammergut_0716-4642-scaled-e1594910869701-1200x675.jpg" />
	<meta property="og:image:width" content="1200" />
	<meta property="og:image:height" content="675" />
	<meta property="og:image:type" content="image/jpeg" />
<meta name="twitter:card" content="summary_large_image" />
<meta name="twitter:site" content="@Salzburgerland" />
<meta name="twitter:label1" content="Geschätzte Lesezeit" />
	<meta name="twitter:data1" content="1 Minute" />
<script type="application/ld+json" class="yoast-schema-graph">{"@context":"https://schema.org","@graph":[{"@type":"WebPage","@id":"https://www.salzburgerland.com/de/herbstzeit/","url":"https://www.salzburgerland.com/de/herbstzeit/","name":"Herbstzeit » SalzburgerLand.com","isPartOf":{"@id":"https://www.salzburgerland.com/de/#website"},"primaryImageOfPage":{"@id":"https://www.salzburgerland.com/de/herbstzeit/#primaryimage"},"image":{"@id":"https://www.salzburgerland.com/de/herbstzeit/#primaryimage"},"thumbnailUrl":"https://www.salzburgerland.com/de/wp-content/uploads/2020/07/schober_salzkammergut_0716-4642-scaled-e1594910869701.jpg","datePublished":"2020-07-16T10:07:10+00:00","dateModified":"2023-10-05T13:46:36+00:00","description":"Wenn die Natur in den schönsten Farben strahlt und die Ortseinfahrten mit handgemachten Strohfiguren geschmückt sind, dann ist der Herbst im SalzburgerLand eingekehrt.","inLanguage":"de","potentialAction":[{"@type":"ReadAction","target":["https://www.salzburgerland.com/de/herbstzeit/"]}]},{"@type":"ImageObject","inLanguage":"de","@id":"https://www.salzburgerland.com/de/herbstzeit/#primaryimage","url":"https://www.salzburgerland.com/de/wp-content/uploads/2020/07/schober_salzkammergut_0716-4642-scaled-e1594910869701.jpg","contentUrl":"https://www.salzburgerland.com/de/wp-content/uploads/2020/07/schober_salzkammergut_0716-4642-scaled-e1594910869701.jpg","width":1920,"height":878,"caption":"Copyright © 2016 F. Pritz, Franz Pritz, Sonnenaufgang im Salzkammergut"},{"@type":"WebSite","@id":"https://www.salzburgerland.com/de/#website","url":"https://www.salzburgerland.com/de/","name":"SalzburgerLand.com","description":"Ihr Urlaub in Salzburg, Österreich","publisher":{"@id":"https://www.salzburgerland.com/de/#organization"},"potentialAction":[{"@type":"SearchAction","target":{"@type":"EntryPoint","urlTemplate":"https://www.salzburgerland.com/de/?s={search_term_string}"},"query-input":{"@type":"PropertyValueSpecification","valueRequired":true,"valueName":"search_term_string"}}],"inLanguage":"de"},{"@type":"Organization","@id":"https://www.salzburgerland.com/de/#organization","name":"SalzburgerLand Tourismus GmbH","url":"https://www.salzburgerland.com/de/","logo":{"@type":"ImageObject","inLanguage":"de","@id":"https://www.salzburgerland.com/de/#/schema/logo/image/","url":"https://www.salzburgerland.com/de/wp-content/uploads/2017/01/salzburgerland-logo.jpg","contentUrl":"https://www.salzburgerland.com/de/wp-content/uploads/2017/01/salzburgerland-logo.jpg","width":1920,"height":827,"caption":"SalzburgerLand Tourismus GmbH"},"image":{"@id":"https://www.salzburgerland.com/de/#/schema/logo/image/"},"sameAs":["https://www.facebook.com/salzburgerland/","https://x.com/Salzburgerland","https://www.instagram.com/salzburgerland/","http://dbpedia.org/resource/Salzburg_(state)","http://wikidata.dbpedia.org/resource/Q43325","http://open.salzburgerland.com/de/entity/salzburgerland","https://www.youtube.com/user/salzburgerland"]}]}</script>
<!-- / Yoast SEO Premium plugin. -->

Wenn die Natur in den schönsten Farben strahlt und die Ortseinfahrten mit handgemachten Strohfiguren geschmückt sind, dann ist der Herbst im SalzburgerLand eingekehrt.

Ihr Urlaub in Salzburg, Österreich
