{"version":"1.0","provider_name":"SalzburgerLand Magazin","provider_url":"https:\/\/www.salzburgerland.com\/de\/magazin","author_name":"G\u00fcnter Baumgartner","author_url":"https:\/\/www.salzburgerland.com\/de\/magazin\/author\/guenter-baumgartner\/","title":"Zeller Sommerkonzerte","type":"rich","width":600,"height":338,"html":"<blockquote class=\"wp-embedded-content\" data-secret=\"PL7pAzPkOE\"><a href=\"https:\/\/www.salzburgerland.com\/de\/magazin\/zeller-sommerkonzerte\/\">Zeller Sommerkonzerte<\/a><\/blockquote><iframe sandbox=\"allow-scripts\" security=\"restricted\" src=\"https:\/\/www.salzburgerland.com\/de\/magazin\/zeller-sommerkonzerte\/embed\/#?secret=PL7pAzPkOE\" width=\"600\" height=\"338\" title=\"&#8222;Zeller Sommerkonzerte&#8220; &#8211; SalzburgerLand Magazin\" data-secret=\"PL7pAzPkOE\" frameborder=\"0\" marginwidth=\"0\" marginheight=\"0\" scrolling=\"no\" class=\"wp-embedded-content\"><\/iframe><script type=\"text\/javascript\">\n\/* <![CDATA[ *\/\n\/*! This file is auto-generated *\/\n!function(d,l){\"use strict\";l.querySelector&&d.addEventListener&&\"undefined\"!=typeof URL&&(d.wp=d.wp||{},d.wp.receiveEmbedMessage||(d.wp.receiveEmbedMessage=function(e){var t=e.data;if((t||t.secret||t.message||t.value)&&!\/[^a-zA-Z0-9]\/.test(t.secret)){for(var s,r,n,a=l.querySelectorAll('iframe[data-secret=\"'+t.secret+'\"]'),o=l.querySelectorAll('blockquote[data-secret=\"'+t.secret+'\"]'),c=new RegExp(\"^https?:$\",\"i\"),i=0;i<o.length;i++)o[i].style.display=\"none\";for(i=0;i<a.length;i++)s=a[i],e.source===s.contentWindow&&(s.removeAttribute(\"style\"),\"height\"===t.message?(1e3<(r=parseInt(t.value,10))?r=1e3:~~r<200&&(r=200),s.height=r):\"link\"===t.message&&(r=new URL(s.getAttribute(\"src\")),n=new URL(t.value),c.test(n.protocol))&&n.host===r.host&&l.activeElement===s&&(d.top.location.href=t.value))}},d.addEventListener(\"message\",d.wp.receiveEmbedMessage,!1),l.addEventListener(\"DOMContentLoaded\",function(){for(var e,t,s=l.querySelectorAll(\"iframe.wp-embedded-content\"),r=0;r<s.length;r++)(t=(e=s[r]).getAttribute(\"data-secret\"))||(t=Math.random().toString(36).substring(2,12),e.src+=\"#?secret=\"+t,e.setAttribute(\"data-secret\",t)),e.contentWindow.postMessage({message:\"ready\",secret:t},\"*\")},!1)))}(window,document);\n\/* ]]> *\/\n<\/script>\n","thumbnail_url":"https:\/\/www.salzburgerland.com\/de\/magazin\/wp-content\/uploads\/2019\/07\/cropped-Stadtpfarrkirche-Zell-am-See-Sommerkonzert-I-c-Faistauer-Zell-am-See.jpg","thumbnail_width":1732,"thumbnail_height":972,"description":"Ludwig van Beethoven, W.A. Mozart, Antonin Dvorak, Franz Schubert, Johannes Brahms, Gottfried von Einem, Joseph Haydn: Sie alle geben sich diesen Sommer in Zell am See praktisch den Geigenbogen in die Hand. Nat\u00fcrlich nicht pers\u00f6nlich, daf\u00fcr aber in Form ihrer Kammermusik, die von au\u00dfergew\u00f6hnlichen Musikern im Rahmen der Zeller Sommerkonzerte vorgetragen werden. Eine Kammerkonzertreihe f\u00fcr [&hellip;]"}

Günter Baumgartner

Ludwig van Beethoven, W.A. Mozart, Antonin Dvorak, Franz Schubert, Johannes Brahms, Gottfried von Einem, Joseph Haydn: Sie alle geben sich diesen Sommer in Zell am See praktisch den Geigenbogen in die Hand. Natürlich nicht persönlich, dafür aber in Form ihrer Kammermusik, die von außergewöhnlichen Musikern im Rahmen der Zeller Sommerkonzerte vorgetragen werden. Eine Kammerkonzertreihe für [&hellip;]
