{"version":"1.0","provider_name":"SalzburgerLand Magazin","provider_url":"https:\/\/www.salzburgerland.com\/de\/magazin","author_name":"Anke Eder","author_url":"https:\/\/www.salzburgerland.com\/de\/magazin\/author\/anke-eder\/","title":"Wir packen den Sommer ins Glas!","type":"rich","width":600,"height":338,"html":"<blockquote class=\"wp-embedded-content\" data-secret=\"8e2tqjDFjH\"><a href=\"https:\/\/www.salzburgerland.com\/de\/magazin\/wir-packen-den-sommer-ins-glas\/\">Wir packen den Sommer ins Glas!<\/a><\/blockquote><iframe sandbox=\"allow-scripts\" security=\"restricted\" src=\"https:\/\/www.salzburgerland.com\/de\/magazin\/wir-packen-den-sommer-ins-glas\/embed\/#?secret=8e2tqjDFjH\" width=\"600\" height=\"338\" title=\"&#8222;Wir packen den Sommer ins Glas!&#8220; &#8211; SalzburgerLand Magazin\" data-secret=\"8e2tqjDFjH\" frameborder=\"0\" marginwidth=\"0\" marginheight=\"0\" scrolling=\"no\" class=\"wp-embedded-content\"><\/iframe><script type=\"text\/javascript\">\n\/* <![CDATA[ *\/\n\/*! This file is auto-generated *\/\n!function(d,l){\"use strict\";l.querySelector&&d.addEventListener&&\"undefined\"!=typeof URL&&(d.wp=d.wp||{},d.wp.receiveEmbedMessage||(d.wp.receiveEmbedMessage=function(e){var t=e.data;if((t||t.secret||t.message||t.value)&&!\/[^a-zA-Z0-9]\/.test(t.secret)){for(var s,r,n,a=l.querySelectorAll('iframe[data-secret=\"'+t.secret+'\"]'),o=l.querySelectorAll('blockquote[data-secret=\"'+t.secret+'\"]'),c=new RegExp(\"^https?:$\",\"i\"),i=0;i<o.length;i++)o[i].style.display=\"none\";for(i=0;i<a.length;i++)s=a[i],e.source===s.contentWindow&&(s.removeAttribute(\"style\"),\"height\"===t.message?(1e3<(r=parseInt(t.value,10))?r=1e3:~~r<200&&(r=200),s.height=r):\"link\"===t.message&&(r=new URL(s.getAttribute(\"src\")),n=new URL(t.value),c.test(n.protocol))&&n.host===r.host&&l.activeElement===s&&(d.top.location.href=t.value))}},d.addEventListener(\"message\",d.wp.receiveEmbedMessage,!1),l.addEventListener(\"DOMContentLoaded\",function(){for(var e,t,s=l.querySelectorAll(\"iframe.wp-embedded-content\"),r=0;r<s.length;r++)(t=(e=s[r]).getAttribute(\"data-secret\"))||(t=Math.random().toString(36).substring(2,12),e.src+=\"#?secret=\"+t,e.setAttribute(\"data-secret\",t)),e.contentWindow.postMessage({message:\"ready\",secret:t},\"*\")},!1)))}(window,document);\n\/* ]]> *\/\n<\/script>\n","thumbnail_url":"https:\/\/www.salzburgerland.com\/de\/magazin\/wp-content\/uploads\/2017\/08\/IMG_0936.jpg","thumbnail_width":1600,"thumbnail_height":1067,"description":"Wer sich gl\u00fccklich sch\u00e4tzen kann aus dem eigenen Garten oder vom Balkon zu ernten, hat oftmals sogar zuviel Gem\u00fcse auf einmal zur Verf\u00fcgung. Darum greifen viele auf traditionelle Konservierungsmethoden wie Einmachen und Einkochen zur\u00fcck. Unsere Redakteurin Anke Eder, Foodbloggerin und diplomierte Ern\u00e4hrungstrainerin, hat gelbe und gr\u00fcne Zucchini kombiniert und mit aromatischem Rosmarin aus ihrem Garten [&hellip;]"}

Wer sich glücklich schätzen kann aus dem eigenen Garten oder vom Balkon zu ernten, hat oftmals sogar zuviel Gemüse auf einmal zur Verfügung. Darum greifen viele auf traditionelle Konservierungsmethoden wie Einmachen und Einkochen zurück. Unsere Redakteurin Anke Eder, Foodbloggerin und diplomierte Ernährungstrainerin, hat gelbe und grüne Zucchini kombiniert und mit aromatischem Rosmarin aus ihrem Garten [&hellip;]
