{"version":"1.0","provider_name":"SalzburgerLand Magazin","provider_url":"https:\/\/www.salzburgerland.com\/de\/magazin","author_name":"Heiko Mandl","author_url":"https:\/\/www.salzburgerland.com\/de\/magazin\/author\/heiko-mandl\/","title":"Watzmann und Hochk\u00f6nig im Doppelpack","type":"rich","width":600,"height":338,"html":"<blockquote class=\"wp-embedded-content\" data-secret=\"WjUkaE0Xtv\"><a href=\"https:\/\/www.salzburgerland.com\/de\/magazin\/watzmann-und-hochkonig-im-doppelpack-2\/\">Watzmann und Hochk\u00f6nig im Doppelpack<\/a><\/blockquote><iframe sandbox=\"allow-scripts\" security=\"restricted\" src=\"https:\/\/www.salzburgerland.com\/de\/magazin\/watzmann-und-hochkonig-im-doppelpack-2\/embed\/#?secret=WjUkaE0Xtv\" width=\"600\" height=\"338\" title=\"&#8222;Watzmann und Hochk\u00f6nig im Doppelpack&#8220; &#8211; SalzburgerLand Magazin\" data-secret=\"WjUkaE0Xtv\" frameborder=\"0\" marginwidth=\"0\" marginheight=\"0\" scrolling=\"no\" class=\"wp-embedded-content\"><\/iframe><script type=\"text\/javascript\">\n\/* <![CDATA[ *\/\n\/*! This file is auto-generated *\/\n!function(d,l){\"use strict\";l.querySelector&&d.addEventListener&&\"undefined\"!=typeof URL&&(d.wp=d.wp||{},d.wp.receiveEmbedMessage||(d.wp.receiveEmbedMessage=function(e){var t=e.data;if((t||t.secret||t.message||t.value)&&!\/[^a-zA-Z0-9]\/.test(t.secret)){for(var s,r,n,a=l.querySelectorAll('iframe[data-secret=\"'+t.secret+'\"]'),o=l.querySelectorAll('blockquote[data-secret=\"'+t.secret+'\"]'),c=new RegExp(\"^https?:$\",\"i\"),i=0;i<o.length;i++)o[i].style.display=\"none\";for(i=0;i<a.length;i++)s=a[i],e.source===s.contentWindow&&(s.removeAttribute(\"style\"),\"height\"===t.message?(1e3<(r=parseInt(t.value,10))?r=1e3:~~r<200&&(r=200),s.height=r):\"link\"===t.message&&(r=new URL(s.getAttribute(\"src\")),n=new URL(t.value),c.test(n.protocol))&&n.host===r.host&&l.activeElement===s&&(d.top.location.href=t.value))}},d.addEventListener(\"message\",d.wp.receiveEmbedMessage,!1),l.addEventListener(\"DOMContentLoaded\",function(){for(var e,t,s=l.querySelectorAll(\"iframe.wp-embedded-content\"),r=0;r<s.length;r++)(t=(e=s[r]).getAttribute(\"data-secret\"))||(t=Math.random().toString(36).substring(2,12),e.src+=\"#?secret=\"+t,e.setAttribute(\"data-secret\",t)),e.contentWindow.postMessage({message:\"ready\",secret:t},\"*\")},!1)))}(window,document);\n\/* ]]> *\/\n<\/script>\n","thumbnail_url":"https:\/\/www.salzburgerland.com\/de\/magazin\/wp-content\/uploads\/2012\/08\/hm_mtbsbg_037.jpg","thumbnail_width":1600,"thumbnail_height":1066,"description":"Steil ziehen sich die Serpentinen den Berg hoch. Gleich ist es geschafft, der Trail wird immer schmaler und man mu\u00df aus dem Sattel gehen. F\u00fcr die Anstrengung auf dem Mountainbike wird man aber durch das wundervolle Panorama entsch\u00e4digt. Weit unten kann man die Bluntaussen erkennen und links und rechts vom Tal ziehen sich die steilen [&hellip;]"}

Watzmann und Hochkönig im Doppelpack

<blockquote class="wp-embedded-content" data-secret="WjUkaE0Xtv"><a href="https://www.salzburgerland.com/de/magazin/watzmann-und-hochkonig-im-doppelpack-2/">Watzmann und Hochkönig im Doppelpack</a></blockquote><iframe sandbox="allow-scripts" security="restricted" src="https://www.salzburgerland.com/de/magazin/watzmann-und-hochkonig-im-doppelpack-2/embed/#?secret=WjUkaE0Xtv" width="600" height="338" title="&#8222;Watzmann und Hochkönig im Doppelpack&#8220; &#8211; SalzburgerLand Magazin" data-secret="WjUkaE0Xtv" frameborder="0" marginwidth="0" marginheight="0" scrolling="no" class="wp-embedded-content"></iframe><script type="text/javascript">
/* <![CDATA[ */
/*! This file is auto-generated */
!function(d,l){"use strict";l.querySelector&&d.addEventListener&&"undefined"!=typeof URL&&(d.wp=d.wp||{},d.wp.receiveEmbedMessage||(d.wp.receiveEmbedMessage=function(e){var t=e.data;if((t||t.secret||t.message||t.value)&&!/[^a-zA-Z0-9]/.test(t.secret)){for(var s,r,n,a=l.querySelectorAll('iframe[data-secret="'+t.secret+'"]'),o=l.querySelectorAll('blockquote[data-secret="'+t.secret+'"]'),c=new RegExp("^https?:$","i"),i=0;i<o.length;i++)o[i].style.display="none";for(i=0;i<a.length;i++)s=a[i],e.source===s.contentWindow&&(s.removeAttribute("style"),"height"===t.message?(1e3<(r=parseInt(t.value,10))?r=1e3:~~r<200&&(r=200),s.height=r):"link"===t.message&&(r=new URL(s.getAttribute("src")),n=new URL(t.value),c.test(n.protocol))&&n.host===r.host&&l.activeElement===s&&(d.top.location.href=t.value))}},d.addEventListener("message",d.wp.receiveEmbedMessage,!1),l.addEventListener("DOMContentLoaded",function(){for(var e,t,s=l.querySelectorAll("iframe.wp-embedded-content"),r=0;r<s.length;r++)(t=(e=s[r]).getAttribute("data-secret"))||(t=Math.random().toString(36).substring(2,12),e.src+="#?secret="+t,e.setAttribute("data-secret",t)),e.contentWindow.postMessage({message:"ready",secret:t},"*")},!1)))}(window,document);
/* ]]> */
</script>

Steil ziehen sich die Serpentinen den Berg hoch. Gleich ist es geschafft, der Trail wird immer schmaler und man muß aus dem Sattel gehen. Für die Anstrengung auf dem Mountainbike wird man aber durch das wundervolle Panorama entschädigt. Weit unten kann man die Bluntaussen erkennen und links und rechts vom Tal ziehen sich die steilen [&hellip;]
