{"version":"1.0","provider_name":"SalzburgerLand Magazin","provider_url":"https:\/\/www.salzburgerland.com\/de\/magazin","author_name":"Peter Zeitlhofer","author_url":"https:\/\/www.salzburgerland.com\/de\/magazin\/author\/peter-zeitlhofer\/","title":"Die Erzwege Ramingstein","type":"rich","width":600,"height":338,"html":"<blockquote class=\"wp-embedded-content\" data-secret=\"Fsb7tFS9GG\"><a href=\"https:\/\/www.salzburgerland.com\/de\/magazin\/spuren-der-zeit-die-erzwege-ramingstein\/\">Die Erzwege Ramingstein<\/a><\/blockquote><iframe sandbox=\"allow-scripts\" security=\"restricted\" src=\"https:\/\/www.salzburgerland.com\/de\/magazin\/spuren-der-zeit-die-erzwege-ramingstein\/embed\/#?secret=Fsb7tFS9GG\" width=\"600\" height=\"338\" title=\"&#8222;Die Erzwege Ramingstein&#8220; &#8211; SalzburgerLand Magazin\" data-secret=\"Fsb7tFS9GG\" frameborder=\"0\" marginwidth=\"0\" marginheight=\"0\" scrolling=\"no\" class=\"wp-embedded-content\"><\/iframe><script type=\"text\/javascript\">\n\/* <![CDATA[ *\/\n\/*! This file is auto-generated *\/\n!function(d,l){\"use strict\";l.querySelector&&d.addEventListener&&\"undefined\"!=typeof URL&&(d.wp=d.wp||{},d.wp.receiveEmbedMessage||(d.wp.receiveEmbedMessage=function(e){var t=e.data;if((t||t.secret||t.message||t.value)&&!\/[^a-zA-Z0-9]\/.test(t.secret)){for(var s,r,n,a=l.querySelectorAll('iframe[data-secret=\"'+t.secret+'\"]'),o=l.querySelectorAll('blockquote[data-secret=\"'+t.secret+'\"]'),c=new RegExp(\"^https?:$\",\"i\"),i=0;i<o.length;i++)o[i].style.display=\"none\";for(i=0;i<a.length;i++)s=a[i],e.source===s.contentWindow&&(s.removeAttribute(\"style\"),\"height\"===t.message?(1e3<(r=parseInt(t.value,10))?r=1e3:~~r<200&&(r=200),s.height=r):\"link\"===t.message&&(r=new URL(s.getAttribute(\"src\")),n=new URL(t.value),c.test(n.protocol))&&n.host===r.host&&l.activeElement===s&&(d.top.location.href=t.value))}},d.addEventListener(\"message\",d.wp.receiveEmbedMessage,!1),l.addEventListener(\"DOMContentLoaded\",function(){for(var e,t,s=l.querySelectorAll(\"iframe.wp-embedded-content\"),r=0;r<s.length;r++)(t=(e=s[r]).getAttribute(\"data-secret\"))||(t=Math.random().toString(36).substring(2,12),e.src+=\"#?secret=\"+t,e.setAttribute(\"data-secret\",t)),e.contentWindow.postMessage({message:\"ready\",secret:t},\"*\")},!1)))}(window,document);\n\/* ]]> *\/\n<\/script>\n","thumbnail_url":"https:\/\/www.salzburgerland.com\/de\/magazin\/wp-content\/uploads\/2015\/11\/BW05.jpg","thumbnail_width":1600,"thumbnail_height":1063,"description":"Noch vor wenigen hundert Jahren war in der Gemeinde Ramingstein ganz leise das Ger\u00e4usch von Spitzhacken und Schaufeln aus dem Gebirge zu vernehmen. Die Ortschaft, die im Jahr 1139 erstmals urkundlich erw\u00e4hnt wurde, war vom 15. \u2013 Ende des 18. Jahrhunderts f\u00fcr seinen Bergbau bekannt. Im Schatten der Burg Finstergr\u00fcn, im S\u00fcdosten des Salzburger Landes [&hellip;]"}

Noch vor wenigen hundert Jahren war in der Gemeinde Ramingstein ganz leise das Geräusch von Spitzhacken und Schaufeln aus dem Gebirge zu vernehmen. Die Ortschaft, die im Jahr 1139 erstmals urkundlich erwähnt wurde, war vom 15. – Ende des 18. Jahrhunderts für seinen Bergbau bekannt. Im Schatten der Burg Finstergrün, im Südosten des Salzburger Landes [&hellip;]
