{"version":"1.0","provider_name":"SalzburgerLand Magazin","provider_url":"https:\/\/www.salzburgerland.com\/de\/magazin","author_name":"Heiko Mandl","author_url":"https:\/\/www.salzburgerland.com\/de\/magazin\/author\/heiko-mandl\/","title":"Splitboard \u2013 Geteilte Freude am Berg","type":"rich","width":600,"height":338,"html":"<blockquote class=\"wp-embedded-content\" data-secret=\"KMA2RpgkHt\"><a href=\"https:\/\/www.salzburgerland.com\/de\/magazin\/splitboard-geteilte-freude-am-berg\/\">Splitboard \u2013 Geteilte Freude am Berg<\/a><\/blockquote><iframe sandbox=\"allow-scripts\" security=\"restricted\" src=\"https:\/\/www.salzburgerland.com\/de\/magazin\/splitboard-geteilte-freude-am-berg\/embed\/#?secret=KMA2RpgkHt\" width=\"600\" height=\"338\" title=\"&#8222;Splitboard \u2013 Geteilte Freude am Berg&#8220; &#8211; SalzburgerLand Magazin\" data-secret=\"KMA2RpgkHt\" frameborder=\"0\" marginwidth=\"0\" marginheight=\"0\" scrolling=\"no\" class=\"wp-embedded-content\"><\/iframe><script type=\"text\/javascript\">\n\/* <![CDATA[ *\/\n\/*! This file is auto-generated *\/\n!function(d,l){\"use strict\";l.querySelector&&d.addEventListener&&\"undefined\"!=typeof URL&&(d.wp=d.wp||{},d.wp.receiveEmbedMessage||(d.wp.receiveEmbedMessage=function(e){var t=e.data;if((t||t.secret||t.message||t.value)&&!\/[^a-zA-Z0-9]\/.test(t.secret)){for(var s,r,n,a=l.querySelectorAll('iframe[data-secret=\"'+t.secret+'\"]'),o=l.querySelectorAll('blockquote[data-secret=\"'+t.secret+'\"]'),c=new RegExp(\"^https?:$\",\"i\"),i=0;i<o.length;i++)o[i].style.display=\"none\";for(i=0;i<a.length;i++)s=a[i],e.source===s.contentWindow&&(s.removeAttribute(\"style\"),\"height\"===t.message?(1e3<(r=parseInt(t.value,10))?r=1e3:~~r<200&&(r=200),s.height=r):\"link\"===t.message&&(r=new URL(s.getAttribute(\"src\")),n=new URL(t.value),c.test(n.protocol))&&n.host===r.host&&l.activeElement===s&&(d.top.location.href=t.value))}},d.addEventListener(\"message\",d.wp.receiveEmbedMessage,!1),l.addEventListener(\"DOMContentLoaded\",function(){for(var e,t,s=l.querySelectorAll(\"iframe.wp-embedded-content\"),r=0;r<s.length;r++)(t=(e=s[r]).getAttribute(\"data-secret\"))||(t=Math.random().toString(36).substring(2,12),e.src+=\"#?secret=\"+t,e.setAttribute(\"data-secret\",t)),e.contentWindow.postMessage({message:\"ready\",secret:t},\"*\")},!1)))}(window,document);\n\/* ]]> *\/\n<\/script>\n","thumbnail_url":"https:\/\/www.salzburgerland.com\/de\/magazin\/wp-content\/uploads\/2014\/11\/splitboard_0000.jpg","thumbnail_width":1280,"thumbnail_height":960,"description":"Das Splitboard klingt zwar wie eine moderne Mutation von Bananensplit. Gemeinsam haben das Sportger\u00e4t und die S\u00fc\u00dfspeise aber wohl nur, dass beide etwas mit K\u00e4lte und Eis zu tun haben. Ansonsten wird das Splitboard mehr im Winter eingesetzt, genauer gesagt in den Bergen, auch im SalzburgerLand. Das Splitboard ist ein zweigeteiltes Snowboard, das man mit [&hellip;]"}

Das Splitboard klingt zwar wie eine moderne Mutation von Bananensplit. Gemeinsam haben das Sportgerät und die Süßspeise aber wohl nur, dass beide etwas mit Kälte und Eis zu tun haben. Ansonsten wird das Splitboard mehr im Winter eingesetzt, genauer gesagt in den Bergen, auch im SalzburgerLand. Das Splitboard ist ein zweigeteiltes Snowboard, das man mit [&hellip;]
