{"version":"1.0","provider_name":"SalzburgerLand Magazin","provider_url":"https:\/\/www.salzburgerland.com\/de\/magazin","author_name":"Maria Riedler","author_url":"https:\/\/www.salzburgerland.com\/de\/magazin\/author\/mriedler\/","title":"Sicher in den Bergen: Mit Kindern wandern","type":"rich","width":600,"height":338,"html":"<blockquote class=\"wp-embedded-content\" data-secret=\"pIOs3Lzn6C\"><a href=\"https:\/\/www.salzburgerland.com\/de\/magazin\/sicher-in-den-bergen-mit-kindern-wandern\/\">Sicher in den Bergen: Mit Kindern wandern<\/a><\/blockquote><iframe sandbox=\"allow-scripts\" security=\"restricted\" src=\"https:\/\/www.salzburgerland.com\/de\/magazin\/sicher-in-den-bergen-mit-kindern-wandern\/embed\/#?secret=pIOs3Lzn6C\" width=\"600\" height=\"338\" title=\"&#8222;Sicher in den Bergen: Mit Kindern wandern&#8220; &#8211; SalzburgerLand Magazin\" data-secret=\"pIOs3Lzn6C\" frameborder=\"0\" marginwidth=\"0\" marginheight=\"0\" scrolling=\"no\" class=\"wp-embedded-content\"><\/iframe><script type=\"text\/javascript\">\n\/* <![CDATA[ *\/\n\/*! This file is auto-generated *\/\n!function(d,l){\"use strict\";l.querySelector&&d.addEventListener&&\"undefined\"!=typeof URL&&(d.wp=d.wp||{},d.wp.receiveEmbedMessage||(d.wp.receiveEmbedMessage=function(e){var t=e.data;if((t||t.secret||t.message||t.value)&&!\/[^a-zA-Z0-9]\/.test(t.secret)){for(var s,r,n,a=l.querySelectorAll('iframe[data-secret=\"'+t.secret+'\"]'),o=l.querySelectorAll('blockquote[data-secret=\"'+t.secret+'\"]'),c=new RegExp(\"^https?:$\",\"i\"),i=0;i<o.length;i++)o[i].style.display=\"none\";for(i=0;i<a.length;i++)s=a[i],e.source===s.contentWindow&&(s.removeAttribute(\"style\"),\"height\"===t.message?(1e3<(r=parseInt(t.value,10))?r=1e3:~~r<200&&(r=200),s.height=r):\"link\"===t.message&&(r=new URL(s.getAttribute(\"src\")),n=new URL(t.value),c.test(n.protocol))&&n.host===r.host&&l.activeElement===s&&(d.top.location.href=t.value))}},d.addEventListener(\"message\",d.wp.receiveEmbedMessage,!1),l.addEventListener(\"DOMContentLoaded\",function(){for(var e,t,s=l.querySelectorAll(\"iframe.wp-embedded-content\"),r=0;r<s.length;r++)(t=(e=s[r]).getAttribute(\"data-secret\"))||(t=Math.random().toString(36).substring(2,12),e.src+=\"#?secret=\"+t,e.setAttribute(\"data-secret\",t)),e.contentWindow.postMessage({message:\"ready\",secret:t},\"*\")},!1)))}(window,document);\n\/* ]]> *\/\n<\/script>\n","thumbnail_url":"https:\/\/www.salzburgerland.com\/de\/magazin\/wp-content\/uploads\/2016\/09\/Kinder_Wandern1.jpg","thumbnail_width":1600,"thumbnail_height":1067,"description":"Stellen Sie sich vor, es ist ein perfekter Wandertag im Herbst. Die Sonne hat soeben den Nebel durchbrochen, sanft strahlen die Gipfel im ged\u00e4mpften Sonnenlicht. Doch Kinder haben keinen Blick f\u00fcr die Sch\u00f6nheit einer Landschaft. Es interessiert sie nicht, wie gut die Luft, wie gr\u00fcn die W\u00e4lder und wie toll die Aussichten sind. Viel spannender [&hellip;]"}

Stellen Sie sich vor, es ist ein perfekter Wandertag im Herbst. Die Sonne hat soeben den Nebel durchbrochen, sanft strahlen die Gipfel im gedämpften Sonnenlicht. Doch Kinder haben keinen Blick für die Schönheit einer Landschaft. Es interessiert sie nicht, wie gut die Luft, wie grün die Wälder und wie toll die Aussichten sind. Viel spannender [&hellip;]
