{"version":"1.0","provider_name":"SalzburgerLand Magazin","provider_url":"https:\/\/www.salzburgerland.com\/de\/magazin","author_name":"Magdalena Lublasser-Fazal","author_url":"https:\/\/www.salzburgerland.com\/de\/magazin\/author\/magdalena-lublasser-fazal\/","title":"Salzburg im Panoramablick","type":"rich","width":600,"height":338,"html":"<blockquote class=\"wp-embedded-content\" data-secret=\"nfrYEjsbel\"><a href=\"https:\/\/www.salzburgerland.com\/de\/magazin\/salzburg-im-panoramablick\/\">Salzburg im Panoramablick<\/a><\/blockquote><iframe sandbox=\"allow-scripts\" security=\"restricted\" src=\"https:\/\/www.salzburgerland.com\/de\/magazin\/salzburg-im-panoramablick\/embed\/#?secret=nfrYEjsbel\" width=\"600\" height=\"338\" title=\"&#8222;Salzburg im Panoramablick&#8220; &#8211; SalzburgerLand Magazin\" data-secret=\"nfrYEjsbel\" frameborder=\"0\" marginwidth=\"0\" marginheight=\"0\" scrolling=\"no\" class=\"wp-embedded-content\"><\/iframe><script type=\"text\/javascript\">\n\/* <![CDATA[ *\/\n\/*! This file is auto-generated *\/\n!function(d,l){\"use strict\";l.querySelector&&d.addEventListener&&\"undefined\"!=typeof URL&&(d.wp=d.wp||{},d.wp.receiveEmbedMessage||(d.wp.receiveEmbedMessage=function(e){var t=e.data;if((t||t.secret||t.message||t.value)&&!\/[^a-zA-Z0-9]\/.test(t.secret)){for(var s,r,n,a=l.querySelectorAll('iframe[data-secret=\"'+t.secret+'\"]'),o=l.querySelectorAll('blockquote[data-secret=\"'+t.secret+'\"]'),c=new RegExp(\"^https?:$\",\"i\"),i=0;i<o.length;i++)o[i].style.display=\"none\";for(i=0;i<a.length;i++)s=a[i],e.source===s.contentWindow&&(s.removeAttribute(\"style\"),\"height\"===t.message?(1e3<(r=parseInt(t.value,10))?r=1e3:~~r<200&&(r=200),s.height=r):\"link\"===t.message&&(r=new URL(s.getAttribute(\"src\")),n=new URL(t.value),c.test(n.protocol))&&n.host===r.host&&l.activeElement===s&&(d.top.location.href=t.value))}},d.addEventListener(\"message\",d.wp.receiveEmbedMessage,!1),l.addEventListener(\"DOMContentLoaded\",function(){for(var e,t,s=l.querySelectorAll(\"iframe.wp-embedded-content\"),r=0;r<s.length;r++)(t=(e=s[r]).getAttribute(\"data-secret\"))||(t=Math.random().toString(36).substring(2,12),e.src+=\"#?secret=\"+t,e.setAttribute(\"data-secret\",t)),e.contentWindow.postMessage({message:\"ready\",secret:t},\"*\")},!1)))}(window,document);\n\/* ]]> *\/\n<\/script>\n","thumbnail_url":"https:\/\/www.salzburgerland.com\/de\/magazin\/wp-content\/uploads\/2015\/03\/Stadtbibliothek3.jpg","thumbnail_width":1600,"thumbnail_height":1059,"description":"Die Stadtbibliothek ist f\u00fcr die Salzburgerinnen und Salzburger l\u00e4ngst mehr geworden, als ein Platz mit vielen B\u00fcchern! Seit dem Umzug vom Schloss Mirabell\u00a0ins Multikulti-Szeneviertel Lehen hat sich viel getan und rund 30 Prozent mehr Besucher sprechen f\u00fcr sich. Denn f\u00fcr gro\u00dfe und kleine Leser mit den unterschiedlichsten Interessen und Bed\u00fcrfnissen gibt es hier mehr als [&hellip;]"}

Die Stadtbibliothek ist für die Salzburgerinnen und Salzburger längst mehr geworden, als ein Platz mit vielen Büchern! Seit dem Umzug vom Schloss Mirabell ins Multikulti-Szeneviertel Lehen hat sich viel getan und rund 30 Prozent mehr Besucher sprechen für sich. Denn für große und kleine Leser mit den unterschiedlichsten Interessen und Bedürfnissen gibt es hier mehr als [&hellip;]
