{"version":"1.0","provider_name":"SalzburgerLand Magazin","provider_url":"https:\/\/www.salzburgerland.com\/de\/magazin","author_name":"Edith Danzer","author_url":"https:\/\/www.salzburgerland.com\/de\/magazin\/author\/edith-danzer\/","title":"Ins Tal der Geier","type":"rich","width":600,"height":338,"html":"<blockquote class=\"wp-embedded-content\" data-secret=\"oVT62EcawL\"><a href=\"https:\/\/www.salzburgerland.com\/de\/magazin\/nationalpark-hohe-tauern-der-konig-der-lufte\/\">Ins Tal der Geier<\/a><\/blockquote><iframe sandbox=\"allow-scripts\" security=\"restricted\" src=\"https:\/\/www.salzburgerland.com\/de\/magazin\/nationalpark-hohe-tauern-der-konig-der-lufte\/embed\/#?secret=oVT62EcawL\" width=\"600\" height=\"338\" title=\"&#8222;Ins Tal der Geier&#8220; &#8211; SalzburgerLand Magazin\" data-secret=\"oVT62EcawL\" frameborder=\"0\" marginwidth=\"0\" marginheight=\"0\" scrolling=\"no\" class=\"wp-embedded-content\"><\/iframe><script type=\"text\/javascript\">\n\/* <![CDATA[ *\/\n\/*! This file is auto-generated *\/\n!function(d,l){\"use strict\";l.querySelector&&d.addEventListener&&\"undefined\"!=typeof URL&&(d.wp=d.wp||{},d.wp.receiveEmbedMessage||(d.wp.receiveEmbedMessage=function(e){var t=e.data;if((t||t.secret||t.message||t.value)&&!\/[^a-zA-Z0-9]\/.test(t.secret)){for(var s,r,n,a=l.querySelectorAll('iframe[data-secret=\"'+t.secret+'\"]'),o=l.querySelectorAll('blockquote[data-secret=\"'+t.secret+'\"]'),c=new RegExp(\"^https?:$\",\"i\"),i=0;i<o.length;i++)o[i].style.display=\"none\";for(i=0;i<a.length;i++)s=a[i],e.source===s.contentWindow&&(s.removeAttribute(\"style\"),\"height\"===t.message?(1e3<(r=parseInt(t.value,10))?r=1e3:~~r<200&&(r=200),s.height=r):\"link\"===t.message&&(r=new URL(s.getAttribute(\"src\")),n=new URL(t.value),c.test(n.protocol))&&n.host===r.host&&l.activeElement===s&&(d.top.location.href=t.value))}},d.addEventListener(\"message\",d.wp.receiveEmbedMessage,!1),l.addEventListener(\"DOMContentLoaded\",function(){for(var e,t,s=l.querySelectorAll(\"iframe.wp-embedded-content\"),r=0;r<s.length;r++)(t=(e=s[r]).getAttribute(\"data-secret\"))||(t=Math.random().toString(36).substring(2,12),e.src+=\"#?secret=\"+t,e.setAttribute(\"data-secret\",t)),e.contentWindow.postMessage({message:\"ready\",secret:t},\"*\")},!1)))}(window,document);\n\/* ]]> *\/\n<\/script>\n","thumbnail_url":"https:\/\/www.salzburgerland.com\/de\/magazin\/wp-content\/uploads\/2014\/05\/geier_c_tvb_raurisertal.jpg","thumbnail_width":1232,"thumbnail_height":1600,"description":"Erfolgreiche Bartgeier-Wiederansiedelung Einst unter dem Namen L\u00e4mmergeier bekannt, dichtete man diesem m\u00e4chtigen&nbsp;Greifvogel mit einer Fl\u00fcgelspannweite bis zu 2.90 m an, L\u00e4mmer und G\u00e4msen zu jagen. Und sogar der Mythos, gelegentlich ein Kind aus dem Wagen zu stehlen, hielt sich hartn\u00e4ckig. Diese Schauergeschichten f\u00fchrten innerhalb von nur 100 Jahren zur Ausrottung dieses majest\u00e4tischen Vogels. Im Krumltal, [&hellip;]"}

Erfolgreiche Bartgeier-Wiederansiedelung Einst unter dem Namen Lämmergeier bekannt, dichtete man diesem mächtigen&nbsp;Greifvogel mit einer Flügelspannweite bis zu 2.90 m an, Lämmer und Gämsen zu jagen. Und sogar der Mythos, gelegentlich ein Kind aus dem Wagen zu stehlen, hielt sich hartnäckig. Diese Schauergeschichten führten innerhalb von nur 100 Jahren zur Ausrottung dieses majestätischen Vogels. Im Krumltal, [&hellip;]
