{"version":"1.0","provider_name":"SalzburgerLand Magazin","provider_url":"https:\/\/www.salzburgerland.com\/de\/magazin","author_name":"Heiko Mandl","author_url":"https:\/\/www.salzburgerland.com\/de\/magazin\/author\/heiko-mandl\/","title":"Mit der Bier-Kiste auf die Alm","type":"rich","width":600,"height":338,"html":"<blockquote class=\"wp-embedded-content\" data-secret=\"X2Ho6ydf44\"><a href=\"https:\/\/www.salzburgerland.com\/de\/magazin\/mit-der-bier-kiste-auf-die-alm\/\">Mit der Bier-Kiste auf die Alm<\/a><\/blockquote><iframe sandbox=\"allow-scripts\" security=\"restricted\" src=\"https:\/\/www.salzburgerland.com\/de\/magazin\/mit-der-bier-kiste-auf-die-alm\/embed\/#?secret=X2Ho6ydf44\" width=\"600\" height=\"338\" title=\"&#8222;Mit der Bier-Kiste auf die Alm&#8220; &#8211; SalzburgerLand Magazin\" data-secret=\"X2Ho6ydf44\" frameborder=\"0\" marginwidth=\"0\" marginheight=\"0\" scrolling=\"no\" class=\"wp-embedded-content\"><\/iframe><script type=\"text\/javascript\">\n\/* <![CDATA[ *\/\n\/*! This file is auto-generated *\/\n!function(d,l){\"use strict\";l.querySelector&&d.addEventListener&&\"undefined\"!=typeof URL&&(d.wp=d.wp||{},d.wp.receiveEmbedMessage||(d.wp.receiveEmbedMessage=function(e){var t=e.data;if((t||t.secret||t.message||t.value)&&!\/[^a-zA-Z0-9]\/.test(t.secret)){for(var s,r,n,a=l.querySelectorAll('iframe[data-secret=\"'+t.secret+'\"]'),o=l.querySelectorAll('blockquote[data-secret=\"'+t.secret+'\"]'),c=new RegExp(\"^https?:$\",\"i\"),i=0;i<o.length;i++)o[i].style.display=\"none\";for(i=0;i<a.length;i++)s=a[i],e.source===s.contentWindow&&(s.removeAttribute(\"style\"),\"height\"===t.message?(1e3<(r=parseInt(t.value,10))?r=1e3:~~r<200&&(r=200),s.height=r):\"link\"===t.message&&(r=new URL(s.getAttribute(\"src\")),n=new URL(t.value),c.test(n.protocol))&&n.host===r.host&&l.activeElement===s&&(d.top.location.href=t.value))}},d.addEventListener(\"message\",d.wp.receiveEmbedMessage,!1),l.addEventListener(\"DOMContentLoaded\",function(){for(var e,t,s=l.querySelectorAll(\"iframe.wp-embedded-content\"),r=0;r<s.length;r++)(t=(e=s[r]).getAttribute(\"data-secret\"))||(t=Math.random().toString(36).substring(2,12),e.src+=\"#?secret=\"+t,e.setAttribute(\"data-secret\",t)),e.contentWindow.postMessage({message:\"ready\",secret:t},\"*\")},!1)))}(window,document);\n\/* ]]> *\/\n<\/script>\n","thumbnail_url":"https:\/\/www.salzburgerland.com\/de\/magazin\/wp-content\/uploads\/2024\/09\/AnsichtLa\u0308rchenhu\u0308tteSommer21FotoPrivat-scaled-e1726732662473.jpg","thumbnail_width":2560,"thumbnail_height":1109,"description":"Wer am letzten Septemberwochenende eine Wanderung Richtung Zw\u00f6lferhorn unternimmt, wird wohl seinen Augen nicht trauen. Es kann dann sein, dass einige bunt verkleidete Gestalten mit Bierkisten in der Hand Richtung Gipfel st\u00fcrmen. Aber keine Sorge, diese lustigen Bergl\u00e4ufer nehmen nur beim traditionellen Alm-Bierlauf teil. Die L\u00e4ufer starten beim Laimerlift in St. Gilgen. Die gekennzeichnete Strecke [&hellip;]"}

Wer am letzten Septemberwochenende eine Wanderung Richtung Zwölferhorn unternimmt, wird wohl seinen Augen nicht trauen. Es kann dann sein, dass einige bunt verkleidete Gestalten mit Bierkisten in der Hand Richtung Gipfel stürmen. Aber keine Sorge, diese lustigen Bergläufer nehmen nur beim traditionellen Alm-Bierlauf teil. Die Läufer starten beim Laimerlift in St. Gilgen. Die gekennzeichnete Strecke [&hellip;]
