{"version":"1.0","provider_name":"SalzburgerLand Magazin","provider_url":"https:\/\/www.salzburgerland.com\/de\/magazin","author_name":"Heiko Mandl","author_url":"https:\/\/www.salzburgerland.com\/de\/magazin\/author\/heiko-mandl\/","title":"Mit dem E-Bike durch die Mozartstadt","type":"rich","width":600,"height":338,"html":"<blockquote class=\"wp-embedded-content\" data-secret=\"IANCdBO6hJ\"><a href=\"https:\/\/www.salzburgerland.com\/de\/magazin\/mit-dem-e-bike-durch-die-mozartstadt\/\">Mit dem E-Bike durch die Mozartstadt<\/a><\/blockquote><iframe sandbox=\"allow-scripts\" security=\"restricted\" src=\"https:\/\/www.salzburgerland.com\/de\/magazin\/mit-dem-e-bike-durch-die-mozartstadt\/embed\/#?secret=IANCdBO6hJ\" width=\"600\" height=\"338\" title=\"&#8222;Mit dem E-Bike durch die Mozartstadt&#8220; &#8211; SalzburgerLand Magazin\" data-secret=\"IANCdBO6hJ\" frameborder=\"0\" marginwidth=\"0\" marginheight=\"0\" scrolling=\"no\" class=\"wp-embedded-content\"><\/iframe><script type=\"text\/javascript\">\n\/* <![CDATA[ *\/\n\/*! This file is auto-generated *\/\n!function(d,l){\"use strict\";l.querySelector&&d.addEventListener&&\"undefined\"!=typeof URL&&(d.wp=d.wp||{},d.wp.receiveEmbedMessage||(d.wp.receiveEmbedMessage=function(e){var t=e.data;if((t||t.secret||t.message||t.value)&&!\/[^a-zA-Z0-9]\/.test(t.secret)){for(var s,r,n,a=l.querySelectorAll('iframe[data-secret=\"'+t.secret+'\"]'),o=l.querySelectorAll('blockquote[data-secret=\"'+t.secret+'\"]'),c=new RegExp(\"^https?:$\",\"i\"),i=0;i<o.length;i++)o[i].style.display=\"none\";for(i=0;i<a.length;i++)s=a[i],e.source===s.contentWindow&&(s.removeAttribute(\"style\"),\"height\"===t.message?(1e3<(r=parseInt(t.value,10))?r=1e3:~~r<200&&(r=200),s.height=r):\"link\"===t.message&&(r=new URL(s.getAttribute(\"src\")),n=new URL(t.value),c.test(n.protocol))&&n.host===r.host&&l.activeElement===s&&(d.top.location.href=t.value))}},d.addEventListener(\"message\",d.wp.receiveEmbedMessage,!1),l.addEventListener(\"DOMContentLoaded\",function(){for(var e,t,s=l.querySelectorAll(\"iframe.wp-embedded-content\"),r=0;r<s.length;r++)(t=(e=s[r]).getAttribute(\"data-secret\"))||(t=Math.random().toString(36).substring(2,12),e.src+=\"#?secret=\"+t,e.setAttribute(\"data-secret\",t)),e.contentWindow.postMessage({message:\"ready\",secret:t},\"*\")},!1)))}(window,document);\n\/* ]]> *\/\n<\/script>\n","thumbnail_url":"https:\/\/www.salzburgerland.com\/de\/magazin\/wp-content\/uploads\/2014\/09\/hm_ktm2012_014.jpg","thumbnail_width":900,"thumbnail_height":600,"description":"Zun\u00e4chst nur vereinzelt unterwegs, sieht man heute immer mehr Menschen mit e-Bikes durch die Gegend radeln. Flott kommt man voran, ohne gro\u00dfe Anstrengung, und das genie\u00dfen nicht nur \u00e4ltere Semester. Auch viele j\u00fcngere haben die Vorliebe f\u00fcr diese gem\u00fctliche Art zu radeln entdeckt. Und so eine e-Bike Tour in den Bergen kann auch mit Antrieb [&hellip;]"}

Zunächst nur vereinzelt unterwegs, sieht man heute immer mehr Menschen mit e-Bikes durch die Gegend radeln. Flott kommt man voran, ohne große Anstrengung, und das genießen nicht nur ältere Semester. Auch viele jüngere haben die Vorliebe für diese gemütliche Art zu radeln entdeckt. Und so eine e-Bike Tour in den Bergen kann auch mit Antrieb [&hellip;]
