{"version":"1.0","provider_name":"SalzburgerLand Magazin","provider_url":"https:\/\/www.salzburgerland.com\/de\/magazin","author_name":"Heiko Mandl","author_url":"https:\/\/www.salzburgerland.com\/de\/magazin\/author\/heiko-mandl\/","title":"Mit dem Bike von Alm zu Alm","type":"rich","width":600,"height":338,"html":"<blockquote class=\"wp-embedded-content\" data-secret=\"H70CeFfugv\"><a href=\"https:\/\/www.salzburgerland.com\/de\/magazin\/mit-dem-bike-von-alm-zu-alm\/\">Mit dem Bike von Alm zu Alm<\/a><\/blockquote><iframe sandbox=\"allow-scripts\" security=\"restricted\" src=\"https:\/\/www.salzburgerland.com\/de\/magazin\/mit-dem-bike-von-alm-zu-alm\/embed\/#?secret=H70CeFfugv\" width=\"600\" height=\"338\" title=\"&#8222;Mit dem Bike von Alm zu Alm&#8220; &#8211; SalzburgerLand Magazin\" data-secret=\"H70CeFfugv\" frameborder=\"0\" marginwidth=\"0\" marginheight=\"0\" scrolling=\"no\" class=\"wp-embedded-content\"><\/iframe><script type=\"text\/javascript\">\n\/* <![CDATA[ *\/\n\/*! This file is auto-generated *\/\n!function(d,l){\"use strict\";l.querySelector&&d.addEventListener&&\"undefined\"!=typeof URL&&(d.wp=d.wp||{},d.wp.receiveEmbedMessage||(d.wp.receiveEmbedMessage=function(e){var t=e.data;if((t||t.secret||t.message||t.value)&&!\/[^a-zA-Z0-9]\/.test(t.secret)){for(var s,r,n,a=l.querySelectorAll('iframe[data-secret=\"'+t.secret+'\"]'),o=l.querySelectorAll('blockquote[data-secret=\"'+t.secret+'\"]'),c=new RegExp(\"^https?:$\",\"i\"),i=0;i<o.length;i++)o[i].style.display=\"none\";for(i=0;i<a.length;i++)s=a[i],e.source===s.contentWindow&&(s.removeAttribute(\"style\"),\"height\"===t.message?(1e3<(r=parseInt(t.value,10))?r=1e3:~~r<200&&(r=200),s.height=r):\"link\"===t.message&&(r=new URL(s.getAttribute(\"src\")),n=new URL(t.value),c.test(n.protocol))&&n.host===r.host&&l.activeElement===s&&(d.top.location.href=t.value))}},d.addEventListener(\"message\",d.wp.receiveEmbedMessage,!1),l.addEventListener(\"DOMContentLoaded\",function(){for(var e,t,s=l.querySelectorAll(\"iframe.wp-embedded-content\"),r=0;r<s.length;r++)(t=(e=s[r]).getAttribute(\"data-secret\"))||(t=Math.random().toString(36).substring(2,12),e.src+=\"#?secret=\"+t,e.setAttribute(\"data-secret\",t)),e.contentWindow.postMessage({message:\"ready\",secret:t},\"*\")},!1)))}(window,document);\n\/* ]]> *\/\n<\/script>\n","thumbnail_url":"https:\/\/www.salzburgerland.com\/de\/magazin\/wp-content\/uploads\/2017\/09\/hm_almentour_osterhorngruppe_0619.jpg","thumbnail_width":1600,"thumbnail_height":1067,"description":"Nach guter Planung und Vorbereitung war es an einem der letzten Wochenenden soweit. Wir starten zur\u00a0Salzburger Almentour. Drei Tage geht es durch die Osterhorngruppe bis in das Salzkammergut und wieder zur\u00fcck. Hohe Berge finden wir hier zwar nicht, doch die sanften Wiesenlandschaften, die dunkelgr\u00fcnen W\u00e4lder und die gem\u00fctlichen H\u00fctten sind ein ideales Terrain, um den [&hellip;]"}

Nach guter Planung und Vorbereitung war es an einem der letzten Wochenenden soweit. Wir starten zur Salzburger Almentour. Drei Tage geht es durch die Osterhorngruppe bis in das Salzkammergut und wieder zurück. Hohe Berge finden wir hier zwar nicht, doch die sanften Wiesenlandschaften, die dunkelgrünen Wälder und die gemütlichen Hütten sind ein ideales Terrain, um den [&hellip;]
