{"version":"1.0","provider_name":"SalzburgerLand Magazin","provider_url":"https:\/\/www.salzburgerland.com\/de\/magazin","author_name":"Ulli Hammerl","author_url":"https:\/\/www.salzburgerland.com\/de\/magazin\/author\/ulli-hammerl\/","title":"Meine Day-Spa Auszeit im Schloss Fuschl","type":"rich","width":600,"height":338,"html":"<blockquote class=\"wp-embedded-content\" data-secret=\"0zEjRbSoEr\"><a href=\"https:\/\/www.salzburgerland.com\/de\/magazin\/meine-day-spa-auszeit-im-schloss-fuschl\/\">Meine Day-Spa Auszeit im Schloss Fuschl<\/a><\/blockquote><iframe sandbox=\"allow-scripts\" security=\"restricted\" src=\"https:\/\/www.salzburgerland.com\/de\/magazin\/meine-day-spa-auszeit-im-schloss-fuschl\/embed\/#?secret=0zEjRbSoEr\" width=\"600\" height=\"338\" title=\"&#8222;Meine Day-Spa Auszeit im Schloss Fuschl&#8220; &#8211; SalzburgerLand Magazin\" data-secret=\"0zEjRbSoEr\" frameborder=\"0\" marginwidth=\"0\" marginheight=\"0\" scrolling=\"no\" class=\"wp-embedded-content\"><\/iframe><script type=\"text\/javascript\">\n\/* <![CDATA[ *\/\n\/*! This file is auto-generated *\/\n!function(d,l){\"use strict\";l.querySelector&&d.addEventListener&&\"undefined\"!=typeof URL&&(d.wp=d.wp||{},d.wp.receiveEmbedMessage||(d.wp.receiveEmbedMessage=function(e){var t=e.data;if((t||t.secret||t.message||t.value)&&!\/[^a-zA-Z0-9]\/.test(t.secret)){for(var s,r,n,a=l.querySelectorAll('iframe[data-secret=\"'+t.secret+'\"]'),o=l.querySelectorAll('blockquote[data-secret=\"'+t.secret+'\"]'),c=new RegExp(\"^https?:$\",\"i\"),i=0;i<o.length;i++)o[i].style.display=\"none\";for(i=0;i<a.length;i++)s=a[i],e.source===s.contentWindow&&(s.removeAttribute(\"style\"),\"height\"===t.message?(1e3<(r=parseInt(t.value,10))?r=1e3:~~r<200&&(r=200),s.height=r):\"link\"===t.message&&(r=new URL(s.getAttribute(\"src\")),n=new URL(t.value),c.test(n.protocol))&&n.host===r.host&&l.activeElement===s&&(d.top.location.href=t.value))}},d.addEventListener(\"message\",d.wp.receiveEmbedMessage,!1),l.addEventListener(\"DOMContentLoaded\",function(){for(var e,t,s=l.querySelectorAll(\"iframe.wp-embedded-content\"),r=0;r<s.length;r++)(t=(e=s[r]).getAttribute(\"data-secret\"))||(t=Math.random().toString(36).substring(2,12),e.src+=\"#?secret=\"+t,e.setAttribute(\"data-secret\",t)),e.contentWindow.postMessage({message:\"ready\",secret:t},\"*\")},!1)))}(window,document);\n\/* ]]> *\/\n<\/script>\n","thumbnail_url":"https:\/\/www.salzburgerland.com\/de\/magazin\/wp-content\/uploads\/2019\/11\/Liegen.jpg","thumbnail_width":1920,"thumbnail_height":1282,"description":"Und genau das habe ich mir k\u00fcrzlich geg\u00f6nnt. Eines gleich vorweg \u2013 ich habe es unglaublich genossen und werde sicher wieder kommen. Da man sch\u00f6ne Erlebnisse am besten teilt, haben wir uns unter dem Motto \u201eFreundinnentag\u201c zu zweit auf den Weg nach Fuschl gemacht. Wir starten mit einem verw\u00f6hnenden Fr\u00fchst\u00fcck Statt eines typisch nebeligen Novembertages [&hellip;]"}

Und genau das habe ich mir kürzlich gegönnt. Eines gleich vorweg – ich habe es unglaublich genossen und werde sicher wieder kommen. Da man schöne Erlebnisse am besten teilt, haben wir uns unter dem Motto „Freundinnentag“ zu zweit auf den Weg nach Fuschl gemacht. Wir starten mit einem verwöhnenden Frühstück Statt eines typisch nebeligen Novembertages [&hellip;]
