{"version":"1.0","provider_name":"SalzburgerLand Magazin","provider_url":"https:\/\/www.salzburgerland.com\/de\/magazin","author_name":"Edith Danzer","author_url":"https:\/\/www.salzburgerland.com\/de\/magazin\/author\/edith-danzer\/","title":"Litzelhofalm im Rauriser Seidlwinkltal","type":"rich","width":600,"height":338,"html":"<blockquote class=\"wp-embedded-content\" data-secret=\"oKA7xO4rfU\"><a href=\"https:\/\/www.salzburgerland.com\/de\/magazin\/litzelhofalm-im-rauriser-seidlwinkltal\/\">Litzelhofalm im Rauriser Seidlwinkltal<\/a><\/blockquote><iframe sandbox=\"allow-scripts\" security=\"restricted\" src=\"https:\/\/www.salzburgerland.com\/de\/magazin\/litzelhofalm-im-rauriser-seidlwinkltal\/embed\/#?secret=oKA7xO4rfU\" width=\"600\" height=\"338\" title=\"&#8222;Litzelhofalm im Rauriser Seidlwinkltal&#8220; &#8211; SalzburgerLand Magazin\" data-secret=\"oKA7xO4rfU\" frameborder=\"0\" marginwidth=\"0\" marginheight=\"0\" scrolling=\"no\" class=\"wp-embedded-content\"><\/iframe><script type=\"text\/javascript\">\n\/* <![CDATA[ *\/\n\/*! This file is auto-generated *\/\n!function(d,l){\"use strict\";l.querySelector&&d.addEventListener&&\"undefined\"!=typeof URL&&(d.wp=d.wp||{},d.wp.receiveEmbedMessage||(d.wp.receiveEmbedMessage=function(e){var t=e.data;if((t||t.secret||t.message||t.value)&&!\/[^a-zA-Z0-9]\/.test(t.secret)){for(var s,r,n,a=l.querySelectorAll('iframe[data-secret=\"'+t.secret+'\"]'),o=l.querySelectorAll('blockquote[data-secret=\"'+t.secret+'\"]'),c=new RegExp(\"^https?:$\",\"i\"),i=0;i<o.length;i++)o[i].style.display=\"none\";for(i=0;i<a.length;i++)s=a[i],e.source===s.contentWindow&&(s.removeAttribute(\"style\"),\"height\"===t.message?(1e3<(r=parseInt(t.value,10))?r=1e3:~~r<200&&(r=200),s.height=r):\"link\"===t.message&&(r=new URL(s.getAttribute(\"src\")),n=new URL(t.value),c.test(n.protocol))&&n.host===r.host&&l.activeElement===s&&(d.top.location.href=t.value))}},d.addEventListener(\"message\",d.wp.receiveEmbedMessage,!1),l.addEventListener(\"DOMContentLoaded\",function(){for(var e,t,s=l.querySelectorAll(\"iframe.wp-embedded-content\"),r=0;r<s.length;r++)(t=(e=s[r]).getAttribute(\"data-secret\"))||(t=Math.random().toString(36).substring(2,12),e.src+=\"#?secret=\"+t,e.setAttribute(\"data-secret\",t)),e.contentWindow.postMessage({message:\"ready\",secret:t},\"*\")},!1)))}(window,document);\n\/* ]]> *\/\n<\/script>\n","thumbnail_url":"https:\/\/www.salzburgerland.com\/de\/magazin\/wp-content\/uploads\/2024\/06\/57e36b80-a4c3-4a65-afd5-3d2ecbceadc0.jpeg","thumbnail_width":1600,"thumbnail_height":1200,"description":"Es ist Mitte Juni und die Bauersleute Toni und Kathrin Pichler machen sich bereit f\u00fcr den Almabtrieb. Richtig gelesen \u2013 den Abtrieb! Denn die Besonderheit der Litzelhofalm liegt auch darin, dass die K\u00fche vom Mittert\u00f6rl an der Gro\u00dfglockner Hochalpenstra\u00dfe hinunter in das Rauriser Seidlwinkltal wandern, wo sie rund um die H\u00fctte und auf der Hochalm [&hellip;]"}

Es ist Mitte Juni und die Bauersleute Toni und Kathrin Pichler machen sich bereit für den Almabtrieb. Richtig gelesen – den Abtrieb! Denn die Besonderheit der Litzelhofalm liegt auch darin, dass die Kühe vom Mittertörl an der Großglockner Hochalpenstraße hinunter in das Rauriser Seidlwinkltal wandern, wo sie rund um die Hütte und auf der Hochalm [&hellip;]
