{"version":"1.0","provider_name":"SalzburgerLand Magazin","provider_url":"https:\/\/www.salzburgerland.com\/de\/magazin","author_name":"Christine Fr\u00f6schl","author_url":"https:\/\/www.salzburgerland.com\/de\/magazin\/author\/christine-froeschl\/","title":"Libellen - Aus dem Wasser in die Luft","type":"rich","width":600,"height":338,"html":"<blockquote class=\"wp-embedded-content\" data-secret=\"cLmZlXqL70\"><a href=\"https:\/\/www.salzburgerland.com\/de\/magazin\/libellen-aus-dem-wasser-in-die-luft\/\">Libellen &#8211; Aus dem Wasser in die Luft<\/a><\/blockquote><iframe sandbox=\"allow-scripts\" security=\"restricted\" src=\"https:\/\/www.salzburgerland.com\/de\/magazin\/libellen-aus-dem-wasser-in-die-luft\/embed\/#?secret=cLmZlXqL70\" width=\"600\" height=\"338\" title=\"&#8222;Libellen &#8211; Aus dem Wasser in die Luft&#8220; &#8211; SalzburgerLand Magazin\" data-secret=\"cLmZlXqL70\" frameborder=\"0\" marginwidth=\"0\" marginheight=\"0\" scrolling=\"no\" class=\"wp-embedded-content\"><\/iframe><script type=\"text\/javascript\">\n\/* <![CDATA[ *\/\n\/*! This file is auto-generated *\/\n!function(d,l){\"use strict\";l.querySelector&&d.addEventListener&&\"undefined\"!=typeof URL&&(d.wp=d.wp||{},d.wp.receiveEmbedMessage||(d.wp.receiveEmbedMessage=function(e){var t=e.data;if((t||t.secret||t.message||t.value)&&!\/[^a-zA-Z0-9]\/.test(t.secret)){for(var s,r,n,a=l.querySelectorAll('iframe[data-secret=\"'+t.secret+'\"]'),o=l.querySelectorAll('blockquote[data-secret=\"'+t.secret+'\"]'),c=new RegExp(\"^https?:$\",\"i\"),i=0;i<o.length;i++)o[i].style.display=\"none\";for(i=0;i<a.length;i++)s=a[i],e.source===s.contentWindow&&(s.removeAttribute(\"style\"),\"height\"===t.message?(1e3<(r=parseInt(t.value,10))?r=1e3:~~r<200&&(r=200),s.height=r):\"link\"===t.message&&(r=new URL(s.getAttribute(\"src\")),n=new URL(t.value),c.test(n.protocol))&&n.host===r.host&&l.activeElement===s&&(d.top.location.href=t.value))}},d.addEventListener(\"message\",d.wp.receiveEmbedMessage,!1),l.addEventListener(\"DOMContentLoaded\",function(){for(var e,t,s=l.querySelectorAll(\"iframe.wp-embedded-content\"),r=0;r<s.length;r++)(t=(e=s[r]).getAttribute(\"data-secret\"))||(t=Math.random().toString(36).substring(2,12),e.src+=\"#?secret=\"+t,e.setAttribute(\"data-secret\",t)),e.contentWindow.postMessage({message:\"ready\",secret:t},\"*\")},!1)))}(window,document);\n\/* ]]> *\/\n<\/script>\n","thumbnail_url":"https:\/\/www.salzburgerland.com\/de\/magazin\/wp-content\/uploads\/2017\/05\/blaufluegelprachtlibelle2_wolfgang_schruf.jpg","thumbnail_width":1476,"thumbnail_height":985,"description":"Vor rund 300 Millionen Jahren soll es sie schon gegeben haben: Die Libellen. Geboren und aufgewachsen in T\u00fcmpeln und Seen, verbringen sie ihr Erwachsenenleben als elegante Flugakrobaten und M\u00fcckenj\u00e4ger. Beim Wandern entlang von Weihern und Seeufern im SalzburgerLand kann es sein, dass pl\u00f6tzlich eine K\u00f6nigslibelle auftaucht. Sie kommt ganz nah. Neugierig betrachtet die Flugk\u00fcnstlerin die [&hellip;]"}

Christine Fröschl

Vor rund 300 Millionen Jahren soll es sie schon gegeben haben: Die Libellen. Geboren und aufgewachsen in Tümpeln und Seen, verbringen sie ihr Erwachsenenleben als elegante Flugakrobaten und Mückenjäger. Beim Wandern entlang von Weihern und Seeufern im SalzburgerLand kann es sein, dass plötzlich eine Königslibelle auftaucht. Sie kommt ganz nah. Neugierig betrachtet die Flugkünstlerin die [&hellip;]
