{"version":"1.0","provider_name":"SalzburgerLand Magazin","provider_url":"https:\/\/www.salzburgerland.com\/de\/magazin","author_name":"Anke Eder","author_url":"https:\/\/www.salzburgerland.com\/de\/magazin\/author\/anke-eder\/","title":"Karin Buchart im Portrait","type":"rich","width":600,"height":338,"html":"<blockquote class=\"wp-embedded-content\" data-secret=\"uPUhnemg3Q\"><a href=\"https:\/\/www.salzburgerland.com\/de\/magazin\/karin-buchart-im-portrait\/\">Karin Buchart im Portrait<\/a><\/blockquote><iframe sandbox=\"allow-scripts\" security=\"restricted\" src=\"https:\/\/www.salzburgerland.com\/de\/magazin\/karin-buchart-im-portrait\/embed\/#?secret=uPUhnemg3Q\" width=\"600\" height=\"338\" title=\"&#8222;Karin Buchart im Portrait&#8220; &#8211; SalzburgerLand Magazin\" data-secret=\"uPUhnemg3Q\" frameborder=\"0\" marginwidth=\"0\" marginheight=\"0\" scrolling=\"no\" class=\"wp-embedded-content\"><\/iframe><script type=\"text\/javascript\">\n\/* <![CDATA[ *\/\n\/*! This file is auto-generated *\/\n!function(d,l){\"use strict\";l.querySelector&&d.addEventListener&&\"undefined\"!=typeof URL&&(d.wp=d.wp||{},d.wp.receiveEmbedMessage||(d.wp.receiveEmbedMessage=function(e){var t=e.data;if((t||t.secret||t.message||t.value)&&!\/[^a-zA-Z0-9]\/.test(t.secret)){for(var s,r,n,a=l.querySelectorAll('iframe[data-secret=\"'+t.secret+'\"]'),o=l.querySelectorAll('blockquote[data-secret=\"'+t.secret+'\"]'),c=new RegExp(\"^https?:$\",\"i\"),i=0;i<o.length;i++)o[i].style.display=\"none\";for(i=0;i<a.length;i++)s=a[i],e.source===s.contentWindow&&(s.removeAttribute(\"style\"),\"height\"===t.message?(1e3<(r=parseInt(t.value,10))?r=1e3:~~r<200&&(r=200),s.height=r):\"link\"===t.message&&(r=new URL(s.getAttribute(\"src\")),n=new URL(t.value),c.test(n.protocol))&&n.host===r.host&&l.activeElement===s&&(d.top.location.href=t.value))}},d.addEventListener(\"message\",d.wp.receiveEmbedMessage,!1),l.addEventListener(\"DOMContentLoaded\",function(){for(var e,t,s=l.querySelectorAll(\"iframe.wp-embedded-content\"),r=0;r<s.length;r++)(t=(e=s[r]).getAttribute(\"data-secret\"))||(t=Math.random().toString(36).substring(2,12),e.src+=\"#?secret=\"+t,e.setAttribute(\"data-secret\",t)),e.contentWindow.postMessage({message:\"ready\",secret:t},\"*\")},!1)))}(window,document);\n\/* ]]> *\/\n<\/script>\n","thumbnail_url":"https:\/\/www.salzburgerland.com\/de\/magazin\/wp-content\/uploads\/2019\/05\/2017_Alpenpokal_1099_c_ServusTV_Kukuvec.jpg","thumbnail_width":1600,"thumbnail_height":1067,"description":"Pflanzen und ihre Wirkstoffe &#8211; das ist ihre Faszination. Karin Buchart w\u00e4chst im Salzburger Pinzgau in Unken auf, ihre Heimat ist gepr\u00e4gt von Heilpflanzen und traditionellen Hausmitteln. In jungen Jahren verschl\u00e4gt es Karin Buchart mit ihrer gro\u00dfen Leidenschaft &#8211; dem Schie\u00dfsport &#8211; in die weite Welt. Sie nimmt an den Olympischen Spielen in Los Angeles [&hellip;]"}

Pflanzen und ihre Wirkstoffe &#8211; das ist ihre Faszination. Karin Buchart wächst im Salzburger Pinzgau in Unken auf, ihre Heimat ist geprägt von Heilpflanzen und traditionellen Hausmitteln. In jungen Jahren verschlägt es Karin Buchart mit ihrer großen Leidenschaft &#8211; dem Schießsport &#8211; in die weite Welt. Sie nimmt an den Olympischen Spielen in Los Angeles [&hellip;]
