{"version":"1.0","provider_name":"SalzburgerLand Magazin","provider_url":"https:\/\/www.salzburgerland.com\/de\/magazin","author_name":"Christine Fr\u00f6schl","author_url":"https:\/\/www.salzburgerland.com\/de\/magazin\/author\/christine-froeschl\/","title":"Intuition. Reflexion. Innenschau.","type":"rich","width":600,"height":338,"html":"<blockquote class=\"wp-embedded-content\" data-secret=\"mx6RI5CTDG\"><a href=\"https:\/\/www.salzburgerland.com\/de\/magazin\/intuition-reflexion-innenschau\/\">Intuition. Reflexion. Innenschau.<\/a><\/blockquote><iframe sandbox=\"allow-scripts\" security=\"restricted\" src=\"https:\/\/www.salzburgerland.com\/de\/magazin\/intuition-reflexion-innenschau\/embed\/#?secret=mx6RI5CTDG\" width=\"600\" height=\"338\" title=\"&#8222;Intuition. Reflexion. Innenschau.&#8220; &#8211; SalzburgerLand Magazin\" data-secret=\"mx6RI5CTDG\" frameborder=\"0\" marginwidth=\"0\" marginheight=\"0\" scrolling=\"no\" class=\"wp-embedded-content\"><\/iframe><script type=\"text\/javascript\">\n\/* <![CDATA[ *\/\n\/*! This file is auto-generated *\/\n!function(d,l){\"use strict\";l.querySelector&&d.addEventListener&&\"undefined\"!=typeof URL&&(d.wp=d.wp||{},d.wp.receiveEmbedMessage||(d.wp.receiveEmbedMessage=function(e){var t=e.data;if((t||t.secret||t.message||t.value)&&!\/[^a-zA-Z0-9]\/.test(t.secret)){for(var s,r,n,a=l.querySelectorAll('iframe[data-secret=\"'+t.secret+'\"]'),o=l.querySelectorAll('blockquote[data-secret=\"'+t.secret+'\"]'),c=new RegExp(\"^https?:$\",\"i\"),i=0;i<o.length;i++)o[i].style.display=\"none\";for(i=0;i<a.length;i++)s=a[i],e.source===s.contentWindow&&(s.removeAttribute(\"style\"),\"height\"===t.message?(1e3<(r=parseInt(t.value,10))?r=1e3:~~r<200&&(r=200),s.height=r):\"link\"===t.message&&(r=new URL(s.getAttribute(\"src\")),n=new URL(t.value),c.test(n.protocol))&&n.host===r.host&&l.activeElement===s&&(d.top.location.href=t.value))}},d.addEventListener(\"message\",d.wp.receiveEmbedMessage,!1),l.addEventListener(\"DOMContentLoaded\",function(){for(var e,t,s=l.querySelectorAll(\"iframe.wp-embedded-content\"),r=0;r<s.length;r++)(t=(e=s[r]).getAttribute(\"data-secret\"))||(t=Math.random().toString(36).substring(2,12),e.src+=\"#?secret=\"+t,e.setAttribute(\"data-secret\",t)),e.contentWindow.postMessage({message:\"ready\",secret:t},\"*\")},!1)))}(window,document);\n\/* ]]> *\/\n<\/script>\n","thumbnail_url":"https:\/\/www.salzburgerland.com\/de\/magazin\/wp-content\/uploads\/2016\/11\/cover_raunychtetagebuch-3.jpg","thumbnail_width":1010,"thumbnail_height":1600,"description":"Das Raun\u00e4chtetagebuch von Nina St\u00f6gm\u00fcller ist ein Begleiter durch die \u201ezw\u00f6lf heiligen N\u00e4chte\u201c im Jahr &#8211; den so genannten Raun\u00e4chten. In diesem kurzweiligen Buch laden M\u00e4rchen zum Schmunzeln, Nachdenken und Reflektieren ein. Wer Lust hat, schreibt seine Gedanken ins Buch und f\u00e4rbt die vielen Zeichnungen bunt. Zeit zum Innehalten, sich eine Auszeit g\u00f6nnen und gemeinsam [&hellip;]"}

Christine Fröschl

Das Raunächtetagebuch von Nina Stögmüller ist ein Begleiter durch die „zwölf heiligen Nächte“ im Jahr &#8211; den so genannten Raunächten. In diesem kurzweiligen Buch laden Märchen zum Schmunzeln, Nachdenken und Reflektieren ein. Wer Lust hat, schreibt seine Gedanken ins Buch und färbt die vielen Zeichnungen bunt. Zeit zum Innehalten, sich eine Auszeit gönnen und gemeinsam [&hellip;]
