{"version":"1.0","provider_name":"SalzburgerLand Magazin","provider_url":"https:\/\/www.salzburgerland.com\/de\/magazin","author_name":"Theresa Kaserer","author_url":"https:\/\/www.salzburgerland.com\/de\/magazin\/author\/theresa-kaserer\/","title":"Gruselwanderung durch die Stadt Salzburg","type":"rich","width":600,"height":338,"html":"<blockquote class=\"wp-embedded-content\" data-secret=\"imUYbBw51Q\"><a href=\"https:\/\/www.salzburgerland.com\/de\/magazin\/gruselwanderung-durch-die-stadt-salzburg\/\">Gruselwanderung durch die Stadt Salzburg<\/a><\/blockquote><iframe sandbox=\"allow-scripts\" security=\"restricted\" src=\"https:\/\/www.salzburgerland.com\/de\/magazin\/gruselwanderung-durch-die-stadt-salzburg\/embed\/#?secret=imUYbBw51Q\" width=\"600\" height=\"338\" title=\"&#8222;Gruselwanderung durch die Stadt Salzburg&#8220; &#8211; SalzburgerLand Magazin\" data-secret=\"imUYbBw51Q\" frameborder=\"0\" marginwidth=\"0\" marginheight=\"0\" scrolling=\"no\" class=\"wp-embedded-content\"><\/iframe><script type=\"text\/javascript\">\n\/* <![CDATA[ *\/\n\/*! This file is auto-generated *\/\n!function(d,l){\"use strict\";l.querySelector&&d.addEventListener&&\"undefined\"!=typeof URL&&(d.wp=d.wp||{},d.wp.receiveEmbedMessage||(d.wp.receiveEmbedMessage=function(e){var t=e.data;if((t||t.secret||t.message||t.value)&&!\/[^a-zA-Z0-9]\/.test(t.secret)){for(var s,r,n,a=l.querySelectorAll('iframe[data-secret=\"'+t.secret+'\"]'),o=l.querySelectorAll('blockquote[data-secret=\"'+t.secret+'\"]'),c=new RegExp(\"^https?:$\",\"i\"),i=0;i<o.length;i++)o[i].style.display=\"none\";for(i=0;i<a.length;i++)s=a[i],e.source===s.contentWindow&&(s.removeAttribute(\"style\"),\"height\"===t.message?(1e3<(r=parseInt(t.value,10))?r=1e3:~~r<200&&(r=200),s.height=r):\"link\"===t.message&&(r=new URL(s.getAttribute(\"src\")),n=new URL(t.value),c.test(n.protocol))&&n.host===r.host&&l.activeElement===s&&(d.top.location.href=t.value))}},d.addEventListener(\"message\",d.wp.receiveEmbedMessage,!1),l.addEventListener(\"DOMContentLoaded\",function(){for(var e,t,s=l.querySelectorAll(\"iframe.wp-embedded-content\"),r=0;r<s.length;r++)(t=(e=s[r]).getAttribute(\"data-secret\"))||(t=Math.random().toString(36).substring(2,12),e.src+=\"#?secret=\"+t,e.setAttribute(\"data-secret\",t)),e.contentWindow.postMessage({message:\"ready\",secret:t},\"*\")},!1)))}(window,document);\n\/* ]]> *\/\n<\/script>\n","thumbnail_url":"https:\/\/www.salzburgerland.com\/de\/magazin\/wp-content\/uploads\/2016\/08\/1.jpg","thumbnail_width":1600,"thumbnail_height":1063,"description":"Wissen Sie, woher der Ausdruck &#8222;Heute ist ein Schei\u00dftag&#8220; kommt? Heutzutage wird der Begriff vulg\u00e4r-umgangssprachlich f\u00fcr einen schlechten Tag verwendet, aber bis ins 19. Jahrhundert war es in \u00d6sterreich \u00fcblich, Knechten und Dienstboten ein bis drei unbezahlte Arbeitstage zu verrechnen, die die von ihnen beanspruchte Zeit f\u00fcr die Verrichtung des Stuhlgangs w\u00e4hrend der Arbeit ausgleichen [&hellip;]"}

Wissen Sie, woher der Ausdruck &#8222;Heute ist ein Scheißtag&#8220; kommt? Heutzutage wird der Begriff vulgär-umgangssprachlich für einen schlechten Tag verwendet, aber bis ins 19. Jahrhundert war es in Österreich üblich, Knechten und Dienstboten ein bis drei unbezahlte Arbeitstage zu verrechnen, die die von ihnen beanspruchte Zeit für die Verrichtung des Stuhlgangs während der Arbeit ausgleichen [&hellip;]
