{"version":"1.0","provider_name":"SalzburgerLand Magazin","provider_url":"https:\/\/www.salzburgerland.com\/de\/magazin","author_name":"SalzburgerLand Redaktion","author_url":"https:\/\/www.salzburgerland.com\/de\/magazin\/author\/redaktion\/","title":"Gro\u00dfarltal \u2013 das Tal der Almen","type":"rich","width":600,"height":338,"html":"<blockquote class=\"wp-embedded-content\" data-secret=\"bxFiMIwtcN\"><a href=\"https:\/\/www.salzburgerland.com\/de\/magazin\/grossarl-tal-der-almen\/\">Gro\u00dfarltal \u2013 das Tal der Almen<\/a><\/blockquote><iframe sandbox=\"allow-scripts\" security=\"restricted\" src=\"https:\/\/www.salzburgerland.com\/de\/magazin\/grossarl-tal-der-almen\/embed\/#?secret=bxFiMIwtcN\" width=\"600\" height=\"338\" title=\"&#8222;Gro\u00dfarltal \u2013 das Tal der Almen&#8220; &#8211; SalzburgerLand Magazin\" data-secret=\"bxFiMIwtcN\" frameborder=\"0\" marginwidth=\"0\" marginheight=\"0\" scrolling=\"no\" class=\"wp-embedded-content\"><\/iframe><script type=\"text\/javascript\">\n\/* <![CDATA[ *\/\n\/*! This file is auto-generated *\/\n!function(d,l){\"use strict\";l.querySelector&&d.addEventListener&&\"undefined\"!=typeof URL&&(d.wp=d.wp||{},d.wp.receiveEmbedMessage||(d.wp.receiveEmbedMessage=function(e){var t=e.data;if((t||t.secret||t.message||t.value)&&!\/[^a-zA-Z0-9]\/.test(t.secret)){for(var s,r,n,a=l.querySelectorAll('iframe[data-secret=\"'+t.secret+'\"]'),o=l.querySelectorAll('blockquote[data-secret=\"'+t.secret+'\"]'),c=new RegExp(\"^https?:$\",\"i\"),i=0;i<o.length;i++)o[i].style.display=\"none\";for(i=0;i<a.length;i++)s=a[i],e.source===s.contentWindow&&(s.removeAttribute(\"style\"),\"height\"===t.message?(1e3<(r=parseInt(t.value,10))?r=1e3:~~r<200&&(r=200),s.height=r):\"link\"===t.message&&(r=new URL(s.getAttribute(\"src\")),n=new URL(t.value),c.test(n.protocol))&&n.host===r.host&&l.activeElement===s&&(d.top.location.href=t.value))}},d.addEventListener(\"message\",d.wp.receiveEmbedMessage,!1),l.addEventListener(\"DOMContentLoaded\",function(){for(var e,t,s=l.querySelectorAll(\"iframe.wp-embedded-content\"),r=0;r<s.length;r++)(t=(e=s[r]).getAttribute(\"data-secret\"))||(t=Math.random().toString(36).substring(2,12),e.src+=\"#?secret=\"+t,e.setAttribute(\"data-secret\",t)),e.contentWindow.postMessage({message:\"ready\",secret:t},\"*\")},!1)))}(window,document);\n\/* ]]> *\/\n<\/script>\n","thumbnail_url":"https:\/\/www.salzburgerland.com\/de\/magazin\/wp-content\/uploads\/2016\/08\/RS3837_SLT_Grossarl_Almenweg_ChrisPerkles-71-lpr.jpg","thumbnail_width":2000,"thumbnail_height":1333,"description":"\u201eRiecht ihr den zarten Vanilleduft? Das ist das Kohlr\u00f6schen\u201c, erkl\u00e4rt Bergf\u00fchrer und Ern\u00e4hrungsberater Fritz beim \u201eEntschleunigungstag\u201c im Gro\u00dfarltal und zeigt auf das kleine, kugelige Orchideengew\u00e4chs direkt am Wegesrand. Vom glasklaren Schuhflickersee ist es nicht mehr weit zur Aualm, eine der rund 40 bewirtschafteten H\u00fctten des Tales. Frisches Bauernbrot, der \u201eGro\u00dfarltaler Sauerk\u00e4se\u201c \u2013 ein Genuss-Regions-Produkt \u2013 [&hellip;]"}

Großarltal – das Tal der Almen

<blockquote class="wp-embedded-content" data-secret="bxFiMIwtcN"><a href="https://www.salzburgerland.com/de/magazin/grossarl-tal-der-almen/">Großarltal – das Tal der Almen</a></blockquote><iframe sandbox="allow-scripts" security="restricted" src="https://www.salzburgerland.com/de/magazin/grossarl-tal-der-almen/embed/#?secret=bxFiMIwtcN" width="600" height="338" title="&#8222;Großarltal – das Tal der Almen&#8220; &#8211; SalzburgerLand Magazin" data-secret="bxFiMIwtcN" frameborder="0" marginwidth="0" marginheight="0" scrolling="no" class="wp-embedded-content"></iframe><script type="text/javascript">
/* <![CDATA[ */
/*! This file is auto-generated */
!function(d,l){"use strict";l.querySelector&&d.addEventListener&&"undefined"!=typeof URL&&(d.wp=d.wp||{},d.wp.receiveEmbedMessage||(d.wp.receiveEmbedMessage=function(e){var t=e.data;if((t||t.secret||t.message||t.value)&&!/[^a-zA-Z0-9]/.test(t.secret)){for(var s,r,n,a=l.querySelectorAll('iframe[data-secret="'+t.secret+'"]'),o=l.querySelectorAll('blockquote[data-secret="'+t.secret+'"]'),c=new RegExp("^https?:$","i"),i=0;i<o.length;i++)o[i].style.display="none";for(i=0;i<a.length;i++)s=a[i],e.source===s.contentWindow&&(s.removeAttribute("style"),"height"===t.message?(1e3<(r=parseInt(t.value,10))?r=1e3:~~r<200&&(r=200),s.height=r):"link"===t.message&&(r=new URL(s.getAttribute("src")),n=new URL(t.value),c.test(n.protocol))&&n.host===r.host&&l.activeElement===s&&(d.top.location.href=t.value))}},d.addEventListener("message",d.wp.receiveEmbedMessage,!1),l.addEventListener("DOMContentLoaded",function(){for(var e,t,s=l.querySelectorAll("iframe.wp-embedded-content"),r=0;r<s.length;r++)(t=(e=s[r]).getAttribute("data-secret"))||(t=Math.random().toString(36).substring(2,12),e.src+="#?secret="+t,e.setAttribute("data-secret",t)),e.contentWindow.postMessage({message:"ready",secret:t},"*")},!1)))}(window,document);
/* ]]> */
</script>

„Riecht ihr den zarten Vanilleduft? Das ist das Kohlröschen“, erklärt Bergführer und Ernährungsberater Fritz beim „Entschleunigungstag“ im Großarltal und zeigt auf das kleine, kugelige Orchideengewächs direkt am Wegesrand. Vom glasklaren Schuhflickersee ist es nicht mehr weit zur Aualm, eine der rund 40 bewirtschafteten Hütten des Tales. Frisches Bauernbrot, der „Großarltaler Sauerkäse“ – ein Genuss-Regions-Produkt – [&hellip;]
