{"version":"1.0","provider_name":"SalzburgerLand Magazin","provider_url":"https:\/\/www.salzburgerland.com\/de\/magazin","author_name":"Peter Zeitlhofer","author_url":"https:\/\/www.salzburgerland.com\/de\/magazin\/author\/peter-zeitlhofer\/","title":"Fr\u00fchst\u00fcck auf der Alm","type":"rich","width":600,"height":338,"html":"<blockquote class=\"wp-embedded-content\" data-secret=\"M1ofcJr88z\"><a href=\"https:\/\/www.salzburgerland.com\/de\/magazin\/fruehstueck-auf-der-alm\/\">Fr\u00fchst\u00fcck auf der Alm<\/a><\/blockquote><iframe sandbox=\"allow-scripts\" security=\"restricted\" src=\"https:\/\/www.salzburgerland.com\/de\/magazin\/fruehstueck-auf-der-alm\/embed\/#?secret=M1ofcJr88z\" width=\"600\" height=\"338\" title=\"&#8222;Fr\u00fchst\u00fcck auf der Alm&#8220; &#8211; SalzburgerLand Magazin\" data-secret=\"M1ofcJr88z\" frameborder=\"0\" marginwidth=\"0\" marginheight=\"0\" scrolling=\"no\" class=\"wp-embedded-content\"><\/iframe><script type=\"text\/javascript\">\n\/* <![CDATA[ *\/\n\/*! This file is auto-generated *\/\n!function(d,l){\"use strict\";l.querySelector&&d.addEventListener&&\"undefined\"!=typeof URL&&(d.wp=d.wp||{},d.wp.receiveEmbedMessage||(d.wp.receiveEmbedMessage=function(e){var t=e.data;if((t||t.secret||t.message||t.value)&&!\/[^a-zA-Z0-9]\/.test(t.secret)){for(var s,r,n,a=l.querySelectorAll('iframe[data-secret=\"'+t.secret+'\"]'),o=l.querySelectorAll('blockquote[data-secret=\"'+t.secret+'\"]'),c=new RegExp(\"^https?:$\",\"i\"),i=0;i<o.length;i++)o[i].style.display=\"none\";for(i=0;i<a.length;i++)s=a[i],e.source===s.contentWindow&&(s.removeAttribute(\"style\"),\"height\"===t.message?(1e3<(r=parseInt(t.value,10))?r=1e3:~~r<200&&(r=200),s.height=r):\"link\"===t.message&&(r=new URL(s.getAttribute(\"src\")),n=new URL(t.value),c.test(n.protocol))&&n.host===r.host&&l.activeElement===s&&(d.top.location.href=t.value))}},d.addEventListener(\"message\",d.wp.receiveEmbedMessage,!1),l.addEventListener(\"DOMContentLoaded\",function(){for(var e,t,s=l.querySelectorAll(\"iframe.wp-embedded-content\"),r=0;r<s.length;r++)(t=(e=s[r]).getAttribute(\"data-secret\"))||(t=Math.random().toString(36).substring(2,12),e.src+=\"#?secret=\"+t,e.setAttribute(\"data-secret\",t)),e.contentWindow.postMessage({message:\"ready\",secret:t},\"*\")},!1)))}(window,document);\n\/* ]]> *\/\n<\/script>\n","thumbnail_url":"https:\/\/www.salzburgerland.com\/de\/magazin\/wp-content\/uploads\/2016\/09\/Wanderurlaub_Hochkoenig_Schartner2016-33.jpg","thumbnail_width":1600,"thumbnail_height":1068,"description":"Mitten in den sch\u00f6nsten Tr\u00e4umen, rei\u00dft mich der Wecker, mein alter Erzfeind und gleichzeitig treuester Gef\u00e4hrte im Kampf gegen das morgendliche Verschlafen, mit seinem penetranten Klingeln aus den Federn. Jaha!!!! Ich bin ja schon wach! Durch schmale Schlitze, \u00fcbrigens meine Augen, blicke ich auf die Digitalanzeige und kann es im ersten Moment gar nicht fassen. [&hellip;]"}

Frühstück auf der Alm

<blockquote class="wp-embedded-content" data-secret="M1ofcJr88z"><a href="https://www.salzburgerland.com/de/magazin/fruehstueck-auf-der-alm/">Frühstück auf der Alm</a></blockquote><iframe sandbox="allow-scripts" security="restricted" src="https://www.salzburgerland.com/de/magazin/fruehstueck-auf-der-alm/embed/#?secret=M1ofcJr88z" width="600" height="338" title="&#8222;Frühstück auf der Alm&#8220; &#8211; SalzburgerLand Magazin" data-secret="M1ofcJr88z" frameborder="0" marginwidth="0" marginheight="0" scrolling="no" class="wp-embedded-content"></iframe><script type="text/javascript">
/* <![CDATA[ */
/*! This file is auto-generated */
!function(d,l){"use strict";l.querySelector&&d.addEventListener&&"undefined"!=typeof URL&&(d.wp=d.wp||{},d.wp.receiveEmbedMessage||(d.wp.receiveEmbedMessage=function(e){var t=e.data;if((t||t.secret||t.message||t.value)&&!/[^a-zA-Z0-9]/.test(t.secret)){for(var s,r,n,a=l.querySelectorAll('iframe[data-secret="'+t.secret+'"]'),o=l.querySelectorAll('blockquote[data-secret="'+t.secret+'"]'),c=new RegExp("^https?:$","i"),i=0;i<o.length;i++)o[i].style.display="none";for(i=0;i<a.length;i++)s=a[i],e.source===s.contentWindow&&(s.removeAttribute("style"),"height"===t.message?(1e3<(r=parseInt(t.value,10))?r=1e3:~~r<200&&(r=200),s.height=r):"link"===t.message&&(r=new URL(s.getAttribute("src")),n=new URL(t.value),c.test(n.protocol))&&n.host===r.host&&l.activeElement===s&&(d.top.location.href=t.value))}},d.addEventListener("message",d.wp.receiveEmbedMessage,!1),l.addEventListener("DOMContentLoaded",function(){for(var e,t,s=l.querySelectorAll("iframe.wp-embedded-content"),r=0;r<s.length;r++)(t=(e=s[r]).getAttribute("data-secret"))||(t=Math.random().toString(36).substring(2,12),e.src+="#?secret="+t,e.setAttribute("data-secret",t)),e.contentWindow.postMessage({message:"ready",secret:t},"*")},!1)))}(window,document);
/* ]]> */
</script>

Mitten in den schönsten Träumen, reißt mich der Wecker, mein alter Erzfeind und gleichzeitig treuester Gefährte im Kampf gegen das morgendliche Verschlafen, mit seinem penetranten Klingeln aus den Federn. Jaha!!!! Ich bin ja schon wach! Durch schmale Schlitze, übrigens meine Augen, blicke ich auf die Digitalanzeige und kann es im ersten Moment gar nicht fassen. [&hellip;]
