{"version":"1.0","provider_name":"SalzburgerLand Magazin","provider_url":"https:\/\/www.salzburgerland.com\/de\/magazin","author_name":"Peter Zeitlhofer","author_url":"https:\/\/www.salzburgerland.com\/de\/magazin\/author\/peter-zeitlhofer\/","title":"Feuer &amp; Stimme-Chorfestival im Lungau","type":"rich","width":600,"height":338,"html":"<blockquote class=\"wp-embedded-content\" data-secret=\"MRetoEoVmB\"><a href=\"https:\/\/www.salzburgerland.com\/de\/magazin\/feuer-stimme-chorfestival-im-lungau\/\">Feuer &amp; Stimme-Chorfestival im Lungau<\/a><\/blockquote><iframe sandbox=\"allow-scripts\" security=\"restricted\" src=\"https:\/\/www.salzburgerland.com\/de\/magazin\/feuer-stimme-chorfestival-im-lungau\/embed\/#?secret=MRetoEoVmB\" width=\"600\" height=\"338\" title=\"&#8222;Feuer &amp; Stimme-Chorfestival im Lungau&#8220; &#8211; SalzburgerLand Magazin\" data-secret=\"MRetoEoVmB\" frameborder=\"0\" marginwidth=\"0\" marginheight=\"0\" scrolling=\"no\" class=\"wp-embedded-content\"><\/iframe><script type=\"text\/javascript\">\n\/* <![CDATA[ *\/\n\/*! This file is auto-generated *\/\n!function(d,l){\"use strict\";l.querySelector&&d.addEventListener&&\"undefined\"!=typeof URL&&(d.wp=d.wp||{},d.wp.receiveEmbedMessage||(d.wp.receiveEmbedMessage=function(e){var t=e.data;if((t||t.secret||t.message||t.value)&&!\/[^a-zA-Z0-9]\/.test(t.secret)){for(var s,r,n,a=l.querySelectorAll('iframe[data-secret=\"'+t.secret+'\"]'),o=l.querySelectorAll('blockquote[data-secret=\"'+t.secret+'\"]'),c=new RegExp(\"^https?:$\",\"i\"),i=0;i<o.length;i++)o[i].style.display=\"none\";for(i=0;i<a.length;i++)s=a[i],e.source===s.contentWindow&&(s.removeAttribute(\"style\"),\"height\"===t.message?(1e3<(r=parseInt(t.value,10))?r=1e3:~~r<200&&(r=200),s.height=r):\"link\"===t.message&&(r=new URL(s.getAttribute(\"src\")),n=new URL(t.value),c.test(n.protocol))&&n.host===r.host&&l.activeElement===s&&(d.top.location.href=t.value))}},d.addEventListener(\"message\",d.wp.receiveEmbedMessage,!1),l.addEventListener(\"DOMContentLoaded\",function(){for(var e,t,s=l.querySelectorAll(\"iframe.wp-embedded-content\"),r=0;r<s.length;r++)(t=(e=s[r]).getAttribute(\"data-secret\"))||(t=Math.random().toString(36).substring(2,12),e.src+=\"#?secret=\"+t,e.setAttribute(\"data-secret\",t)),e.contentWindow.postMessage({message:\"ready\",secret:t},\"*\")},!1)))}(window,document);\n\/* ]]> *\/\n<\/script>\n","thumbnail_url":"https:\/\/www.salzburgerland.com\/de\/magazin\/wp-content\/uploads\/2016\/05\/DSC_2318.jpg","thumbnail_width":1600,"thumbnail_height":1063,"description":"Wenn leichte Melodien fr\u00f6hlich durch schattige G\u00e4sschen tanzen, die Luft von Musik erf\u00fcllt ist und\u00a0man sich an den verschiedensten Pl\u00e4tzen und Orten zum gemeinsamen Singen trifft &#8211; dann steht in St. Michael im Lungau wieder einmal das\u00a0&#8222;Feuer&amp;Stimme&#8220;-Chorfest auf dem Programm. Ein Wochenende voller Lebensfreude, Freundschaft, anziehender Gegens\u00e4tze und der alles-verbindenden Musik.\u00a0 Wenn vom 12. bis [&hellip;]"}

Wenn leichte Melodien fröhlich durch schattige Gässchen tanzen, die Luft von Musik erfüllt ist und man sich an den verschiedensten Plätzen und Orten zum gemeinsamen Singen trifft &#8211; dann steht in St. Michael im Lungau wieder einmal das &#8222;Feuer&amp;Stimme&#8220;-Chorfest auf dem Programm. Ein Wochenende voller Lebensfreude, Freundschaft, anziehender Gegensätze und der alles-verbindenden Musik.  Wenn vom 12. bis [&hellip;]
