{"version":"1.0","provider_name":"SalzburgerLand Magazin","provider_url":"https:\/\/www.salzburgerland.com\/de\/magazin","author_name":"Christine Fr\u00f6schl","author_url":"https:\/\/www.salzburgerland.com\/de\/magazin\/author\/christine-froeschl\/","title":"Edelbr\u00e4nde vom Bergbauernhof","type":"rich","width":600,"height":338,"html":"<blockquote class=\"wp-embedded-content\" data-secret=\"h1hLlpuIfD\"><a href=\"https:\/\/www.salzburgerland.com\/de\/magazin\/edelbraende-vom-bergbauernhof\/\">Edelbr\u00e4nde vom Bergbauernhof<\/a><\/blockquote><iframe sandbox=\"allow-scripts\" security=\"restricted\" src=\"https:\/\/www.salzburgerland.com\/de\/magazin\/edelbraende-vom-bergbauernhof\/embed\/#?secret=h1hLlpuIfD\" width=\"600\" height=\"338\" title=\"&#8222;Edelbr\u00e4nde vom Bergbauernhof&#8220; &#8211; SalzburgerLand Magazin\" data-secret=\"h1hLlpuIfD\" frameborder=\"0\" marginwidth=\"0\" marginheight=\"0\" scrolling=\"no\" class=\"wp-embedded-content\"><\/iframe><script type=\"text\/javascript\">\n\/* <![CDATA[ *\/\n\/*! This file is auto-generated *\/\n!function(d,l){\"use strict\";l.querySelector&&d.addEventListener&&\"undefined\"!=typeof URL&&(d.wp=d.wp||{},d.wp.receiveEmbedMessage||(d.wp.receiveEmbedMessage=function(e){var t=e.data;if((t||t.secret||t.message||t.value)&&!\/[^a-zA-Z0-9]\/.test(t.secret)){for(var s,r,n,a=l.querySelectorAll('iframe[data-secret=\"'+t.secret+'\"]'),o=l.querySelectorAll('blockquote[data-secret=\"'+t.secret+'\"]'),c=new RegExp(\"^https?:$\",\"i\"),i=0;i<o.length;i++)o[i].style.display=\"none\";for(i=0;i<a.length;i++)s=a[i],e.source===s.contentWindow&&(s.removeAttribute(\"style\"),\"height\"===t.message?(1e3<(r=parseInt(t.value,10))?r=1e3:~~r<200&&(r=200),s.height=r):\"link\"===t.message&&(r=new URL(s.getAttribute(\"src\")),n=new URL(t.value),c.test(n.protocol))&&n.host===r.host&&l.activeElement===s&&(d.top.location.href=t.value))}},d.addEventListener(\"message\",d.wp.receiveEmbedMessage,!1),l.addEventListener(\"DOMContentLoaded\",function(){for(var e,t,s=l.querySelectorAll(\"iframe.wp-embedded-content\"),r=0;r<s.length;r++)(t=(e=s[r]).getAttribute(\"data-secret\"))||(t=Math.random().toString(36).substring(2,12),e.src+=\"#?secret=\"+t,e.setAttribute(\"data-secret\",t)),e.contentWindow.postMessage({message:\"ready\",secret:t},\"*\")},!1)))}(window,document);\n\/* ]]> *\/\n<\/script>\n","thumbnail_url":"https:\/\/www.salzburgerland.com\/de\/magazin\/wp-content\/uploads\/2019\/10\/Matthias-und-Brigitte-Buchegger.jpg","thumbnail_width":900,"thumbnail_height":746,"description":"Wenn im Herbst Nebelschwaden die Bergh\u00e4nge hinaufkriechen und feine Wassertr\u00f6pfchen wie Brillanten in filigranen Spinnennetzen funkeln, f\u00e4rbt die Natur die Landschaft bunt. Die Zeit der Ernte ist gekommen. Auf den sonnigen H\u00e4ngen des Oberhaslachgutes in Abtenau duftet es bei meinem Besuch nach reifem Obst. \u00c4pfel, Birnen, Zwetschgen und Vogelbeeren t\u00fcrmen sich in gro\u00dfen Beh\u00e4ltern. Diese [&hellip;]"}

Christine Fröschl

Edelbrände vom Bergbauernhof

<blockquote class="wp-embedded-content" data-secret="h1hLlpuIfD"><a href="https://www.salzburgerland.com/de/magazin/edelbraende-vom-bergbauernhof/">Edelbrände vom Bergbauernhof</a></blockquote><iframe sandbox="allow-scripts" security="restricted" src="https://www.salzburgerland.com/de/magazin/edelbraende-vom-bergbauernhof/embed/#?secret=h1hLlpuIfD" width="600" height="338" title="&#8222;Edelbrände vom Bergbauernhof&#8220; &#8211; SalzburgerLand Magazin" data-secret="h1hLlpuIfD" frameborder="0" marginwidth="0" marginheight="0" scrolling="no" class="wp-embedded-content"></iframe><script type="text/javascript">
/* <![CDATA[ */
/*! This file is auto-generated */
!function(d,l){"use strict";l.querySelector&&d.addEventListener&&"undefined"!=typeof URL&&(d.wp=d.wp||{},d.wp.receiveEmbedMessage||(d.wp.receiveEmbedMessage=function(e){var t=e.data;if((t||t.secret||t.message||t.value)&&!/[^a-zA-Z0-9]/.test(t.secret)){for(var s,r,n,a=l.querySelectorAll('iframe[data-secret="'+t.secret+'"]'),o=l.querySelectorAll('blockquote[data-secret="'+t.secret+'"]'),c=new RegExp("^https?:$","i"),i=0;i<o.length;i++)o[i].style.display="none";for(i=0;i<a.length;i++)s=a[i],e.source===s.contentWindow&&(s.removeAttribute("style"),"height"===t.message?(1e3<(r=parseInt(t.value,10))?r=1e3:~~r<200&&(r=200),s.height=r):"link"===t.message&&(r=new URL(s.getAttribute("src")),n=new URL(t.value),c.test(n.protocol))&&n.host===r.host&&l.activeElement===s&&(d.top.location.href=t.value))}},d.addEventListener("message",d.wp.receiveEmbedMessage,!1),l.addEventListener("DOMContentLoaded",function(){for(var e,t,s=l.querySelectorAll("iframe.wp-embedded-content"),r=0;r<s.length;r++)(t=(e=s[r]).getAttribute("data-secret"))||(t=Math.random().toString(36).substring(2,12),e.src+="#?secret="+t,e.setAttribute("data-secret",t)),e.contentWindow.postMessage({message:"ready",secret:t},"*")},!1)))}(window,document);
/* ]]> */
</script>

Wenn im Herbst Nebelschwaden die Berghänge hinaufkriechen und feine Wassertröpfchen wie Brillanten in filigranen Spinnennetzen funkeln, färbt die Natur die Landschaft bunt. Die Zeit der Ernte ist gekommen. Auf den sonnigen Hängen des Oberhaslachgutes in Abtenau duftet es bei meinem Besuch nach reifem Obst. Äpfel, Birnen, Zwetschgen und Vogelbeeren türmen sich in großen Behältern. Diese [&hellip;]
