{"version":"1.0","provider_name":"SalzburgerLand Magazin","provider_url":"https:\/\/www.salzburgerland.com\/de\/magazin","author_name":"Peter Zeitlhofer","author_url":"https:\/\/www.salzburgerland.com\/de\/magazin\/author\/peter-zeitlhofer\/","title":"Die Kraft der Meer\u00e4uglquelle","type":"rich","width":600,"height":338,"html":"<blockquote class=\"wp-embedded-content\" data-secret=\"yro85uq2bQ\"><a href=\"https:\/\/www.salzburgerland.com\/de\/magazin\/die-kraft-der-meeraeuglquelle\/\">Die Kraft der Meer\u00e4uglquelle<\/a><\/blockquote><iframe sandbox=\"allow-scripts\" security=\"restricted\" src=\"https:\/\/www.salzburgerland.com\/de\/magazin\/die-kraft-der-meeraeuglquelle\/embed\/#?secret=yro85uq2bQ\" width=\"600\" height=\"338\" title=\"&#8222;Die Kraft der Meer\u00e4uglquelle&#8220; &#8211; SalzburgerLand Magazin\" data-secret=\"yro85uq2bQ\" frameborder=\"0\" marginwidth=\"0\" marginheight=\"0\" scrolling=\"no\" class=\"wp-embedded-content\"><\/iframe><script type=\"text\/javascript\">\n\/* <![CDATA[ *\/\n\/*! This file is auto-generated *\/\n!function(d,l){\"use strict\";l.querySelector&&d.addEventListener&&\"undefined\"!=typeof URL&&(d.wp=d.wp||{},d.wp.receiveEmbedMessage||(d.wp.receiveEmbedMessage=function(e){var t=e.data;if((t||t.secret||t.message||t.value)&&!\/[^a-zA-Z0-9]\/.test(t.secret)){for(var s,r,n,a=l.querySelectorAll('iframe[data-secret=\"'+t.secret+'\"]'),o=l.querySelectorAll('blockquote[data-secret=\"'+t.secret+'\"]'),c=new RegExp(\"^https?:$\",\"i\"),i=0;i<o.length;i++)o[i].style.display=\"none\";for(i=0;i<a.length;i++)s=a[i],e.source===s.contentWindow&&(s.removeAttribute(\"style\"),\"height\"===t.message?(1e3<(r=parseInt(t.value,10))?r=1e3:~~r<200&&(r=200),s.height=r):\"link\"===t.message&&(r=new URL(s.getAttribute(\"src\")),n=new URL(t.value),c.test(n.protocol))&&n.host===r.host&&l.activeElement===s&&(d.top.location.href=t.value))}},d.addEventListener(\"message\",d.wp.receiveEmbedMessage,!1),l.addEventListener(\"DOMContentLoaded\",function(){for(var e,t,s=l.querySelectorAll(\"iframe.wp-embedded-content\"),r=0;r<s.length;r++)(t=(e=s[r]).getAttribute(\"data-secret\"))||(t=Math.random().toString(36).substring(2,12),e.src+=\"#?secret=\"+t,e.setAttribute(\"data-secret\",t)),e.contentWindow.postMessage({message:\"ready\",secret:t},\"*\")},!1)))}(window,document);\n\/* ]]> *\/\n<\/script>\n","thumbnail_url":"https:\/\/www.salzburgerland.com\/de\/magazin\/wp-content\/uploads\/2016\/11\/IMG_4078.jpg","thumbnail_width":1600,"thumbnail_height":1200,"description":"&#8222;Willst du mich ergr\u00fcnden, werd ich dich verschl\u00fcnden&#8220;, soll es aus dem dunklen Fels ert\u00f6nt sein, als zwei Almhirten in l\u00e4ngst vergangener Zeit wissen wollten, wie tief denn der Spalt sei, aus dem das Wasser der Meer\u00e4uglquelle hervorsprudelte. Schon damals war die besondere Kraft dieses Wassers in der Region wohl bekannt und so manch einer [&hellip;]"}

Die Kraft der Meeräuglquelle

<blockquote class="wp-embedded-content" data-secret="yro85uq2bQ"><a href="https://www.salzburgerland.com/de/magazin/die-kraft-der-meeraeuglquelle/">Die Kraft der Meeräuglquelle</a></blockquote><iframe sandbox="allow-scripts" security="restricted" src="https://www.salzburgerland.com/de/magazin/die-kraft-der-meeraeuglquelle/embed/#?secret=yro85uq2bQ" width="600" height="338" title="&#8222;Die Kraft der Meeräuglquelle&#8220; &#8211; SalzburgerLand Magazin" data-secret="yro85uq2bQ" frameborder="0" marginwidth="0" marginheight="0" scrolling="no" class="wp-embedded-content"></iframe><script type="text/javascript">
/* <![CDATA[ */
/*! This file is auto-generated */
!function(d,l){"use strict";l.querySelector&&d.addEventListener&&"undefined"!=typeof URL&&(d.wp=d.wp||{},d.wp.receiveEmbedMessage||(d.wp.receiveEmbedMessage=function(e){var t=e.data;if((t||t.secret||t.message||t.value)&&!/[^a-zA-Z0-9]/.test(t.secret)){for(var s,r,n,a=l.querySelectorAll('iframe[data-secret="'+t.secret+'"]'),o=l.querySelectorAll('blockquote[data-secret="'+t.secret+'"]'),c=new RegExp("^https?:$","i"),i=0;i<o.length;i++)o[i].style.display="none";for(i=0;i<a.length;i++)s=a[i],e.source===s.contentWindow&&(s.removeAttribute("style"),"height"===t.message?(1e3<(r=parseInt(t.value,10))?r=1e3:~~r<200&&(r=200),s.height=r):"link"===t.message&&(r=new URL(s.getAttribute("src")),n=new URL(t.value),c.test(n.protocol))&&n.host===r.host&&l.activeElement===s&&(d.top.location.href=t.value))}},d.addEventListener("message",d.wp.receiveEmbedMessage,!1),l.addEventListener("DOMContentLoaded",function(){for(var e,t,s=l.querySelectorAll("iframe.wp-embedded-content"),r=0;r<s.length;r++)(t=(e=s[r]).getAttribute("data-secret"))||(t=Math.random().toString(36).substring(2,12),e.src+="#?secret="+t,e.setAttribute("data-secret",t)),e.contentWindow.postMessage({message:"ready",secret:t},"*")},!1)))}(window,document);
/* ]]> */
</script>

&#8222;Willst du mich ergründen, werd ich dich verschlünden&#8220;, soll es aus dem dunklen Fels ertönt sein, als zwei Almhirten in längst vergangener Zeit wissen wollten, wie tief denn der Spalt sei, aus dem das Wasser der Meeräuglquelle hervorsprudelte. Schon damals war die besondere Kraft dieses Wassers in der Region wohl bekannt und so manch einer [&hellip;]
