{"version":"1.0","provider_name":"SalzburgerLand Magazin","provider_url":"https:\/\/www.salzburgerland.com\/de\/magazin","author_name":"Christoph Werntgen","author_url":"https:\/\/www.salzburgerland.com\/de\/magazin\/author\/christophwerntgen\/","title":"Die Kr\u00e4uterhex von der Branntweiner Alm","type":"rich","width":600,"height":338,"html":"<blockquote class=\"wp-embedded-content\" data-secret=\"6ZY6wBxJEX\"><a href=\"https:\/\/www.salzburgerland.com\/de\/magazin\/die-kraeuterhex-von-der-branntweiner-alm\/\">Die Kr\u00e4uterhex von der Branntweiner Alm<\/a><\/blockquote><iframe sandbox=\"allow-scripts\" security=\"restricted\" src=\"https:\/\/www.salzburgerland.com\/de\/magazin\/die-kraeuterhex-von-der-branntweiner-alm\/embed\/#?secret=6ZY6wBxJEX\" width=\"600\" height=\"338\" title=\"&#8222;Die Kr\u00e4uterhex von der Branntweiner Alm&#8220; &#8211; SalzburgerLand Magazin\" data-secret=\"6ZY6wBxJEX\" frameborder=\"0\" marginwidth=\"0\" marginheight=\"0\" scrolling=\"no\" class=\"wp-embedded-content\"><\/iframe><script type=\"text\/javascript\">\n\/* <![CDATA[ *\/\n\/*! This file is auto-generated *\/\n!function(d,l){\"use strict\";l.querySelector&&d.addEventListener&&\"undefined\"!=typeof URL&&(d.wp=d.wp||{},d.wp.receiveEmbedMessage||(d.wp.receiveEmbedMessage=function(e){var t=e.data;if((t||t.secret||t.message||t.value)&&!\/[^a-zA-Z0-9]\/.test(t.secret)){for(var s,r,n,a=l.querySelectorAll('iframe[data-secret=\"'+t.secret+'\"]'),o=l.querySelectorAll('blockquote[data-secret=\"'+t.secret+'\"]'),c=new RegExp(\"^https?:$\",\"i\"),i=0;i<o.length;i++)o[i].style.display=\"none\";for(i=0;i<a.length;i++)s=a[i],e.source===s.contentWindow&&(s.removeAttribute(\"style\"),\"height\"===t.message?(1e3<(r=parseInt(t.value,10))?r=1e3:~~r<200&&(r=200),s.height=r):\"link\"===t.message&&(r=new URL(s.getAttribute(\"src\")),n=new URL(t.value),c.test(n.protocol))&&n.host===r.host&&l.activeElement===s&&(d.top.location.href=t.value))}},d.addEventListener(\"message\",d.wp.receiveEmbedMessage,!1),l.addEventListener(\"DOMContentLoaded\",function(){for(var e,t,s=l.querySelectorAll(\"iframe.wp-embedded-content\"),r=0;r<s.length;r++)(t=(e=s[r]).getAttribute(\"data-secret\"))||(t=Math.random().toString(36).substring(2,12),e.src+=\"#?secret=\"+t,e.setAttribute(\"data-secret\",t)),e.contentWindow.postMessage({message:\"ready\",secret:t},\"*\")},!1)))}(window,document);\n\/* ]]> *\/\n<\/script>\n","thumbnail_url":"https:\/\/www.salzburgerland.com\/de\/magazin\/wp-content\/uploads\/2023\/04\/20220709_163008-scaled.jpg","thumbnail_width":2560,"thumbnail_height":1920,"description":"Im Jahr 2005 er\u00f6ffnete Sabine die neue H\u00fctte der Branntweiner Alm auf 1.778 m H\u00f6he oberhalb von St. Margarethen im Lungau f\u00fcr Besucher. Sennerei wird allerdings bereits seit 1779 betrieben. Ein Tisch aus dieser Zeit bildet den Mittelpunkt der heutigen Stube und nicht selten biegt sich dessen Tischplatte unter den K\u00f6stlichkeiten wie der Kasjause mit [&hellip;]"}

Die Kräuterhex von der Branntweiner Alm

<blockquote class="wp-embedded-content" data-secret="6ZY6wBxJEX"><a href="https://www.salzburgerland.com/de/magazin/die-kraeuterhex-von-der-branntweiner-alm/">Die Kräuterhex von der Branntweiner Alm</a></blockquote><iframe sandbox="allow-scripts" security="restricted" src="https://www.salzburgerland.com/de/magazin/die-kraeuterhex-von-der-branntweiner-alm/embed/#?secret=6ZY6wBxJEX" width="600" height="338" title="&#8222;Die Kräuterhex von der Branntweiner Alm&#8220; &#8211; SalzburgerLand Magazin" data-secret="6ZY6wBxJEX" frameborder="0" marginwidth="0" marginheight="0" scrolling="no" class="wp-embedded-content"></iframe><script type="text/javascript">
/* <![CDATA[ */
/*! This file is auto-generated */
!function(d,l){"use strict";l.querySelector&&d.addEventListener&&"undefined"!=typeof URL&&(d.wp=d.wp||{},d.wp.receiveEmbedMessage||(d.wp.receiveEmbedMessage=function(e){var t=e.data;if((t||t.secret||t.message||t.value)&&!/[^a-zA-Z0-9]/.test(t.secret)){for(var s,r,n,a=l.querySelectorAll('iframe[data-secret="'+t.secret+'"]'),o=l.querySelectorAll('blockquote[data-secret="'+t.secret+'"]'),c=new RegExp("^https?:$","i"),i=0;i<o.length;i++)o[i].style.display="none";for(i=0;i<a.length;i++)s=a[i],e.source===s.contentWindow&&(s.removeAttribute("style"),"height"===t.message?(1e3<(r=parseInt(t.value,10))?r=1e3:~~r<200&&(r=200),s.height=r):"link"===t.message&&(r=new URL(s.getAttribute("src")),n=new URL(t.value),c.test(n.protocol))&&n.host===r.host&&l.activeElement===s&&(d.top.location.href=t.value))}},d.addEventListener("message",d.wp.receiveEmbedMessage,!1),l.addEventListener("DOMContentLoaded",function(){for(var e,t,s=l.querySelectorAll("iframe.wp-embedded-content"),r=0;r<s.length;r++)(t=(e=s[r]).getAttribute("data-secret"))||(t=Math.random().toString(36).substring(2,12),e.src+="#?secret="+t,e.setAttribute("data-secret",t)),e.contentWindow.postMessage({message:"ready",secret:t},"*")},!1)))}(window,document);
/* ]]> */
</script>

Im Jahr 2005 eröffnete Sabine die neue Hütte der Branntweiner Alm auf 1.778 m Höhe oberhalb von St. Margarethen im Lungau für Besucher. Sennerei wird allerdings bereits seit 1779 betrieben. Ein Tisch aus dieser Zeit bildet den Mittelpunkt der heutigen Stube und nicht selten biegt sich dessen Tischplatte unter den Köstlichkeiten wie der Kasjause mit [&hellip;]
