{"version":"1.0","provider_name":"SalzburgerLand Magazin","provider_url":"https:\/\/www.salzburgerland.com\/de\/magazin","author_name":"Peter Zeitlhofer","author_url":"https:\/\/www.salzburgerland.com\/de\/magazin\/author\/peter-zeitlhofer\/","title":"Die Kasmandln gehen um","type":"rich","width":600,"height":338,"html":"<blockquote class=\"wp-embedded-content\" data-secret=\"SPLRjDLdT2\"><a href=\"https:\/\/www.salzburgerland.com\/de\/magazin\/die-kasmandln-gehen-um\/\">Die Kasmandln gehen um<\/a><\/blockquote><iframe sandbox=\"allow-scripts\" security=\"restricted\" src=\"https:\/\/www.salzburgerland.com\/de\/magazin\/die-kasmandln-gehen-um\/embed\/#?secret=SPLRjDLdT2\" width=\"600\" height=\"338\" title=\"&#8222;Die Kasmandln gehen um&#8220; &#8211; SalzburgerLand Magazin\" data-secret=\"SPLRjDLdT2\" frameborder=\"0\" marginwidth=\"0\" marginheight=\"0\" scrolling=\"no\" class=\"wp-embedded-content\"><\/iframe><script type=\"text\/javascript\">\n\/* <![CDATA[ *\/\n\/*! This file is auto-generated *\/\n!function(d,l){\"use strict\";l.querySelector&&d.addEventListener&&\"undefined\"!=typeof URL&&(d.wp=d.wp||{},d.wp.receiveEmbedMessage||(d.wp.receiveEmbedMessage=function(e){var t=e.data;if((t||t.secret||t.message||t.value)&&!\/[^a-zA-Z0-9]\/.test(t.secret)){for(var s,r,n,a=l.querySelectorAll('iframe[data-secret=\"'+t.secret+'\"]'),o=l.querySelectorAll('blockquote[data-secret=\"'+t.secret+'\"]'),c=new RegExp(\"^https?:$\",\"i\"),i=0;i<o.length;i++)o[i].style.display=\"none\";for(i=0;i<a.length;i++)s=a[i],e.source===s.contentWindow&&(s.removeAttribute(\"style\"),\"height\"===t.message?(1e3<(r=parseInt(t.value,10))?r=1e3:~~r<200&&(r=200),s.height=r):\"link\"===t.message&&(r=new URL(s.getAttribute(\"src\")),n=new URL(t.value),c.test(n.protocol))&&n.host===r.host&&l.activeElement===s&&(d.top.location.href=t.value))}},d.addEventListener(\"message\",d.wp.receiveEmbedMessage,!1),l.addEventListener(\"DOMContentLoaded\",function(){for(var e,t,s=l.querySelectorAll(\"iframe.wp-embedded-content\"),r=0;r<s.length;r++)(t=(e=s[r]).getAttribute(\"data-secret\"))||(t=Math.random().toString(36).substring(2,12),e.src+=\"#?secret=\"+t,e.setAttribute(\"data-secret\",t)),e.contentWindow.postMessage({message:\"ready\",secret:t},\"*\")},!1)))}(window,document);\n\/* ]]> *\/\n<\/script>\n","thumbnail_url":"https:\/\/www.salzburgerland.com\/de\/magazin\/wp-content\/uploads\/2016\/10\/Kasmandl-Lintsching-2013_DSC2839z-8.jpg","thumbnail_width":1600,"thumbnail_height":1103,"description":"Wenn die Menschen des Lungaus zu Martini ihren Bergh\u00fctten nach einem langen Sommer endg\u00fcltig den R\u00fccken zukehren, \u00fcbernehmen die Kasmandln wieder die Kontrolle \u00fcber die Almen. Hier trotzen sie dem klirrend kalten Winter der Berge und machen es sich in den Behausungen der Menschen gem\u00fctlich. So erz\u00e4hlen es sich die Bauern und Senner der Region [&hellip;]"}

Wenn die Menschen des Lungaus zu Martini ihren Berghütten nach einem langen Sommer endgültig den Rücken zukehren, übernehmen die Kasmandln wieder die Kontrolle über die Almen. Hier trotzen sie dem klirrend kalten Winter der Berge und machen es sich in den Behausungen der Menschen gemütlich. So erzählen es sich die Bauern und Senner der Region [&hellip;]
