{"version":"1.0","provider_name":"SalzburgerLand Magazin","provider_url":"https:\/\/www.salzburgerland.com\/de\/magazin","author_name":"Heiko Mandl","author_url":"https:\/\/www.salzburgerland.com\/de\/magazin\/author\/heiko-mandl\/","title":"Die Alm am Ende des Glemmtales","type":"rich","width":600,"height":338,"html":"<blockquote class=\"wp-embedded-content\" data-secret=\"1N4IDbuTsr\"><a href=\"https:\/\/www.salzburgerland.com\/de\/magazin\/die-alm-an-ende-des-glemmtales\/\">Die Alm am Ende des Glemmtales<\/a><\/blockquote><iframe sandbox=\"allow-scripts\" security=\"restricted\" src=\"https:\/\/www.salzburgerland.com\/de\/magazin\/die-alm-an-ende-des-glemmtales\/embed\/#?secret=1N4IDbuTsr\" width=\"600\" height=\"338\" title=\"&#8222;Die Alm am Ende des Glemmtales&#8220; &#8211; SalzburgerLand Magazin\" data-secret=\"1N4IDbuTsr\" frameborder=\"0\" marginwidth=\"0\" marginheight=\"0\" scrolling=\"no\" class=\"wp-embedded-content\"><\/iframe><script type=\"text\/javascript\">\n\/* <![CDATA[ *\/\n\/*! This file is auto-generated *\/\n!function(d,l){\"use strict\";l.querySelector&&d.addEventListener&&\"undefined\"!=typeof URL&&(d.wp=d.wp||{},d.wp.receiveEmbedMessage||(d.wp.receiveEmbedMessage=function(e){var t=e.data;if((t||t.secret||t.message||t.value)&&!\/[^a-zA-Z0-9]\/.test(t.secret)){for(var s,r,n,a=l.querySelectorAll('iframe[data-secret=\"'+t.secret+'\"]'),o=l.querySelectorAll('blockquote[data-secret=\"'+t.secret+'\"]'),c=new RegExp(\"^https?:$\",\"i\"),i=0;i<o.length;i++)o[i].style.display=\"none\";for(i=0;i<a.length;i++)s=a[i],e.source===s.contentWindow&&(s.removeAttribute(\"style\"),\"height\"===t.message?(1e3<(r=parseInt(t.value,10))?r=1e3:~~r<200&&(r=200),s.height=r):\"link\"===t.message&&(r=new URL(s.getAttribute(\"src\")),n=new URL(t.value),c.test(n.protocol))&&n.host===r.host&&l.activeElement===s&&(d.top.location.href=t.value))}},d.addEventListener(\"message\",d.wp.receiveEmbedMessage,!1),l.addEventListener(\"DOMContentLoaded\",function(){for(var e,t,s=l.querySelectorAll(\"iframe.wp-embedded-content\"),r=0;r<s.length;r++)(t=(e=s[r]).getAttribute(\"data-secret\"))||(t=Math.random().toString(36).substring(2,12),e.src+=\"#?secret=\"+t,e.setAttribute(\"data-secret\",t)),e.contentWindow.postMessage({message:\"ready\",secret:t},\"*\")},!1)))}(window,document);\n\/* ]]> *\/\n<\/script>\n","thumbnail_url":"https:\/\/www.salzburgerland.com\/de\/magazin\/wp-content\/uploads\/2014\/09\/R0022285.jpg","thumbnail_width":1600,"thumbnail_height":1259,"description":"Die Lindlingalm geh\u00f6rt im Glemmtal zu den \u00e4ltesten Gastbetrieben. Seit 1964 treffen sich hier sowohl Urlauber als auch Einheimische, seit 1976 steht das aktuelle Haus und ist sowohl im Sommer als auch im Winter offen. Man kann zur Lindlingalm entweder zu Fu\u00df taleinw\u00e4rts gehen, oder auch mit einem kleinen Zug hoch zur H\u00fctte fahren. Der [&hellip;]"}

Die Lindlingalm gehört im Glemmtal zu den ältesten Gastbetrieben. Seit 1964 treffen sich hier sowohl Urlauber als auch Einheimische, seit 1976 steht das aktuelle Haus und ist sowohl im Sommer als auch im Winter offen. Man kann zur Lindlingalm entweder zu Fuß taleinwärts gehen, oder auch mit einem kleinen Zug hoch zur Hütte fahren. Der [&hellip;]
