{"version":"1.0","provider_name":"SalzburgerLand Magazin","provider_url":"https:\/\/www.salzburgerland.com\/de\/magazin","author_name":"Magdalena Lublasser-Fazal","author_url":"https:\/\/www.salzburgerland.com\/de\/magazin\/author\/magdalena-lublasser-fazal\/","title":"Der Erlhof in Zell am See","type":"rich","width":600,"height":338,"html":"<blockquote class=\"wp-embedded-content\" data-secret=\"nbywVXdBU8\"><a href=\"https:\/\/www.salzburgerland.com\/de\/magazin\/der-erlhof-in-zell-am-see\/\">Der Erlhof in Zell am See<\/a><\/blockquote><iframe sandbox=\"allow-scripts\" security=\"restricted\" src=\"https:\/\/www.salzburgerland.com\/de\/magazin\/der-erlhof-in-zell-am-see\/embed\/#?secret=nbywVXdBU8\" width=\"600\" height=\"338\" title=\"&#8222;Der Erlhof in Zell am See&#8220; &#8211; SalzburgerLand Magazin\" data-secret=\"nbywVXdBU8\" frameborder=\"0\" marginwidth=\"0\" marginheight=\"0\" scrolling=\"no\" class=\"wp-embedded-content\"><\/iframe><script type=\"text\/javascript\">\n\/* <![CDATA[ *\/\n\/*! This file is auto-generated *\/\n!function(d,l){\"use strict\";l.querySelector&&d.addEventListener&&\"undefined\"!=typeof URL&&(d.wp=d.wp||{},d.wp.receiveEmbedMessage||(d.wp.receiveEmbedMessage=function(e){var t=e.data;if((t||t.secret||t.message||t.value)&&!\/[^a-zA-Z0-9]\/.test(t.secret)){for(var s,r,n,a=l.querySelectorAll('iframe[data-secret=\"'+t.secret+'\"]'),o=l.querySelectorAll('blockquote[data-secret=\"'+t.secret+'\"]'),c=new RegExp(\"^https?:$\",\"i\"),i=0;i<o.length;i++)o[i].style.display=\"none\";for(i=0;i<a.length;i++)s=a[i],e.source===s.contentWindow&&(s.removeAttribute(\"style\"),\"height\"===t.message?(1e3<(r=parseInt(t.value,10))?r=1e3:~~r<200&&(r=200),s.height=r):\"link\"===t.message&&(r=new URL(s.getAttribute(\"src\")),n=new URL(t.value),c.test(n.protocol))&&n.host===r.host&&l.activeElement===s&&(d.top.location.href=t.value))}},d.addEventListener(\"message\",d.wp.receiveEmbedMessage,!1),l.addEventListener(\"DOMContentLoaded\",function(){for(var e,t,s=l.querySelectorAll(\"iframe.wp-embedded-content\"),r=0;r<s.length;r++)(t=(e=s[r]).getAttribute(\"data-secret\"))||(t=Math.random().toString(36).substring(2,12),e.src+=\"#?secret=\"+t,e.setAttribute(\"data-secret\",t)),e.contentWindow.postMessage({message:\"ready\",secret:t},\"*\")},!1)))}(window,document);\n\/* ]]> *\/\n<\/script>\n","thumbnail_url":"https:\/\/www.salzburgerland.com\/de\/magazin\/wp-content\/uploads\/2015\/08\/Kaprun-195-von-210.jpg","thumbnail_width":1500,"thumbnail_height":1000,"description":"Die Chronik des \u201eLandhaus Erlhof\u201c geht vermutlich bis ins Jahre 1050 zur\u00fcck. Damals z\u00e4hlte er zu den ersten Ansiedlungen am Zeller See. In den vergangenen Jahrhunderten wechselte der ehrw\u00fcrdige Hof immer wieder seine Besitzer. So auch 1151, als der Burggraf Hartnid ihn als \u201eSeelger\u00e4t\u201c f\u00fcr seine verstorbene Frau an das Stift St. Peter \u00fcbergibt. In [&hellip;]"}

Die Chronik des „Landhaus Erlhof“ geht vermutlich bis ins Jahre 1050 zurück. Damals zählte er zu den ersten Ansiedlungen am Zeller See. In den vergangenen Jahrhunderten wechselte der ehrwürdige Hof immer wieder seine Besitzer. So auch 1151, als der Burggraf Hartnid ihn als „Seelgerät“ für seine verstorbene Frau an das Stift St. Peter übergibt. In [&hellip;]
