{"version":"1.0","provider_name":"SalzburgerLand Magazin","provider_url":"https:\/\/www.salzburgerland.com\/de\/magazin","author_name":"Andrea Conrad","author_url":"https:\/\/www.salzburgerland.com\/de\/magazin\/author\/andrea-conrad\/","title":"Der Blasnerhof im Muhrtal","type":"rich","width":600,"height":338,"html":"<blockquote class=\"wp-embedded-content\" data-secret=\"9s8MW0tSHT\"><a href=\"https:\/\/www.salzburgerland.com\/de\/magazin\/der-blasnerhof-im-muhrtal\/\">Der Blasnerhof im Muhrtal<\/a><\/blockquote><iframe sandbox=\"allow-scripts\" security=\"restricted\" src=\"https:\/\/www.salzburgerland.com\/de\/magazin\/der-blasnerhof-im-muhrtal\/embed\/#?secret=9s8MW0tSHT\" width=\"600\" height=\"338\" title=\"&#8222;Der Blasnerhof im Muhrtal&#8220; &#8211; SalzburgerLand Magazin\" data-secret=\"9s8MW0tSHT\" frameborder=\"0\" marginwidth=\"0\" marginheight=\"0\" scrolling=\"no\" class=\"wp-embedded-content\"><\/iframe><script type=\"text\/javascript\">\n\/* <![CDATA[ *\/\n\/*! This file is auto-generated *\/\n!function(d,l){\"use strict\";l.querySelector&&d.addEventListener&&\"undefined\"!=typeof URL&&(d.wp=d.wp||{},d.wp.receiveEmbedMessage||(d.wp.receiveEmbedMessage=function(e){var t=e.data;if((t||t.secret||t.message||t.value)&&!\/[^a-zA-Z0-9]\/.test(t.secret)){for(var s,r,n,a=l.querySelectorAll('iframe[data-secret=\"'+t.secret+'\"]'),o=l.querySelectorAll('blockquote[data-secret=\"'+t.secret+'\"]'),c=new RegExp(\"^https?:$\",\"i\"),i=0;i<o.length;i++)o[i].style.display=\"none\";for(i=0;i<a.length;i++)s=a[i],e.source===s.contentWindow&&(s.removeAttribute(\"style\"),\"height\"===t.message?(1e3<(r=parseInt(t.value,10))?r=1e3:~~r<200&&(r=200),s.height=r):\"link\"===t.message&&(r=new URL(s.getAttribute(\"src\")),n=new URL(t.value),c.test(n.protocol))&&n.host===r.host&&l.activeElement===s&&(d.top.location.href=t.value))}},d.addEventListener(\"message\",d.wp.receiveEmbedMessage,!1),l.addEventListener(\"DOMContentLoaded\",function(){for(var e,t,s=l.querySelectorAll(\"iframe.wp-embedded-content\"),r=0;r<s.length;r++)(t=(e=s[r]).getAttribute(\"data-secret\"))||(t=Math.random().toString(36).substring(2,12),e.src+=\"#?secret=\"+t,e.setAttribute(\"data-secret\",t)),e.contentWindow.postMessage({message:\"ready\",secret:t},\"*\")},!1)))}(window,document);\n\/* ]]> *\/\n<\/script>\n","thumbnail_url":"https:\/\/www.salzburgerland.com\/de\/magazin\/wp-content\/uploads\/2022\/12\/Blasnerhof-2-scaled-e1686546836493.jpg","thumbnail_width":1920,"thumbnail_height":1478,"description":"2001 sah es so aus, als w\u00e4re die Zeit des \u201eBlasners\u201c, dessen \u00e4ltester Teil wahrscheinlich aus dem Jahr 1682 stammt, vorbei. Damals vernichtete ein verheerender Brand gro\u00dfe Teile des Anwesens. Doch Gottfried Mandl, der die Hofanlage 1996 vom fr\u00fcheren Blasnerbauern erworben hatte, konnte nicht umhin, den Hof in m\u00fchevoller Kleinarbeit wieder herzustellen. So halt ma [&hellip;]"}

2001 sah es so aus, als wäre die Zeit des „Blasners“, dessen ältester Teil wahrscheinlich aus dem Jahr 1682 stammt, vorbei. Damals vernichtete ein verheerender Brand große Teile des Anwesens. Doch Gottfried Mandl, der die Hofanlage 1996 vom früheren Blasnerbauern erworben hatte, konnte nicht umhin, den Hof in mühevoller Kleinarbeit wieder herzustellen. So halt ma [&hellip;]
