{"version":"1.0","provider_name":"SalzburgerLand Magazin","provider_url":"https:\/\/www.salzburgerland.com\/de\/magazin","author_name":"Heiko Mandl","author_url":"https:\/\/www.salzburgerland.com\/de\/magazin\/author\/heiko-mandl\/","title":"Das kleinste Haus Salzburgs","type":"rich","width":600,"height":338,"html":"<blockquote class=\"wp-embedded-content\" data-secret=\"hEvsLNBr50\"><a href=\"https:\/\/www.salzburgerland.com\/de\/magazin\/das-kleinste-haus-salzburgs\/\">Das kleinste Haus Salzburgs<\/a><\/blockquote><iframe sandbox=\"allow-scripts\" security=\"restricted\" src=\"https:\/\/www.salzburgerland.com\/de\/magazin\/das-kleinste-haus-salzburgs\/embed\/#?secret=hEvsLNBr50\" width=\"600\" height=\"338\" title=\"&#8222;Das kleinste Haus Salzburgs&#8220; &#8211; SalzburgerLand Magazin\" data-secret=\"hEvsLNBr50\" frameborder=\"0\" marginwidth=\"0\" marginheight=\"0\" scrolling=\"no\" class=\"wp-embedded-content\"><\/iframe><script type=\"text\/javascript\">\n\/* <![CDATA[ *\/\n\/*! This file is auto-generated *\/\n!function(d,l){\"use strict\";l.querySelector&&d.addEventListener&&\"undefined\"!=typeof URL&&(d.wp=d.wp||{},d.wp.receiveEmbedMessage||(d.wp.receiveEmbedMessage=function(e){var t=e.data;if((t||t.secret||t.message||t.value)&&!\/[^a-zA-Z0-9]\/.test(t.secret)){for(var s,r,n,a=l.querySelectorAll('iframe[data-secret=\"'+t.secret+'\"]'),o=l.querySelectorAll('blockquote[data-secret=\"'+t.secret+'\"]'),c=new RegExp(\"^https?:$\",\"i\"),i=0;i<o.length;i++)o[i].style.display=\"none\";for(i=0;i<a.length;i++)s=a[i],e.source===s.contentWindow&&(s.removeAttribute(\"style\"),\"height\"===t.message?(1e3<(r=parseInt(t.value,10))?r=1e3:~~r<200&&(r=200),s.height=r):\"link\"===t.message&&(r=new URL(s.getAttribute(\"src\")),n=new URL(t.value),c.test(n.protocol))&&n.host===r.host&&l.activeElement===s&&(d.top.location.href=t.value))}},d.addEventListener(\"message\",d.wp.receiveEmbedMessage,!1),l.addEventListener(\"DOMContentLoaded\",function(){for(var e,t,s=l.querySelectorAll(\"iframe.wp-embedded-content\"),r=0;r<s.length;r++)(t=(e=s[r]).getAttribute(\"data-secret\"))||(t=Math.random().toString(36).substring(2,12),e.src+=\"#?secret=\"+t,e.setAttribute(\"data-secret\",t)),e.contentWindow.postMessage({message:\"ready\",secret:t},\"*\")},!1)))}(window,document);\n\/* ]]> *\/\n<\/script>\n","thumbnail_url":"https:\/\/www.salzburgerland.com\/de\/magazin\/wp-content\/uploads\/2014\/04\/IMG_1620.jpg","thumbnail_width":1600,"thumbnail_height":1195,"description":"Urspr\u00fcnglich befand sich zwischen den beiden Patrizierh\u00e4usern eine schmale Gasse, sie wurde aber um zirka 1860 zugebaut und in das kleine Haus wurde von den Salzburger F\u00fcrsterzbisch\u00f6fe zun\u00e4chst eine Schreibstube eingerichtet. Kurze Zeit sp\u00e4ter, im Jahre 1880, kam der erste Optiker in das Haus. So befanden sich im Erdgescho\u00df die Verkaufsr\u00e4ume und im Obergescho\u00df die [&hellip;]"}

Ursprünglich befand sich zwischen den beiden Patrizierhäusern eine schmale Gasse, sie wurde aber um zirka 1860 zugebaut und in das kleine Haus wurde von den Salzburger Fürsterzbischöfe zunächst eine Schreibstube eingerichtet. Kurze Zeit später, im Jahre 1880, kam der erste Optiker in das Haus. So befanden sich im Erdgeschoß die Verkaufsräume und im Obergeschoß die [&hellip;]
