{"version":"1.0","provider_name":"SalzburgerLand Magazin","provider_url":"https:\/\/www.salzburgerland.com\/de\/magazin","author_name":"Magdalena Lublasser-Fazal","author_url":"https:\/\/www.salzburgerland.com\/de\/magazin\/author\/magdalena-lublasser-fazal\/","title":"Schloss Hellbrunn","type":"rich","width":600,"height":338,"html":"<blockquote class=\"wp-embedded-content\" data-secret=\"2MXPGagSSo\"><a href=\"https:\/\/www.salzburgerland.com\/de\/magazin\/ausstellung-fuer-kinder-im-schloss-hellbrunn\/\">Schloss Hellbrunn<\/a><\/blockquote><iframe sandbox=\"allow-scripts\" security=\"restricted\" src=\"https:\/\/www.salzburgerland.com\/de\/magazin\/ausstellung-fuer-kinder-im-schloss-hellbrunn\/embed\/#?secret=2MXPGagSSo\" width=\"600\" height=\"338\" title=\"&#8222;Schloss Hellbrunn&#8220; &#8211; SalzburgerLand Magazin\" data-secret=\"2MXPGagSSo\" frameborder=\"0\" marginwidth=\"0\" marginheight=\"0\" scrolling=\"no\" class=\"wp-embedded-content\"><\/iframe><script type=\"text\/javascript\">\n\/* <![CDATA[ *\/\n\/*! This file is auto-generated *\/\n!function(d,l){\"use strict\";l.querySelector&&d.addEventListener&&\"undefined\"!=typeof URL&&(d.wp=d.wp||{},d.wp.receiveEmbedMessage||(d.wp.receiveEmbedMessage=function(e){var t=e.data;if((t||t.secret||t.message||t.value)&&!\/[^a-zA-Z0-9]\/.test(t.secret)){for(var s,r,n,a=l.querySelectorAll('iframe[data-secret=\"'+t.secret+'\"]'),o=l.querySelectorAll('blockquote[data-secret=\"'+t.secret+'\"]'),c=new RegExp(\"^https?:$\",\"i\"),i=0;i<o.length;i++)o[i].style.display=\"none\";for(i=0;i<a.length;i++)s=a[i],e.source===s.contentWindow&&(s.removeAttribute(\"style\"),\"height\"===t.message?(1e3<(r=parseInt(t.value,10))?r=1e3:~~r<200&&(r=200),s.height=r):\"link\"===t.message&&(r=new URL(s.getAttribute(\"src\")),n=new URL(t.value),c.test(n.protocol))&&n.host===r.host&&l.activeElement===s&&(d.top.location.href=t.value))}},d.addEventListener(\"message\",d.wp.receiveEmbedMessage,!1),l.addEventListener(\"DOMContentLoaded\",function(){for(var e,t,s=l.querySelectorAll(\"iframe.wp-embedded-content\"),r=0;r<s.length;r++)(t=(e=s[r]).getAttribute(\"data-secret\"))||(t=Math.random().toString(36).substring(2,12),e.src+=\"#?secret=\"+t,e.setAttribute(\"data-secret\",t)),e.contentWindow.postMessage({message:\"ready\",secret:t},\"*\")},!1)))}(window,document);\n\/* ]]> *\/\n<\/script>\n","thumbnail_url":"https:\/\/www.salzburgerland.com\/de\/magazin\/wp-content\/uploads\/2017\/05\/hellbrunnausstellung22.jpg","thumbnail_width":1600,"thumbnail_height":1043,"description":"Mehr als 400 Jahre ist es her, dass F\u00fcrsterzbischof Markus Sittikus \u00fcber das damalige F\u00fcrstenbistum Salzburg herrschte. Der lebenslustige Herrscher war bekannt f\u00fcr seine Gastfreundschaft. In seinem Sommersitz, dem Schloss Hellbrunn, feierte er ausgelassene Feste. Im Schloss Hellbrunn und im Schlossgarten lie\u00df er sich allerlei Spannendes einfallen, um seine G\u00e4ste bei Laune zu halten. So [&hellip;]"}

Mehr als 400 Jahre ist es her, dass Fürsterzbischof Markus Sittikus über das damalige Fürstenbistum Salzburg herrschte. Der lebenslustige Herrscher war bekannt für seine Gastfreundschaft. In seinem Sommersitz, dem Schloss Hellbrunn, feierte er ausgelassene Feste. Im Schloss Hellbrunn und im Schlossgarten ließ er sich allerlei Spannendes einfallen, um seine Gäste bei Laune zu halten. So [&hellip;]
