{"version":"1.0","provider_name":"SalzburgerLand Magazin","provider_url":"https:\/\/www.salzburgerland.com\/de\/magazin","author_name":"Ulli Hammerl","author_url":"https:\/\/www.salzburgerland.com\/de\/magazin\/author\/ulli-hammerl\/","title":"Salzburger Almsommer","type":"rich","width":600,"height":338,"html":"<blockquote class=\"wp-embedded-content\" data-secret=\"ySjMTiCTBH\"><a href=\"https:\/\/www.salzburgerland.com\/de\/magazin\/almsommer-im-salzburgerland\/\">Salzburger Almsommer<\/a><\/blockquote><iframe sandbox=\"allow-scripts\" security=\"restricted\" src=\"https:\/\/www.salzburgerland.com\/de\/magazin\/almsommer-im-salzburgerland\/embed\/#?secret=ySjMTiCTBH\" width=\"600\" height=\"338\" title=\"&#8222;Salzburger Almsommer&#8220; &#8211; SalzburgerLand Magazin\" data-secret=\"ySjMTiCTBH\" frameborder=\"0\" marginwidth=\"0\" marginheight=\"0\" scrolling=\"no\" class=\"wp-embedded-content\"><\/iframe><script type=\"text\/javascript\">\n\/* <![CDATA[ *\/\n\/*! This file is auto-generated *\/\n!function(d,l){\"use strict\";l.querySelector&&d.addEventListener&&\"undefined\"!=typeof URL&&(d.wp=d.wp||{},d.wp.receiveEmbedMessage||(d.wp.receiveEmbedMessage=function(e){var t=e.data;if((t||t.secret||t.message||t.value)&&!\/[^a-zA-Z0-9]\/.test(t.secret)){for(var s,r,n,a=l.querySelectorAll('iframe[data-secret=\"'+t.secret+'\"]'),o=l.querySelectorAll('blockquote[data-secret=\"'+t.secret+'\"]'),c=new RegExp(\"^https?:$\",\"i\"),i=0;i<o.length;i++)o[i].style.display=\"none\";for(i=0;i<a.length;i++)s=a[i],e.source===s.contentWindow&&(s.removeAttribute(\"style\"),\"height\"===t.message?(1e3<(r=parseInt(t.value,10))?r=1e3:~~r<200&&(r=200),s.height=r):\"link\"===t.message&&(r=new URL(s.getAttribute(\"src\")),n=new URL(t.value),c.test(n.protocol))&&n.host===r.host&&l.activeElement===s&&(d.top.location.href=t.value))}},d.addEventListener(\"message\",d.wp.receiveEmbedMessage,!1),l.addEventListener(\"DOMContentLoaded\",function(){for(var e,t,s=l.querySelectorAll(\"iframe.wp-embedded-content\"),r=0;r<s.length;r++)(t=(e=s[r]).getAttribute(\"data-secret\"))||(t=Math.random().toString(36).substring(2,12),e.src+=\"#?secret=\"+t,e.setAttribute(\"data-secret\",t)),e.contentWindow.postMessage({message:\"ready\",secret:t},\"*\")},!1)))}(window,document);\n\/* ]]> *\/\n<\/script>\n","thumbnail_url":"https:\/\/www.salzburgerland.com\/de\/magazin\/wp-content\/uploads\/2021\/06\/RS326__N4G1375_huette-lpr-e1624367158969.jpg","thumbnail_width":1920,"thumbnail_height":1615,"description":"War die Alm fr\u00fcher der Ort, an dem Senner und Sennerin den Sommer verbrachten, das Vieh h\u00fcteten und k\u00f6stliche Produkte herstellten, so ist das Ziel der Almwanderung heute ein Sinnbild f\u00fcr Erholung, Genuss und Krafttanken. Dank der flei\u00dfigen Almleut` warten auf den rund 165&nbsp;Almsommerh\u00fctten auch heute noch frische Buttermilch, g`schmackige Brettljause und ein k\u00f6stlicher Bauernkrapfen [&hellip;]"}

War die Alm früher der Ort, an dem Senner und Sennerin den Sommer verbrachten, das Vieh hüteten und köstliche Produkte herstellten, so ist das Ziel der Almwanderung heute ein Sinnbild für Erholung, Genuss und Krafttanken. Dank der fleißigen Almleut` warten auf den rund 165&nbsp;Almsommerhütten auch heute noch frische Buttermilch, g`schmackige Brettljause und ein köstlicher Bauernkrapfen [&hellip;]
