{"version":"1.0","provider_name":"SalzburgerLand Magazin","provider_url":"https:\/\/www.salzburgerland.com\/de\/magazin","author_name":"Heiko Mandl","author_url":"https:\/\/www.salzburgerland.com\/de\/magazin\/author\/heiko-mandl\/","title":"Adventsm\u00e4rkte in den Stille-Nacht-Orten","type":"rich","width":600,"height":338,"html":"<blockquote class=\"wp-embedded-content\" data-secret=\"JoiI54FR5I\"><a href=\"https:\/\/www.salzburgerland.com\/de\/magazin\/adventsmaerkte-in-den-stille-nacht-orten\/\">Adventsm\u00e4rkte in den Stille-Nacht-Orten<\/a><\/blockquote><iframe sandbox=\"allow-scripts\" security=\"restricted\" src=\"https:\/\/www.salzburgerland.com\/de\/magazin\/adventsmaerkte-in-den-stille-nacht-orten\/embed\/#?secret=JoiI54FR5I\" width=\"600\" height=\"338\" title=\"&#8222;Adventsm\u00e4rkte in den Stille-Nacht-Orten&#8220; &#8211; SalzburgerLand Magazin\" data-secret=\"JoiI54FR5I\" frameborder=\"0\" marginwidth=\"0\" marginheight=\"0\" scrolling=\"no\" class=\"wp-embedded-content\"><\/iframe><script type=\"text\/javascript\">\n\/* <![CDATA[ *\/\n\/*! This file is auto-generated *\/\n!function(d,l){\"use strict\";l.querySelector&&d.addEventListener&&\"undefined\"!=typeof URL&&(d.wp=d.wp||{},d.wp.receiveEmbedMessage||(d.wp.receiveEmbedMessage=function(e){var t=e.data;if((t||t.secret||t.message||t.value)&&!\/[^a-zA-Z0-9]\/.test(t.secret)){for(var s,r,n,a=l.querySelectorAll('iframe[data-secret=\"'+t.secret+'\"]'),o=l.querySelectorAll('blockquote[data-secret=\"'+t.secret+'\"]'),c=new RegExp(\"^https?:$\",\"i\"),i=0;i<o.length;i++)o[i].style.display=\"none\";for(i=0;i<a.length;i++)s=a[i],e.source===s.contentWindow&&(s.removeAttribute(\"style\"),\"height\"===t.message?(1e3<(r=parseInt(t.value,10))?r=1e3:~~r<200&&(r=200),s.height=r):\"link\"===t.message&&(r=new URL(s.getAttribute(\"src\")),n=new URL(t.value),c.test(n.protocol))&&n.host===r.host&&l.activeElement===s&&(d.top.location.href=t.value))}},d.addEventListener(\"message\",d.wp.receiveEmbedMessage,!1),l.addEventListener(\"DOMContentLoaded\",function(){for(var e,t,s=l.querySelectorAll(\"iframe.wp-embedded-content\"),r=0;r<s.length;r++)(t=(e=s[r]).getAttribute(\"data-secret\"))||(t=Math.random().toString(36).substring(2,12),e.src+=\"#?secret=\"+t,e.setAttribute(\"data-secret\",t)),e.contentWindow.postMessage({message:\"ready\",secret:t},\"*\")},!1)))}(window,document);\n\/* ]]> *\/\n<\/script>\n","thumbnail_url":"https:\/\/www.salzburgerland.com\/de\/magazin\/wp-content\/uploads\/2018\/12\/DSC0874-Kopie-Kopie.jpg","thumbnail_width":1600,"thumbnail_height":1019,"description":"Das Jahr 2018 neigt sich dem Ende zu und auch das Jubil\u00e4umsjahr zum Stille-Nacht-Lied befindet sich auf der Zielgeraden. Das Stille-Nacht-Lied bleibt aber nat\u00fcrlich uns weiter erhalten und besonders rund um den 24. Dezember wird das Lied omnipr\u00e4sent. Auch auf den Weihnachtsm\u00e4rkten ist das Thema Stille Nacht nicht zu \u00fcbersehen. Speziell in den Stille-Nacht-Orten wird [&hellip;]"}

Adventsmärkte in den Stille-Nacht-Orten

<blockquote class="wp-embedded-content" data-secret="JoiI54FR5I"><a href="https://www.salzburgerland.com/de/magazin/adventsmaerkte-in-den-stille-nacht-orten/">Adventsmärkte in den Stille-Nacht-Orten</a></blockquote><iframe sandbox="allow-scripts" security="restricted" src="https://www.salzburgerland.com/de/magazin/adventsmaerkte-in-den-stille-nacht-orten/embed/#?secret=JoiI54FR5I" width="600" height="338" title="&#8222;Adventsmärkte in den Stille-Nacht-Orten&#8220; &#8211; SalzburgerLand Magazin" data-secret="JoiI54FR5I" frameborder="0" marginwidth="0" marginheight="0" scrolling="no" class="wp-embedded-content"></iframe><script type="text/javascript">
/* <![CDATA[ */
/*! This file is auto-generated */
!function(d,l){"use strict";l.querySelector&&d.addEventListener&&"undefined"!=typeof URL&&(d.wp=d.wp||{},d.wp.receiveEmbedMessage||(d.wp.receiveEmbedMessage=function(e){var t=e.data;if((t||t.secret||t.message||t.value)&&!/[^a-zA-Z0-9]/.test(t.secret)){for(var s,r,n,a=l.querySelectorAll('iframe[data-secret="'+t.secret+'"]'),o=l.querySelectorAll('blockquote[data-secret="'+t.secret+'"]'),c=new RegExp("^https?:$","i"),i=0;i<o.length;i++)o[i].style.display="none";for(i=0;i<a.length;i++)s=a[i],e.source===s.contentWindow&&(s.removeAttribute("style"),"height"===t.message?(1e3<(r=parseInt(t.value,10))?r=1e3:~~r<200&&(r=200),s.height=r):"link"===t.message&&(r=new URL(s.getAttribute("src")),n=new URL(t.value),c.test(n.protocol))&&n.host===r.host&&l.activeElement===s&&(d.top.location.href=t.value))}},d.addEventListener("message",d.wp.receiveEmbedMessage,!1),l.addEventListener("DOMContentLoaded",function(){for(var e,t,s=l.querySelectorAll("iframe.wp-embedded-content"),r=0;r<s.length;r++)(t=(e=s[r]).getAttribute("data-secret"))||(t=Math.random().toString(36).substring(2,12),e.src+="#?secret="+t,e.setAttribute("data-secret",t)),e.contentWindow.postMessage({message:"ready",secret:t},"*")},!1)))}(window,document);
/* ]]> */
</script>

Das Jahr 2018 neigt sich dem Ende zu und auch das Jubiläumsjahr zum Stille-Nacht-Lied befindet sich auf der Zielgeraden. Das Stille-Nacht-Lied bleibt aber natürlich uns weiter erhalten und besonders rund um den 24. Dezember wird das Lied omnipräsent. Auch auf den Weihnachtsmärkten ist das Thema Stille Nacht nicht zu übersehen. Speziell in den Stille-Nacht-Orten wird [&hellip;]
