{"id":154009,"date":"2022-11-11T15:21:50","date_gmt":"2022-11-11T14:21:50","guid":{"rendered":"https:\/\/www.salzburgerland.com\/cs\/?post_type=entity&#038;p=154009"},"modified":"2022-11-16T20:43:37","modified_gmt":"2022-11-16T19:43:37","slug":"ticha-noc-pisen","status":"publish","type":"entity","link":"https:\/\/www.salzburgerland.com\/cs\/ticha-noc-pisen\/","title":{"rendered":"P\u00edse\u0148 Tich\u00e1 noc"},"content":{"rendered":"<h2>Hled\u00e1n\u00ed nad\u011bje<\/h2>\n<p>P\u00edse\u0148 nevznikla kv\u016fli tomu, aby byla slavn\u00e1. M\u011bla lidi povzbudit a uklidnit. Pos\u00edlit jejich nad\u011bji. V\u00edru, \u017ee je zde n\u011bkdo, kdo se o n\u011b postar\u00e1.\u00a0 Dobr\u00fd B\u016fh, kter\u00fd je nechce trestat. Joseph Mohr, autor b\u00e1sn\u011b \u201eStille Nacht! Heilige Nacht!\u201c byl vzd\u011blan\u00fdm teologem. P\u016fsobil jako pomocn\u00fd kn\u011bz a jeho v\u00edra byla neot\u0159esiteln\u011b siln\u00e1. Dovedl ji vtisknout i do \u0161esti slok sv\u00e9ho textu.<\/p>\n<blockquote><p><span>\u201eTi, kte\u0159\u00ed rozum\u011bj\u00ed jen tomu, co se d\u00e1 vysv\u011btlit, rozum\u011bj\u00ed velmi m\u00e1lo.\u201c<\/span><br>\n<span>(Marie von Ebner-Eschenbach)<\/span><\/p><\/blockquote>\n<h2>Ukol\u00e9bavka pro cel\u00fd sv\u011bt<\/h2>\n<p>Franz Xaver Gruber pozd\u011bji slo\u017eil milou melodii v rytmu zvan\u00e9m sicili\u00e1no. Jednalo se vlastn\u011b o ukol\u00e9bavku pro novorozen\u00e9ho Je\u017e\u00ed\u0161ka, ale tak\u00e9 pro v\u0161echny ostatn\u00ed. P\u00edse\u0148, kter\u00e1 vyb\u00edz\u00ed \u010dlov\u011bka uklidnit se a p\u0159en\u00e9st se p\u0159es v\u0161echno zl\u00e9. To, jak se koleda roz\u0161\u00ed\u0159ila po cel\u00e9m sv\u011bt\u011b, p\u016fsob\u00ed jako kouzlo. Tato p\u00edse\u0148 je doslova geni\u00e1ln\u00edm mistrovsk\u00fdm d\u00edlem.<\/p>\n","protected":false},"excerpt":{"rendered":"<p>Hled\u00e1n\u00ed nad\u011bje P\u00edse\u0148 nevznikla kv\u016fli tomu, aby byla slavn\u00e1. M\u011bla lidi povzbudit a uklidnit. Pos\u00edlit jejich nad\u011bji. V\u00edru, \u017ee je zde n\u011bkdo, kdo se o n\u011b postar\u00e1.\u00a0 Dobr\u00fd B\u016fh, kter\u00fd je nechce trestat. Joseph Mohr, autor b\u00e1sn\u011b \u201eStille Nacht! Heilige Nacht!\u201c byl vzd\u011blan\u00fdm teologem. P\u016fsobil jako pomocn\u00fd kn\u011bz a jeho v\u00edra byla neot\u0159esiteln\u011b siln\u00e1. Dovedl [&hellip;]<\/p>\n","protected":false},"author":6,"featured_media":146299,"comment_status":"closed","ping_status":"closed","template":"","meta":{"_acf_changed":false,"wl_entities_gutenberg":"","_relevanssi_hide_post":"","_relevanssi_hide_content":"","_relevanssi_pin_for_all":"","_relevanssi_pin_keywords":"","_relevanssi_unpin_keywords":"","_relevanssi_related_keywords":"","_relevanssi_related_include_ids":"","_relevanssi_related_exclude_ids":"","_relevanssi_related_no_append":"","_relevanssi_related_not_related":"","_relevanssi_related_posts":"","_relevanssi_noindex_reason":"","footnotes":""},"categories":[],"tags":[],"wl_entity_type":[2],"class_list":["post-154009","entity","type-entity","status-publish","has-post-thumbnail","hentry","wl_entity_type-thing","sitetype-theme"],"acf":[],"yoast_head":"<!-- This site is optimized with the Yoast SEO Premium plugin v27.4 (Yoast SEO v27.4) - https:\/\/yoast.com\/product\/yoast-seo-premium-wordpress\/ -->\n<title>P\u00edse\u0148 Tich\u00e1 noc \u00bb SalzburgerLand.com<\/title>\n<meta name=\"robots\" content=\"index, follow, max-snippet:-1, max-image-preview:large, max-video-preview:-1\" \/>\n<link rel=\"canonical\" href=\"https:\/\/www.salzburgerland.com\/cs\/ticha-noc-pisen\/\" \/>\n<meta property=\"og:locale\" content=\"cs_CZ\" \/>\n<meta property=\"og:type\" content=\"article\" \/>\n<meta property=\"og:title\" content=\"P\u00edse\u0148 Tich\u00e1 noc\" \/>\n<meta property=\"og:description\" content=\"Hled\u00e1n\u00ed nad\u011bje P\u00edse\u0148 nevznikla kv\u016fli tomu, aby byla slavn\u00e1. M\u011bla lidi povzbudit a uklidnit. Pos\u00edlit jejich nad\u011bji. V\u00edru, \u017ee je zde n\u011bkdo, kdo se o n\u011b\" \/>\n<meta property=\"og:url\" content=\"https:\/\/www.salzburgerland.com\/cs\/ticha-noc-pisen\/\" \/>\n<meta property=\"og:site_name\" content=\"SalzburgerLand.com\" \/>\n<meta property=\"article:publisher\" content=\"https:\/\/www.facebook.com\/visitsalzburgerland\/\" \/>\n<meta property=\"article:modified_time\" content=\"2022-11-16T19:43:37+00:00\" \/>\n<meta property=\"og:image\" content=\"https:\/\/www.salzburgerland.com\/cs\/wp-content\/uploads\/2019\/11\/rs1094_autograph01-lpr-1200x675.jpg\" \/>\n\t<meta property=\"og:image:width\" content=\"1200\" \/>\n\t<meta property=\"og:image:height\" content=\"675\" \/>\n\t<meta property=\"og:image:type\" content=\"image\/jpeg\" \/>\n<meta name=\"twitter:card\" content=\"summary_large_image\" \/>\n<meta name=\"twitter:site\" content=\"@salzburgerland\" \/>\n<meta name=\"twitter:label1\" content=\"Odhadovan\u00e1 doba \u010dten\u00ed\" \/>\n\t<meta name=\"twitter:data1\" content=\"1 minuta\" \/>\n<script type=\"application\/ld+json\" class=\"yoast-schema-graph\">{\"@context\":\"https:\\\/\\\/schema.org\",\"@graph\":[{\"@type\":\"WebPage\",\"@id\":\"https:\\\/\\\/www.salzburgerland.com\\\/cs\\\/ticha-noc-pisen\\\/\",\"url\":\"https:\\\/\\\/www.salzburgerland.com\\\/cs\\\/ticha-noc-pisen\\\/\",\"name\":\"P\u00edse\u0148 Tich\u00e1 noc \u00bb SalzburgerLand.com\",\"isPartOf\":{\"@id\":\"https:\\\/\\\/www.salzburgerland.com\\\/cs\\\/#website\"},\"primaryImageOfPage\":{\"@id\":\"https:\\\/\\\/www.salzburgerland.com\\\/cs\\\/ticha-noc-pisen\\\/#primaryimage\"},\"image\":{\"@id\":\"https:\\\/\\\/www.salzburgerland.com\\\/cs\\\/ticha-noc-pisen\\\/#primaryimage\"},\"thumbnailUrl\":\"https:\\\/\\\/www.salzburgerland.com\\\/cs\\\/wp-content\\\/uploads\\\/2019\\\/11\\\/rs1094_autograph01-lpr.jpg\",\"datePublished\":\"2022-11-11T14:21:50+00:00\",\"dateModified\":\"2022-11-16T19:43:37+00:00\",\"description\":\"To, jak se koleda roz\u0161\u00ed\u0159ila po cel\u00e9m sv\u011bt\u011b, p\u016fsob\u00ed jako kouzlo. Tato p\u00edse\u0148 je doslova geni\u00e1ln\u00edm mistrovsk\u00fdm d\u00edlem.\",\"inLanguage\":\"cs\",\"potentialAction\":[{\"@type\":\"ReadAction\",\"target\":[\"https:\\\/\\\/www.salzburgerland.com\\\/cs\\\/ticha-noc-pisen\\\/\"]}]},{\"@type\":\"ImageObject\",\"inLanguage\":\"cs\",\"@id\":\"https:\\\/\\\/www.salzburgerland.com\\\/cs\\\/ticha-noc-pisen\\\/#primaryimage\",\"url\":\"https:\\\/\\\/www.salzburgerland.com\\\/cs\\\/wp-content\\\/uploads\\\/2019\\\/11\\\/rs1094_autograph01-lpr.jpg\",\"contentUrl\":\"https:\\\/\\\/www.salzburgerland.com\\\/cs\\\/wp-content\\\/uploads\\\/2019\\\/11\\\/rs1094_autograph01-lpr.jpg\",\"width\":1920,\"height\":1422,\"caption\":\"(c) SalzburgerLand Tourismus \\\/ Salzburg, Kathrin Gollackner, Autograph - Salzburg\"},{\"@type\":\"WebSite\",\"@id\":\"https:\\\/\\\/www.salzburgerland.com\\\/cs\\\/#website\",\"url\":\"https:\\\/\\\/www.salzburgerland.com\\\/cs\\\/\",\"name\":\"SalzburgerLand.com\",\"description\":\"Va\u0161e dovolen\u00e1 v Salcburku, Rakousko\",\"potentialAction\":[{\"@type\":\"SearchAction\",\"target\":{\"@type\":\"EntryPoint\",\"urlTemplate\":\"https:\\\/\\\/www.salzburgerland.com\\\/cs\\\/?s={search_term_string}\"},\"query-input\":{\"@type\":\"PropertyValueSpecification\",\"valueRequired\":true,\"valueName\":\"search_term_string\"}}],\"inLanguage\":\"cs\"}]}<\/script>\n<meta property=\"og:video\" content=\"https:\/\/www.youtube.com\/embed\/ElCSPRDdNVQ\" \/>\n<meta property=\"og:video:type\" content=\"text\/html\" \/>\n<meta property=\"og:video:duration\" content=\"52\" \/>\n<meta property=\"og:video:width\" content=\"480\" \/>\n<meta property=\"og:video:height\" content=\"270\" \/>\n<meta property=\"ya:ovs:adult\" content=\"false\" \/>\n<meta property=\"ya:ovs:upload_date\" content=\"2022-11-11T14:21:50+00:00\" \/>\n<meta property=\"ya:ovs:allow_embed\" content=\"true\" \/>\n<!-- \/ Yoast SEO Premium plugin. -->","yoast_head_json":{"title":"P\u00edse\u0148 Tich\u00e1 noc \u00bb SalzburgerLand.com","robots":{"index":"index","follow":"follow","max-snippet":"max-snippet:-1","max-image-preview":"max-image-preview:large","max-video-preview":"max-video-preview:-1"},"canonical":"https:\/\/www.salzburgerland.com\/cs\/ticha-noc-pisen\/","og_locale":"cs_CZ","og_type":"article","og_title":"P\u00edse\u0148 Tich\u00e1 noc","og_description":"Hled\u00e1n\u00ed nad\u011bje P\u00edse\u0148 nevznikla kv\u016fli tomu, aby byla slavn\u00e1. M\u011bla lidi povzbudit a uklidnit. Pos\u00edlit jejich nad\u011bji. V\u00edru, \u017ee je zde n\u011bkdo, kdo se o n\u011b","og_url":"https:\/\/www.salzburgerland.com\/cs\/ticha-noc-pisen\/","og_site_name":"SalzburgerLand.com","article_publisher":"https:\/\/www.facebook.com\/visitsalzburgerland\/","article_modified_time":"2022-11-16T19:43:37+00:00","og_image":[{"width":1200,"height":675,"url":"https:\/\/www.salzburgerland.com\/cs\/wp-content\/uploads\/2019\/11\/rs1094_autograph01-lpr-1200x675.jpg","type":"image\/jpeg"}],"twitter_card":"summary_large_image","twitter_site":"@salzburgerland","twitter_misc":{"Odhadovan\u00e1 doba \u010dten\u00ed":"1 minuta"},"schema":{"@context":"https:\/\/schema.org","@graph":[{"@type":"WebPage","@id":"https:\/\/www.salzburgerland.com\/cs\/ticha-noc-pisen\/","url":"https:\/\/www.salzburgerland.com\/cs\/ticha-noc-pisen\/","name":"P\u00edse\u0148 Tich\u00e1 noc \u00bb SalzburgerLand.com","isPartOf":{"@id":"https:\/\/www.salzburgerland.com\/cs\/#website"},"primaryImageOfPage":{"@id":"https:\/\/www.salzburgerland.com\/cs\/ticha-noc-pisen\/#primaryimage"},"image":{"@id":"https:\/\/www.salzburgerland.com\/cs\/ticha-noc-pisen\/#primaryimage"},"thumbnailUrl":"https:\/\/www.salzburgerland.com\/cs\/wp-content\/uploads\/2019\/11\/rs1094_autograph01-lpr.jpg","datePublished":"2022-11-11T14:21:50+00:00","dateModified":"2022-11-16T19:43:37+00:00","description":"To, jak se koleda roz\u0161\u00ed\u0159ila po cel\u00e9m sv\u011bt\u011b, p\u016fsob\u00ed jako kouzlo. Tato p\u00edse\u0148 je doslova geni\u00e1ln\u00edm mistrovsk\u00fdm d\u00edlem.","inLanguage":"cs","potentialAction":[{"@type":"ReadAction","target":["https:\/\/www.salzburgerland.com\/cs\/ticha-noc-pisen\/"]}]},{"@type":"ImageObject","inLanguage":"cs","@id":"https:\/\/www.salzburgerland.com\/cs\/ticha-noc-pisen\/#primaryimage","url":"https:\/\/www.salzburgerland.com\/cs\/wp-content\/uploads\/2019\/11\/rs1094_autograph01-lpr.jpg","contentUrl":"https:\/\/www.salzburgerland.com\/cs\/wp-content\/uploads\/2019\/11\/rs1094_autograph01-lpr.jpg","width":1920,"height":1422,"caption":"(c) SalzburgerLand Tourismus \/ Salzburg, Kathrin Gollackner, Autograph - Salzburg"},{"@type":"WebSite","@id":"https:\/\/www.salzburgerland.com\/cs\/#website","url":"https:\/\/www.salzburgerland.com\/cs\/","name":"SalzburgerLand.com","description":"Va\u0161e dovolen\u00e1 v Salcburku, Rakousko","potentialAction":[{"@type":"SearchAction","target":{"@type":"EntryPoint","urlTemplate":"https:\/\/www.salzburgerland.com\/cs\/?s={search_term_string}"},"query-input":{"@type":"PropertyValueSpecification","valueRequired":true,"valueName":"search_term_string"}}],"inLanguage":"cs"}]},"og_video":"https:\/\/www.youtube.com\/embed\/ElCSPRDdNVQ","og_video_type":"text\/html","og_video_duration":"52","og_video_width":"480","og_video_height":"270","ya_ovs_adult":"false","ya_ovs_upload_date":"2022-11-11T14:21:50+00:00","ya_ovs_allow_embed":"true"},"_wl_alt_label":[],"wl:entity_url":"http:\/\/open.salzburgerland.com\/cs\/entity\/ticha-noc-pisen","_links":{"self":[{"href":"https:\/\/www.salzburgerland.com\/cs\/wp-json\/wp\/v2\/entities\/154009","targetHints":{"allow":["GET"]}}],"collection":[{"href":"https:\/\/www.salzburgerland.com\/cs\/wp-json\/wp\/v2\/entities"}],"about":[{"href":"https:\/\/www.salzburgerland.com\/cs\/wp-json\/wp\/v2\/types\/entity"}],"author":[{"embeddable":true,"href":"https:\/\/www.salzburgerland.com\/cs\/wp-json\/wp\/v2\/users\/6"}],"replies":[{"embeddable":true,"href":"https:\/\/www.salzburgerland.com\/cs\/wp-json\/wp\/v2\/comments?post=154009"}],"version-history":[{"count":5,"href":"https:\/\/www.salzburgerland.com\/cs\/wp-json\/wp\/v2\/entities\/154009\/revisions"}],"predecessor-version":[{"id":154513,"href":"https:\/\/www.salzburgerland.com\/cs\/wp-json\/wp\/v2\/entities\/154009\/revisions\/154513"}],"wp:featuredmedia":[{"embeddable":true,"href":"https:\/\/www.salzburgerland.com\/cs\/wp-json\/wp\/v2\/media\/146299"}],"wp:attachment":[{"href":"https:\/\/www.salzburgerland.com\/cs\/wp-json\/wp\/v2\/media?parent=154009"}],"wp:term":[{"taxonomy":"category","embeddable":true,"href":"https:\/\/www.salzburgerland.com\/cs\/wp-json\/wp\/v2\/categories?post=154009"},{"taxonomy":"post_tag","embeddable":true,"href":"https:\/\/www.salzburgerland.com\/cs\/wp-json\/wp\/v2\/tags?post=154009"},{"taxonomy":"wl_entity_type","embeddable":true,"href":"https:\/\/www.salzburgerland.com\/cs\/wp-json\/wp\/v2\/wl_entity_type?post=154009"}],"curies":[{"name":"wp","href":"https:\/\/api.w.org\/{rel}","templated":true}]}}

Píseň Tichá noc

<h2>Hledání naděje</h2>
<p>Píseň nevznikla kvůli tomu, aby byla slavná. Měla lidi povzbudit a uklidnit. Posílit jejich naději. Víru, že je zde někdo, kdo se o ně postará.  Dobrý Bůh, který je nechce trestat. Joseph Mohr, autor básně „Stille Nacht! Heilige Nacht!“ byl vzdělaným teologem. Působil jako pomocný kněz a jeho víra byla neotřesitelně silná. Dovedl ji vtisknout i do šesti slok svého textu.</p>
<blockquote><p><span>„Ti, kteří rozumějí jen tomu, co se dá vysvětlit, rozumějí velmi málo.“</span><br>
<span>(Marie von Ebner-Eschenbach)</span></p></blockquote>
<h2>Ukolébavka pro celý svět</h2>
<p>Franz Xaver Gruber později složil milou melodii v rytmu zvaném siciliáno. Jednalo se vlastně o ukolébavku pro novorozeného Ježíška, ale také pro všechny ostatní. Píseň, která vybízí člověka uklidnit se a přenést se přes všechno zlé. To, jak se koleda rozšířila po celém světě, působí jako kouzlo. Tato píseň je doslova geniálním mistrovským dílem.</p>

<p>Hledání naděje Píseň nevznikla kvůli tomu, aby byla slavná. Měla lidi povzbudit a uklidnit. Posílit jejich naději. Víru, že je zde někdo, kdo se o ně postará.  Dobrý Bůh, který je nechce trestat. Joseph Mohr, autor básně „Stille Nacht! Heilige Nacht!“ byl vzdělaným teologem. Působil jako pomocný kněz a jeho víra byla neotřesitelně silná. Dovedl [&hellip;]</p>

<!-- This site is optimized with the Yoast SEO Premium plugin v27.4 (Yoast SEO v27.4) - https://yoast.com/product/yoast-seo-premium-wordpress/ -->
<title>Píseň Tichá noc » SalzburgerLand.com</title>
<meta name="robots" content="index, follow, max-snippet:-1, max-image-preview:large, max-video-preview:-1" />
<link rel="canonical" href="https://www.salzburgerland.com/cs/ticha-noc-pisen/" />
<meta property="og:locale" content="cs_CZ" />
<meta property="og:type" content="article" />
<meta property="og:title" content="Píseň Tichá noc" />
<meta property="og:description" content="Hledání naděje Píseň nevznikla kvůli tomu, aby byla slavná. Měla lidi povzbudit a uklidnit. Posílit jejich naději. Víru, že je zde někdo, kdo se o ně" />
<meta property="og:url" content="https://www.salzburgerland.com/cs/ticha-noc-pisen/" />
<meta property="og:site_name" content="SalzburgerLand.com" />
<meta property="article:publisher" content="https://www.facebook.com/visitsalzburgerland/" />
<meta property="article:modified_time" content="2022-11-16T19:43:37+00:00" />
<meta property="og:image" content="https://www.salzburgerland.com/cs/wp-content/uploads/2019/11/rs1094_autograph01-lpr-1200x675.jpg" />
	<meta property="og:image:width" content="1200" />
	<meta property="og:image:height" content="675" />
	<meta property="og:image:type" content="image/jpeg" />
<meta name="twitter:card" content="summary_large_image" />
<meta name="twitter:site" content="@salzburgerland" />
<meta name="twitter:label1" content="Odhadovaná doba čtení" />
	<meta name="twitter:data1" content="1 minuta" />
<script type="application/ld+json" class="yoast-schema-graph">{"@context":"https:\/\/schema.org","@graph":[{"@type":"WebPage","@id":"https:\/\/www.salzburgerland.com\/cs\/ticha-noc-pisen\/","url":"https:\/\/www.salzburgerland.com\/cs\/ticha-noc-pisen\/","name":"Píseň Tichá noc » SalzburgerLand.com","isPartOf":{"@id":"https:\/\/www.salzburgerland.com\/cs\/#website"},"primaryImageOfPage":{"@id":"https:\/\/www.salzburgerland.com\/cs\/ticha-noc-pisen\/#primaryimage"},"image":{"@id":"https:\/\/www.salzburgerland.com\/cs\/ticha-noc-pisen\/#primaryimage"},"thumbnailUrl":"https:\/\/www.salzburgerland.com\/cs\/wp-content\/uploads\/2019\/11\/rs1094_autograph01-lpr.jpg","datePublished":"2022-11-11T14:21:50+00:00","dateModified":"2022-11-16T19:43:37+00:00","description":"To, jak se koleda rozšířila po celém světě, působí jako kouzlo. Tato píseň je doslova geniálním mistrovským dílem.","inLanguage":"cs","potentialAction":[{"@type":"ReadAction","target":["https:\/\/www.salzburgerland.com\/cs\/ticha-noc-pisen\/"]}]},{"@type":"ImageObject","inLanguage":"cs","@id":"https:\/\/www.salzburgerland.com\/cs\/ticha-noc-pisen\/#primaryimage","url":"https:\/\/www.salzburgerland.com\/cs\/wp-content\/uploads\/2019\/11\/rs1094_autograph01-lpr.jpg","contentUrl":"https:\/\/www.salzburgerland.com\/cs\/wp-content\/uploads\/2019\/11\/rs1094_autograph01-lpr.jpg","width":1920,"height":1422,"caption":"(c) SalzburgerLand Tourismus \/ Salzburg, Kathrin Gollackner, Autograph - Salzburg"},{"@type":"WebSite","@id":"https:\/\/www.salzburgerland.com\/cs\/#website","url":"https:\/\/www.salzburgerland.com\/cs\/","name":"SalzburgerLand.com","description":"Vaše dovolená v Salcburku, Rakousko","potentialAction":[{"@type":"SearchAction","target":{"@type":"EntryPoint","urlTemplate":"https:\/\/www.salzburgerland.com\/cs\/?s={search_term_string}"},"query-input":{"@type":"PropertyValueSpecification","valueRequired":true,"valueName":"search_term_string"}}],"inLanguage":"cs"}]}</script>
<meta property="og:video" content="https://www.youtube.com/embed/ElCSPRDdNVQ" />
<meta property="og:video:type" content="text/html" />
<meta property="og:video:duration" content="52" />
<meta property="og:video:width" content="480" />
<meta property="og:video:height" content="270" />
<meta property="ya:ovs:adult" content="false" />
<meta property="ya:ovs:upload_date" content="2022-11-11T14:21:50+00:00" />
<meta property="ya:ovs:allow_embed" content="true" />
<!-- / Yoast SEO Premium plugin. -->

Píseň Tichá noc » SalzburgerLand.com

Hledání naděje Píseň nevznikla kvůli tomu, aby byla slavná. Měla lidi povzbudit a uklidnit. Posílit jejich naději. Víru, že je zde někdo, kdo se o ně

To, jak se koleda rozšířila po celém světě, působí jako kouzlo. Tato píseň je doslova geniálním mistrovským dílem.

Vaše dovolená v Salcburku, Rakousko
