{"id":153978,"date":"2022-11-11T14:10:02","date_gmt":"2022-11-11T13:10:02","guid":{"rendered":"https:\/\/www.salzburgerland.com\/cs\/?post_type=entity&#038;p=153978"},"modified":"2022-11-16T20:16:13","modified_gmt":"2022-11-16T19:16:13","slug":"ticha-noc-vstupenky-do-muzei","status":"publish","type":"entity","link":"https:\/\/www.salzburgerland.com\/cs\/ticha-noc-vstupenky-do-muzei\/","title":{"rendered":"Vstupenka do muze\u00ed Tich\u00e9 noci"},"content":{"rendered":"<p>Vydejte se do muzea po stop\u00e1ch tv\u016frc\u016f Tich\u00e9 noci! Svat\u00e1 noc!\u201c, Josepha Mohra a Franze Xavera Grubera, a objevte vzru\u0161uj\u00edc\u00ed historii slavn\u00e9 v\u00e1no\u010dn\u00ed koledy. Bude v\u00e1m sta\u010dit jen jeden tiket.<\/p>\n<p>Vstupenka je k dost\u00e1n\u00ed v partnersk\u00fdch muze\u00edch Tich\u00e9 noci a poskytuj\u00ed zv\u00fdhodn\u011bn\u00e9 vstupn\u00e9.<\/p>\n<p>Plat\u00ed od 01.10.2022 do 30.09.2023<br>\nCena pro dosp\u011bl\u00e9: 10 EUR<br>\nCena d\u011bti od 6 do 15 let: 5 EUR<br>\nD\u011bti do 6 let: vstup zdarma<\/p>\n","protected":false},"excerpt":{"rendered":"<p>Vydejte se do muzea po stop\u00e1ch tv\u016frc\u016f Tich\u00e9 noci! Svat\u00e1 noc!\u201c, Josepha Mohra a Franze Xavera Grubera, a objevte vzru\u0161uj\u00edc\u00ed historii slavn\u00e9 v\u00e1no\u010dn\u00ed koledy. Bude v\u00e1m sta\u010dit jen jeden tiket. Vstupenka je k dost\u00e1n\u00ed v partnersk\u00fdch muze\u00edch Tich\u00e9 noci a poskytuj\u00ed zv\u00fdhodn\u011bn\u00e9 vstupn\u00e9. Plat\u00ed od 01.10.2022 do 30.09.2023 Cena pro dosp\u011bl\u00e9: 10 EUR Cena d\u011bti [&hellip;]<\/p>\n","protected":false},"author":6,"featured_media":152875,"comment_status":"closed","ping_status":"closed","template":"","meta":{"_acf_changed":false,"wl_entities_gutenberg":"","_relevanssi_hide_post":"","_relevanssi_hide_content":"","_relevanssi_pin_for_all":"","_relevanssi_pin_keywords":"","_relevanssi_unpin_keywords":"","_relevanssi_related_keywords":"","_relevanssi_related_include_ids":"","_relevanssi_related_exclude_ids":"","_relevanssi_related_no_append":"","_relevanssi_related_not_related":"","_relevanssi_related_posts":"","_relevanssi_noindex_reason":"","footnotes":""},"categories":[],"tags":[],"wl_entity_type":[2],"class_list":["post-153978","entity","type-entity","status-publish","has-post-thumbnail","hentry","wl_entity_type-thing","sitetype-theme"],"acf":[],"yoast_head":"<!-- This site is optimized with the Yoast SEO Premium plugin v27.4 (Yoast SEO v27.4) - https:\/\/yoast.com\/product\/yoast-seo-premium-wordpress\/ -->\n<title>Vstupenka do muze\u00ed Tich\u00e9 noci \u00bb SalzburgerLand.com<\/title>\n<meta name=\"robots\" content=\"index, follow, max-snippet:-1, max-image-preview:large, max-video-preview:-1\" \/>\n<link rel=\"canonical\" href=\"https:\/\/www.salzburgerland.com\/cs\/ticha-noc-vstupenky-do-muzei\/\" \/>\n<meta property=\"og:locale\" content=\"cs_CZ\" \/>\n<meta property=\"og:type\" content=\"article\" \/>\n<meta property=\"og:title\" content=\"Vstupenka do muze\u00ed Tich\u00e9 noci\" \/>\n<meta property=\"og:description\" content=\"Vydejte se do muzea po stop\u00e1ch tv\u016frc\u016f Tich\u00e9 noci! Svat\u00e1 noc!&quot;, Josepha Mohra a Franze Xavera Grubera, a objevte vzru\u0161uj\u00edc\u00ed historii slavn\u00e9 v\u00e1no\u010dn\u00ed koledy.\" \/>\n<meta property=\"og:url\" content=\"https:\/\/www.salzburgerland.com\/cs\/ticha-noc-vstupenky-do-muzei\/\" \/>\n<meta property=\"og:site_name\" content=\"SalzburgerLand.com\" \/>\n<meta property=\"article:publisher\" content=\"https:\/\/www.facebook.com\/visitsalzburgerland\/\" \/>\n<meta property=\"article:modified_time\" content=\"2022-11-16T19:16:13+00:00\" \/>\n<meta property=\"og:image\" content=\"https:\/\/www.salzburgerland.com\/cs\/wp-content\/uploads\/2022\/05\/stille-nacht-museum-pflegerschlossl-bei-nacht--kulturverein-blaues-fenster-1200x675.jpg\" \/>\n\t<meta property=\"og:image:width\" content=\"1200\" \/>\n\t<meta property=\"og:image:height\" content=\"675\" \/>\n\t<meta property=\"og:image:type\" content=\"image\/jpeg\" \/>\n<meta name=\"twitter:card\" content=\"summary_large_image\" \/>\n<meta name=\"twitter:site\" content=\"@salzburgerland\" \/>\n<meta name=\"twitter:label1\" content=\"Odhadovan\u00e1 doba \u010dten\u00ed\" \/>\n\t<meta name=\"twitter:data1\" content=\"1 minuta\" \/>\n<script type=\"application\/ld+json\" class=\"yoast-schema-graph\">{\"@context\":\"https:\\\/\\\/schema.org\",\"@graph\":[{\"@type\":\"WebPage\",\"@id\":\"https:\\\/\\\/www.salzburgerland.com\\\/cs\\\/ticha-noc-vstupenky-do-muzei\\\/\",\"url\":\"https:\\\/\\\/www.salzburgerland.com\\\/cs\\\/ticha-noc-vstupenky-do-muzei\\\/\",\"name\":\"Vstupenka do muze\u00ed Tich\u00e9 noci \u00bb SalzburgerLand.com\",\"isPartOf\":{\"@id\":\"https:\\\/\\\/www.salzburgerland.com\\\/cs\\\/#website\"},\"primaryImageOfPage\":{\"@id\":\"https:\\\/\\\/www.salzburgerland.com\\\/cs\\\/ticha-noc-vstupenky-do-muzei\\\/#primaryimage\"},\"image\":{\"@id\":\"https:\\\/\\\/www.salzburgerland.com\\\/cs\\\/ticha-noc-vstupenky-do-muzei\\\/#primaryimage\"},\"thumbnailUrl\":\"https:\\\/\\\/www.salzburgerland.com\\\/cs\\\/wp-content\\\/uploads\\\/2022\\\/05\\\/stille-nacht-museum-pflegerschlossl-bei-nacht--kulturverein-blaues-fenster.jpg\",\"datePublished\":\"2022-11-11T13:10:02+00:00\",\"dateModified\":\"2022-11-16T19:16:13+00:00\",\"description\":\"Jedna vstupenka do p\u011bti muze\u00ed Tich\u00e9 noci\",\"inLanguage\":\"cs\",\"potentialAction\":[{\"@type\":\"ReadAction\",\"target\":[\"https:\\\/\\\/www.salzburgerland.com\\\/cs\\\/ticha-noc-vstupenky-do-muzei\\\/\"]}]},{\"@type\":\"ImageObject\",\"inLanguage\":\"cs\",\"@id\":\"https:\\\/\\\/www.salzburgerland.com\\\/cs\\\/ticha-noc-vstupenky-do-muzei\\\/#primaryimage\",\"url\":\"https:\\\/\\\/www.salzburgerland.com\\\/cs\\\/wp-content\\\/uploads\\\/2022\\\/05\\\/stille-nacht-museum-pflegerschlossl-bei-nacht--kulturverein-blaues-fenster.jpg\",\"contentUrl\":\"https:\\\/\\\/www.salzburgerland.com\\\/cs\\\/wp-content\\\/uploads\\\/2022\\\/05\\\/stille-nacht-museum-pflegerschlossl-bei-nacht--kulturverein-blaues-fenster.jpg\",\"width\":1328,\"height\":747,\"caption\":\"Muzeum Tich\u00e9 noci ve Wagrainu \u00a9 Kulturverein Blaues Fenster\"},{\"@type\":\"WebSite\",\"@id\":\"https:\\\/\\\/www.salzburgerland.com\\\/cs\\\/#website\",\"url\":\"https:\\\/\\\/www.salzburgerland.com\\\/cs\\\/\",\"name\":\"SalzburgerLand.com\",\"description\":\"Va\u0161e dovolen\u00e1 v Salcburku, Rakousko\",\"potentialAction\":[{\"@type\":\"SearchAction\",\"target\":{\"@type\":\"EntryPoint\",\"urlTemplate\":\"https:\\\/\\\/www.salzburgerland.com\\\/cs\\\/?s={search_term_string}\"},\"query-input\":{\"@type\":\"PropertyValueSpecification\",\"valueRequired\":true,\"valueName\":\"search_term_string\"}}],\"inLanguage\":\"cs\"}]}<\/script>\n<meta property=\"og:video\" content=\"https:\/\/www.youtube.com\/embed\/ElCSPRDdNVQ\" \/>\n<meta property=\"og:video:type\" content=\"text\/html\" \/>\n<meta property=\"og:video:duration\" content=\"52\" \/>\n<meta property=\"og:video:width\" content=\"480\" \/>\n<meta property=\"og:video:height\" content=\"270\" \/>\n<meta property=\"ya:ovs:adult\" content=\"false\" \/>\n<meta property=\"ya:ovs:upload_date\" content=\"2022-11-11T13:10:02+00:00\" \/>\n<meta property=\"ya:ovs:allow_embed\" content=\"true\" \/>\n<!-- \/ Yoast SEO Premium plugin. -->","yoast_head_json":{"title":"Vstupenka do muze\u00ed Tich\u00e9 noci \u00bb SalzburgerLand.com","robots":{"index":"index","follow":"follow","max-snippet":"max-snippet:-1","max-image-preview":"max-image-preview:large","max-video-preview":"max-video-preview:-1"},"canonical":"https:\/\/www.salzburgerland.com\/cs\/ticha-noc-vstupenky-do-muzei\/","og_locale":"cs_CZ","og_type":"article","og_title":"Vstupenka do muze\u00ed Tich\u00e9 noci","og_description":"Vydejte se do muzea po stop\u00e1ch tv\u016frc\u016f Tich\u00e9 noci! Svat\u00e1 noc!\", Josepha Mohra a Franze Xavera Grubera, a objevte vzru\u0161uj\u00edc\u00ed historii slavn\u00e9 v\u00e1no\u010dn\u00ed koledy.","og_url":"https:\/\/www.salzburgerland.com\/cs\/ticha-noc-vstupenky-do-muzei\/","og_site_name":"SalzburgerLand.com","article_publisher":"https:\/\/www.facebook.com\/visitsalzburgerland\/","article_modified_time":"2022-11-16T19:16:13+00:00","og_image":[{"width":1200,"height":675,"url":"https:\/\/www.salzburgerland.com\/cs\/wp-content\/uploads\/2022\/05\/stille-nacht-museum-pflegerschlossl-bei-nacht--kulturverein-blaues-fenster-1200x675.jpg","type":"image\/jpeg"}],"twitter_card":"summary_large_image","twitter_site":"@salzburgerland","twitter_misc":{"Odhadovan\u00e1 doba \u010dten\u00ed":"1 minuta"},"schema":{"@context":"https:\/\/schema.org","@graph":[{"@type":"WebPage","@id":"https:\/\/www.salzburgerland.com\/cs\/ticha-noc-vstupenky-do-muzei\/","url":"https:\/\/www.salzburgerland.com\/cs\/ticha-noc-vstupenky-do-muzei\/","name":"Vstupenka do muze\u00ed Tich\u00e9 noci \u00bb SalzburgerLand.com","isPartOf":{"@id":"https:\/\/www.salzburgerland.com\/cs\/#website"},"primaryImageOfPage":{"@id":"https:\/\/www.salzburgerland.com\/cs\/ticha-noc-vstupenky-do-muzei\/#primaryimage"},"image":{"@id":"https:\/\/www.salzburgerland.com\/cs\/ticha-noc-vstupenky-do-muzei\/#primaryimage"},"thumbnailUrl":"https:\/\/www.salzburgerland.com\/cs\/wp-content\/uploads\/2022\/05\/stille-nacht-museum-pflegerschlossl-bei-nacht--kulturverein-blaues-fenster.jpg","datePublished":"2022-11-11T13:10:02+00:00","dateModified":"2022-11-16T19:16:13+00:00","description":"Jedna vstupenka do p\u011bti muze\u00ed Tich\u00e9 noci","inLanguage":"cs","potentialAction":[{"@type":"ReadAction","target":["https:\/\/www.salzburgerland.com\/cs\/ticha-noc-vstupenky-do-muzei\/"]}]},{"@type":"ImageObject","inLanguage":"cs","@id":"https:\/\/www.salzburgerland.com\/cs\/ticha-noc-vstupenky-do-muzei\/#primaryimage","url":"https:\/\/www.salzburgerland.com\/cs\/wp-content\/uploads\/2022\/05\/stille-nacht-museum-pflegerschlossl-bei-nacht--kulturverein-blaues-fenster.jpg","contentUrl":"https:\/\/www.salzburgerland.com\/cs\/wp-content\/uploads\/2022\/05\/stille-nacht-museum-pflegerschlossl-bei-nacht--kulturverein-blaues-fenster.jpg","width":1328,"height":747,"caption":"Muzeum Tich\u00e9 noci ve Wagrainu \u00a9 Kulturverein Blaues Fenster"},{"@type":"WebSite","@id":"https:\/\/www.salzburgerland.com\/cs\/#website","url":"https:\/\/www.salzburgerland.com\/cs\/","name":"SalzburgerLand.com","description":"Va\u0161e dovolen\u00e1 v Salcburku, Rakousko","potentialAction":[{"@type":"SearchAction","target":{"@type":"EntryPoint","urlTemplate":"https:\/\/www.salzburgerland.com\/cs\/?s={search_term_string}"},"query-input":{"@type":"PropertyValueSpecification","valueRequired":true,"valueName":"search_term_string"}}],"inLanguage":"cs"}]},"og_video":"https:\/\/www.youtube.com\/embed\/ElCSPRDdNVQ","og_video_type":"text\/html","og_video_duration":"52","og_video_width":"480","og_video_height":"270","ya_ovs_adult":"false","ya_ovs_upload_date":"2022-11-11T13:10:02+00:00","ya_ovs_allow_embed":"true"},"_wl_alt_label":[],"wl:entity_url":"http:\/\/open.salzburgerland.com\/cs\/entity\/ticha-noc-vstupenky-do-muzei","_links":{"self":[{"href":"https:\/\/www.salzburgerland.com\/cs\/wp-json\/wp\/v2\/entities\/153978","targetHints":{"allow":["GET"]}}],"collection":[{"href":"https:\/\/www.salzburgerland.com\/cs\/wp-json\/wp\/v2\/entities"}],"about":[{"href":"https:\/\/www.salzburgerland.com\/cs\/wp-json\/wp\/v2\/types\/entity"}],"author":[{"embeddable":true,"href":"https:\/\/www.salzburgerland.com\/cs\/wp-json\/wp\/v2\/users\/6"}],"replies":[{"embeddable":true,"href":"https:\/\/www.salzburgerland.com\/cs\/wp-json\/wp\/v2\/comments?post=153978"}],"version-history":[{"count":5,"href":"https:\/\/www.salzburgerland.com\/cs\/wp-json\/wp\/v2\/entities\/153978\/revisions"}],"predecessor-version":[{"id":154500,"href":"https:\/\/www.salzburgerland.com\/cs\/wp-json\/wp\/v2\/entities\/153978\/revisions\/154500"}],"wp:featuredmedia":[{"embeddable":true,"href":"https:\/\/www.salzburgerland.com\/cs\/wp-json\/wp\/v2\/media\/152875"}],"wp:attachment":[{"href":"https:\/\/www.salzburgerland.com\/cs\/wp-json\/wp\/v2\/media?parent=153978"}],"wp:term":[{"taxonomy":"category","embeddable":true,"href":"https:\/\/www.salzburgerland.com\/cs\/wp-json\/wp\/v2\/categories?post=153978"},{"taxonomy":"post_tag","embeddable":true,"href":"https:\/\/www.salzburgerland.com\/cs\/wp-json\/wp\/v2\/tags?post=153978"},{"taxonomy":"wl_entity_type","embeddable":true,"href":"https:\/\/www.salzburgerland.com\/cs\/wp-json\/wp\/v2\/wl_entity_type?post=153978"}],"curies":[{"name":"wp","href":"https:\/\/api.w.org\/{rel}","templated":true}]}}

Vstupenka do muzeí Tiché noci

<p>Vydejte se do muzea po stopách tvůrců Tiché noci! Svatá noc!“, Josepha Mohra a Franze Xavera Grubera, a objevte vzrušující historii slavné vánoční koledy. Bude vám stačit jen jeden tiket.</p>
<p>Vstupenka je k dostání v partnerských muzeích Tiché noci a poskytují zvýhodněné vstupné.</p>
<p>Platí od 01.10.2022 do 30.09.2023<br>
Cena pro dospělé: 10 EUR<br>
Cena děti od 6 do 15 let: 5 EUR<br>
Děti do 6 let: vstup zdarma</p>

<p>Vydejte se do muzea po stopách tvůrců Tiché noci! Svatá noc!“, Josepha Mohra a Franze Xavera Grubera, a objevte vzrušující historii slavné vánoční koledy. Bude vám stačit jen jeden tiket. Vstupenka je k dostání v partnerských muzeích Tiché noci a poskytují zvýhodněné vstupné. Platí od 01.10.2022 do 30.09.2023 Cena pro dospělé: 10 EUR Cena děti [&hellip;]</p>

<!-- This site is optimized with the Yoast SEO Premium plugin v27.4 (Yoast SEO v27.4) - https://yoast.com/product/yoast-seo-premium-wordpress/ -->
<title>Vstupenka do muzeí Tiché noci » SalzburgerLand.com</title>
<meta name="robots" content="index, follow, max-snippet:-1, max-image-preview:large, max-video-preview:-1" />
<link rel="canonical" href="https://www.salzburgerland.com/cs/ticha-noc-vstupenky-do-muzei/" />
<meta property="og:locale" content="cs_CZ" />
<meta property="og:type" content="article" />
<meta property="og:title" content="Vstupenka do muzeí Tiché noci" />
<meta property="og:description" content="Vydejte se do muzea po stopách tvůrců Tiché noci! Svatá noc!&quot;, Josepha Mohra a Franze Xavera Grubera, a objevte vzrušující historii slavné vánoční koledy." />
<meta property="og:url" content="https://www.salzburgerland.com/cs/ticha-noc-vstupenky-do-muzei/" />
<meta property="og:site_name" content="SalzburgerLand.com" />
<meta property="article:publisher" content="https://www.facebook.com/visitsalzburgerland/" />
<meta property="article:modified_time" content="2022-11-16T19:16:13+00:00" />
<meta property="og:image" content="https://www.salzburgerland.com/cs/wp-content/uploads/2022/05/stille-nacht-museum-pflegerschlossl-bei-nacht--kulturverein-blaues-fenster-1200x675.jpg" />
	<meta property="og:image:width" content="1200" />
	<meta property="og:image:height" content="675" />
	<meta property="og:image:type" content="image/jpeg" />
<meta name="twitter:card" content="summary_large_image" />
<meta name="twitter:site" content="@salzburgerland" />
<meta name="twitter:label1" content="Odhadovaná doba čtení" />
	<meta name="twitter:data1" content="1 minuta" />
<script type="application/ld+json" class="yoast-schema-graph">{"@context":"https:\/\/schema.org","@graph":[{"@type":"WebPage","@id":"https:\/\/www.salzburgerland.com\/cs\/ticha-noc-vstupenky-do-muzei\/","url":"https:\/\/www.salzburgerland.com\/cs\/ticha-noc-vstupenky-do-muzei\/","name":"Vstupenka do muzeí Tiché noci » SalzburgerLand.com","isPartOf":{"@id":"https:\/\/www.salzburgerland.com\/cs\/#website"},"primaryImageOfPage":{"@id":"https:\/\/www.salzburgerland.com\/cs\/ticha-noc-vstupenky-do-muzei\/#primaryimage"},"image":{"@id":"https:\/\/www.salzburgerland.com\/cs\/ticha-noc-vstupenky-do-muzei\/#primaryimage"},"thumbnailUrl":"https:\/\/www.salzburgerland.com\/cs\/wp-content\/uploads\/2022\/05\/stille-nacht-museum-pflegerschlossl-bei-nacht--kulturverein-blaues-fenster.jpg","datePublished":"2022-11-11T13:10:02+00:00","dateModified":"2022-11-16T19:16:13+00:00","description":"Jedna vstupenka do pěti muzeí Tiché noci","inLanguage":"cs","potentialAction":[{"@type":"ReadAction","target":["https:\/\/www.salzburgerland.com\/cs\/ticha-noc-vstupenky-do-muzei\/"]}]},{"@type":"ImageObject","inLanguage":"cs","@id":"https:\/\/www.salzburgerland.com\/cs\/ticha-noc-vstupenky-do-muzei\/#primaryimage","url":"https:\/\/www.salzburgerland.com\/cs\/wp-content\/uploads\/2022\/05\/stille-nacht-museum-pflegerschlossl-bei-nacht--kulturverein-blaues-fenster.jpg","contentUrl":"https:\/\/www.salzburgerland.com\/cs\/wp-content\/uploads\/2022\/05\/stille-nacht-museum-pflegerschlossl-bei-nacht--kulturverein-blaues-fenster.jpg","width":1328,"height":747,"caption":"Muzeum Tiché noci ve Wagrainu © Kulturverein Blaues Fenster"},{"@type":"WebSite","@id":"https:\/\/www.salzburgerland.com\/cs\/#website","url":"https:\/\/www.salzburgerland.com\/cs\/","name":"SalzburgerLand.com","description":"Vaše dovolená v Salcburku, Rakousko","potentialAction":[{"@type":"SearchAction","target":{"@type":"EntryPoint","urlTemplate":"https:\/\/www.salzburgerland.com\/cs\/?s={search_term_string}"},"query-input":{"@type":"PropertyValueSpecification","valueRequired":true,"valueName":"search_term_string"}}],"inLanguage":"cs"}]}</script>
<meta property="og:video" content="https://www.youtube.com/embed/ElCSPRDdNVQ" />
<meta property="og:video:type" content="text/html" />
<meta property="og:video:duration" content="52" />
<meta property="og:video:width" content="480" />
<meta property="og:video:height" content="270" />
<meta property="ya:ovs:adult" content="false" />
<meta property="ya:ovs:upload_date" content="2022-11-11T13:10:02+00:00" />
<meta property="ya:ovs:allow_embed" content="true" />
<!-- / Yoast SEO Premium plugin. -->

Vstupenka do muzeí Tiché noci » SalzburgerLand.com

Vydejte se do muzea po stopách tvůrců Tiché noci! Svatá noc!", Josepha Mohra a Franze Xavera Grubera, a objevte vzrušující historii slavné vánoční koledy.

Jedna vstupenka do pěti muzeí Tiché noci

Muzeum Tiché noci ve Wagrainu © Kulturverein Blaues Fenster

Vaše dovolená v Salcburku, Rakousko
